{"id":1139,"date":"2020-07-22T12:46:40","date_gmt":"2020-07-22T12:46:40","guid":{"rendered":"https:\/\/saude.ufpr.br\/bdh\/?page_id=1139"},"modified":"2024-10-22T19:07:06","modified_gmt":"2024-10-22T19:07:06","slug":"unidades-basicas-de-saude","status":"publish","type":"page","link":"https:\/\/saude.ufpr.br\/bdh\/unidades-basicas-de-saude\/","title":{"rendered":"Unidades de Sa\u00fade"},"content":{"rendered":"<p>O BDH-UFPR tamb\u00e9m realiza a capta\u00e7\u00e3o de dentes humanos proveniente do atendimento odontol\u00f3gico das Unidades de Sa\u00fade (US) que comp\u00f5em os Distritos Sanit\u00e1rios Cajuru, Boa Vista e Bairro Novo al\u00e9m dos Centros de Especialidades Odontol\u00f3gicas Ros\u00e1rio e Sylvio Gevaerd.<\/p>\n<p>Todos os dentes doados a partir desta parceria s\u00e3o inclu\u00eddos na cole\u00e7\u00e3o de Dentes N\u00e3o Rastre\u00e1veis do BDH-UFPR, ou seja, s\u00e3o dentes armazenados sem a informa\u00e7\u00e3o espec\u00edfica de seu doador. Estes dentes ficam destinados somente para atividades pr\u00e1ticas de ensino no curso de Odontologia da UFPR, mediante termo de empr\u00e9stimo e devolu\u00e7\u00e3o dos dentes ao final das atividades. Dessa forma a unidade pode preencher um <a href=\"https:\/\/saude.ufpr.br\/bdh\/wp-content\/uploads\/sites\/49\/2024\/10\/Termo-de-Doacao-Unidade-de-Saude-2024.2.pdf\" target=\"_blank\" rel=\"noopener\">Termo de Doa\u00e7\u00e3o<\/a> \u00fanico, assinado pelo dentista respons\u00e1vel em cada uma unidades.<\/p>\n<p>O dentista respons\u00e1vel pela exodontia dever\u00e1 informar e perguntar ao paciente sobre a concord\u00e2ncia em doar o dente ao BDH-UFPR e registrar no prontu\u00e1rio eletr\u00f4nico. Ap\u00f3s a extra\u00e7\u00e3o o dentista dever\u00e1 lavar o dente de modo a remover qualquer secre\u00e7\u00e3o aderida ao mesmo antes de acondicion\u00e1-lo. Os dentes devem ficar armazenados em um recipiente fornecido pelo BDH-UFPR e contendo solu\u00e7\u00e3o de \u00e1cido perac\u00e9tico (0,03%) ou hipoclorito de s\u00f3dio (0,25%), conforme disponibilidade da unidade. A solu\u00e7\u00e3o deve ser trocada quinzenalmente e o recipiente mantido em temperatura ambiente afastado de fontes de calor.<\/p>\n<p>O transporte dos dentes extra\u00eddos e coletados fica sob responsabilidade do BDH-UFPR, sendo recomendado o contato da unidade com o BDH-UFPR assim que o recipiente atingir 3\/4 de sua capacidade ou conforme o roteiro de coleta que acontece a cada 3 meses.<\/p>\n<p>&nbsp;<\/p>\n","protected":false},"excerpt":{"rendered":"<p>O BDH-UFPR tamb\u00e9m realiza a capta\u00e7\u00e3o de dentes humanos proveniente do atendimento odontol\u00f3gico das Unidades de Sa\u00fade (US) que comp\u00f5em os Distritos Sanit\u00e1rios Cajuru, Boa Vista e Bairro Novo al\u00e9m dos Centros de Especialidades Odontol\u00f3gicas Ros\u00e1rio e Sylvio Gevaerd. Todos os dentes doados a partir desta parceria s\u00e3o inclu\u00eddos na cole\u00e7\u00e3o de Dentes N\u00e3o Rastre\u00e1veis<br \/> <a href=\"https:\/\/saude.ufpr.br\/bdh\/unidades-basicas-de-saude\/\" class=\"button success small readmore\">Leia mais<\/a><\/p>\n","protected":false},"author":15,"featured_media":0,"parent":0,"menu_order":0,"comment_status":"closed","ping_status":"closed","template":"","meta":{"_acf_changed":false,"_uag_custom_page_level_css":"","footnotes":""},"class_list":["post-1139","page","type-page","status-publish","hentry"],"acf":[],"featured_image_src":null,"uagb_featured_image_src":{"full":false,"thumbnail":false,"medium":false,"medium_large":false,"large":false,"1536x1536":false,"2048x2048":false,"noticias-thumb":false,"banners-thumb":false,"maisnoticias-thumb":false,"post-thumbnail":false},"uagb_author_info":{"display_name":"Andrea Jankoski","author_link":"https:\/\/saude.ufpr.br\/bdh\/author\/andrea\/"},"uagb_comment_info":0,"uagb_excerpt":"O BDH-UFPR tamb\u00e9m realiza a capta\u00e7\u00e3o de dentes humanos proveniente do atendimento odontol\u00f3gico das Unidades de Sa\u00fade (US) que comp\u00f5em os Distritos Sanit\u00e1rios Cajuru, Boa Vista e Bairro Novo al\u00e9m dos Centros de Especialidades Odontol\u00f3gicas Ros\u00e1rio e Sylvio Gevaerd. Todos os dentes doados a partir desta parceria s\u00e3o inclu\u00eddos na cole\u00e7\u00e3o de Dentes N\u00e3o Rastre\u00e1veis&hellip;","publishpress_future_action":{"enabled":false,"date":"2026-04-10 17:38:48","action":"change-status","newStatus":"draft","terms":[],"taxonomy":"","extraData":[]},"publishpress_future_workflow_manual_trigger":{"enabledWorkflows":[]},"_links":{"self":[{"href":"https:\/\/saude.ufpr.br\/bdh\/wp-json\/wp\/v2\/pages\/1139","targetHints":{"allow":["GET"]}}],"collection":[{"href":"https:\/\/saude.ufpr.br\/bdh\/wp-json\/wp\/v2\/pages"}],"about":[{"href":"https:\/\/saude.ufpr.br\/bdh\/wp-json\/wp\/v2\/types\/page"}],"author":[{"embeddable":true,"href":"https:\/\/saude.ufpr.br\/bdh\/wp-json\/wp\/v2\/users\/15"}],"replies":[{"embeddable":true,"href":"https:\/\/saude.ufpr.br\/bdh\/wp-json\/wp\/v2\/comments?post=1139"}],"version-history":[{"count":14,"href":"https:\/\/saude.ufpr.br\/bdh\/wp-json\/wp\/v2\/pages\/1139\/revisions"}],"predecessor-version":[{"id":2033,"href":"https:\/\/saude.ufpr.br\/bdh\/wp-json\/wp\/v2\/pages\/1139\/revisions\/2033"}],"wp:attachment":[{"href":"https:\/\/saude.ufpr.br\/bdh\/wp-json\/wp\/v2\/media?parent=1139"}],"curies":[{"name":"wp","href":"https:\/\/api.w.org\/{rel}","templated":true}]}}