{"id":1141,"date":"2020-07-22T12:46:52","date_gmt":"2020-07-22T12:46:52","guid":{"rendered":"https:\/\/saude.ufpr.br\/bdh\/?page_id=1141"},"modified":"2023-03-14T12:28:16","modified_gmt":"2023-03-14T12:28:16","slug":"clinicas-odontologicas","status":"publish","type":"page","link":"https:\/\/saude.ufpr.br\/bdh\/clinicas-odontologicas\/","title":{"rendered":"Cl\u00ednicas Odontol\u00f3gicas"},"content":{"rendered":"<p>Assim como ocorre em unidades b\u00e1sicas de sa\u00fade e clinicas do pr\u00f3prio curso de Odontologia da Universidade Federal do Paran\u00e1, a capta\u00e7\u00e3o de dentes tamb\u00e9m ocorre atrav\u00e9s de parcerias com cl\u00ednicas particulares da regi\u00e3o de Curitiba. Qualquer pessoa ou profissional de odontologia pode doar para o BDH-UFPR. O dente pode ser dec\u00edduo (de leite) ou permanente, seja sadio, cariado, restaurado ou amarelado.<\/p>\n<p>Segue abaixo o protocolo de armazenamento caso o(a) profissional queira guardar esses dentes para posterior doa\u00e7\u00e3o ao BDH-UFPR:<\/p>\n<p><strong>1)<\/strong> Lavar os dentes em \u00e1gua corrente, para remover qualquer secre\u00e7\u00e3o aderida<br \/>\n<strong>2)<\/strong> Acondicionar os dentes em um recipiente com tampa contendo solu\u00e7\u00e3o de hipoclorito de s\u00f3dio a 0,25% (Solu\u00e7\u00e3o de Milton ou Alvejante de Limpeza dilu\u00eddo).<br \/>\n<strong>3)<\/strong> As solu\u00e7\u00f5es devem ser trocadas quinzenalmente, mantendo a temperatura ambiente e afastado de fontes de calor.<br \/>\n<strong>4)<\/strong> Preencha \u00be do recipiente com dentes e entre em contato pelo e-mail <span style=\"color: #993300\"><strong>biobancodentes@ufpr.br<\/strong><\/span> para agendar a entrega.<br \/>\n<strong>5)<\/strong> No ato da entrega, o profissional ou respons\u00e1vel preencher\u00e1 e assinar\u00e1 um <a href=\"https:\/\/saude.ufpr.br\/bdh\/wp-content\/uploads\/sites\/49\/2021\/01\/Termo-Doacao_Dentista_rev2020.pdf\" target=\"_blank\" rel=\"noopener\">Termo de Doa\u00e7\u00e3o de Dentes Humanos<\/a>, cedendo os dentes coletados ao BDH.<\/p>\n<p><img fetchpriority=\"high\" decoding=\"async\" class=\"aligncenter wp-image-1505 size-full\" src=\"https:\/\/saude.ufpr.br\/bdh\/wp-content\/uploads\/sites\/49\/2020\/12\/armazenamento_dentes_clinicas-scaled.jpg\" alt=\"\" width=\"2560\" height=\"416\" srcset=\"https:\/\/saude.ufpr.br\/bdh\/wp-content\/uploads\/sites\/49\/2020\/12\/armazenamento_dentes_clinicas-scaled.jpg 2560w, https:\/\/saude.ufpr.br\/bdh\/wp-content\/uploads\/sites\/49\/2020\/12\/armazenamento_dentes_clinicas-300x49.jpg 300w, https:\/\/saude.ufpr.br\/bdh\/wp-content\/uploads\/sites\/49\/2020\/12\/armazenamento_dentes_clinicas-1024x166.jpg 1024w, https:\/\/saude.ufpr.br\/bdh\/wp-content\/uploads\/sites\/49\/2020\/12\/armazenamento_dentes_clinicas-768x125.jpg 768w, https:\/\/saude.ufpr.br\/bdh\/wp-content\/uploads\/sites\/49\/2020\/12\/armazenamento_dentes_clinicas-1536x250.jpg 1536w, https:\/\/saude.ufpr.br\/bdh\/wp-content\/uploads\/sites\/49\/2020\/12\/armazenamento_dentes_clinicas-2048x333.jpg 2048w\" sizes=\"(max-width: 2560px) 100vw, 2560px\" \/><\/p>\n","protected":false},"excerpt":{"rendered":"<p>Assim como ocorre em unidades b\u00e1sicas de sa\u00fade e clinicas do pr\u00f3prio curso de Odontologia da Universidade Federal do Paran\u00e1, a capta\u00e7\u00e3o de dentes tamb\u00e9m ocorre atrav\u00e9s de parcerias com cl\u00ednicas particulares da regi\u00e3o de Curitiba. Qualquer pessoa ou profissional de odontologia pode doar para o BDH-UFPR. O dente pode ser dec\u00edduo (de leite) ou<br \/> <a href=\"https:\/\/saude.ufpr.br\/bdh\/clinicas-odontologicas\/\" class=\"button success small readmore\">Leia mais<\/a><\/p>\n","protected":false},"author":15,"featured_media":0,"parent":0,"menu_order":0,"comment_status":"closed","ping_status":"closed","template":"","meta":{"_acf_changed":false,"_uag_custom_page_level_css":"","footnotes":""},"class_list":["post-1141","page","type-page","status-publish","hentry"],"acf":[],"featured_image_src":null,"uagb_featured_image_src":{"full":false,"thumbnail":false,"medium":false,"medium_large":false,"large":false,"1536x1536":false,"2048x2048":false,"noticias-thumb":false,"banners-thumb":false,"maisnoticias-thumb":false,"post-thumbnail":false},"uagb_author_info":{"display_name":"Andrea Jankoski","author_link":"https:\/\/saude.ufpr.br\/bdh\/author\/andrea\/"},"uagb_comment_info":0,"uagb_excerpt":"Assim como ocorre em unidades b\u00e1sicas de sa\u00fade e clinicas do pr\u00f3prio curso de Odontologia da Universidade Federal do Paran\u00e1, a capta\u00e7\u00e3o de dentes tamb\u00e9m ocorre atrav\u00e9s de parcerias com cl\u00ednicas particulares da regi\u00e3o de Curitiba. Qualquer pessoa ou profissional de odontologia pode doar para o BDH-UFPR. O dente pode ser dec\u00edduo (de leite) ou&hellip;","publishpress_future_action":{"enabled":false,"date":"2026-05-02 14:26:21","action":"change-status","newStatus":"draft","terms":[],"taxonomy":"","extraData":[]},"publishpress_future_workflow_manual_trigger":{"enabledWorkflows":[]},"_links":{"self":[{"href":"https:\/\/saude.ufpr.br\/bdh\/wp-json\/wp\/v2\/pages\/1141","targetHints":{"allow":["GET"]}}],"collection":[{"href":"https:\/\/saude.ufpr.br\/bdh\/wp-json\/wp\/v2\/pages"}],"about":[{"href":"https:\/\/saude.ufpr.br\/bdh\/wp-json\/wp\/v2\/types\/page"}],"author":[{"embeddable":true,"href":"https:\/\/saude.ufpr.br\/bdh\/wp-json\/wp\/v2\/users\/15"}],"replies":[{"embeddable":true,"href":"https:\/\/saude.ufpr.br\/bdh\/wp-json\/wp\/v2\/comments?post=1141"}],"version-history":[{"count":12,"href":"https:\/\/saude.ufpr.br\/bdh\/wp-json\/wp\/v2\/pages\/1141\/revisions"}],"predecessor-version":[{"id":1925,"href":"https:\/\/saude.ufpr.br\/bdh\/wp-json\/wp\/v2\/pages\/1141\/revisions\/1925"}],"wp:attachment":[{"href":"https:\/\/saude.ufpr.br\/bdh\/wp-json\/wp\/v2\/media?parent=1141"}],"curies":[{"name":"wp","href":"https:\/\/api.w.org\/{rel}","templated":true}]}}