{"id":1169,"date":"2020-07-22T12:49:14","date_gmt":"2020-07-22T12:49:14","guid":{"rendered":"https:\/\/saude.ufpr.br\/bdh\/?page_id=1169"},"modified":"2021-03-15T11:59:34","modified_gmt":"2021-03-15T11:59:34","slug":"regimento-interno","status":"publish","type":"page","link":"https:\/\/saude.ufpr.br\/bdh\/regimento-interno\/","title":{"rendered":"Regimento Interno"},"content":{"rendered":"<h5><span style=\"color: #ff0000\">[P\u00c1GINA EM CONSTRU\u00c7\u00c3O]<\/span><\/h5>\n","protected":false},"excerpt":{"rendered":"<p>[P\u00c1GINA EM CONSTRU\u00c7\u00c3O]<\/p>\n","protected":false},"author":15,"featured_media":0,"parent":0,"menu_order":0,"comment_status":"closed","ping_status":"closed","template":"","meta":{"footnotes":""},"class_list":["post-1169","page","type-page","status-publish","hentry"],"_links":{"self":[{"href":"https:\/\/saude.ufpr.br\/bdh\/wp-json\/wp\/v2\/pages\/1169","targetHints":{"allow":["GET"]}}],"collection":[{"href":"https:\/\/saude.ufpr.br\/bdh\/wp-json\/wp\/v2\/pages"}],"about":[{"href":"https:\/\/saude.ufpr.br\/bdh\/wp-json\/wp\/v2\/types\/page"}],"author":[{"embeddable":true,"href":"https:\/\/saude.ufpr.br\/bdh\/wp-json\/wp\/v2\/users\/15"}],"replies":[{"embeddable":true,"href":"https:\/\/saude.ufpr.br\/bdh\/wp-json\/wp\/v2\/comments?post=1169"}],"version-history":[{"count":2,"href":"https:\/\/saude.ufpr.br\/bdh\/wp-json\/wp\/v2\/pages\/1169\/revisions"}],"predecessor-version":[{"id":1693,"href":"https:\/\/saude.ufpr.br\/bdh\/wp-json\/wp\/v2\/pages\/1169\/revisions\/1693"}],"wp:attachment":[{"href":"https:\/\/saude.ufpr.br\/bdh\/wp-json\/wp\/v2\/media?parent=1169"}],"curies":[{"name":"wp","href":"https:\/\/api.w.org\/{rel}","templated":true}]}}

<h5><span style="color: #ff0000">[PÁGINA EM CONSTRUÇÃO]</span></h5>

<p>[PÁGINA EM CONSTRUÇÃO]</p>
