{"id":1177,"date":"2020-07-22T12:52:14","date_gmt":"2020-07-22T12:52:14","guid":{"rendered":"https:\/\/saude.ufpr.br\/bdh\/?page_id=1177"},"modified":"2022-06-15T11:53:38","modified_gmt":"2022-06-15T11:53:38","slug":"contato-2","status":"publish","type":"page","link":"https:\/\/saude.ufpr.br\/bdh\/contato-2\/","title":{"rendered":"Contato"},"content":{"rendered":"<h4 style=\"text-align: left\"><strong>E-mail: <\/strong><span style=\"color: #800000\">biobancodentes@ufpr.br<\/span><\/h4>\n<p><strong>Telefone:<\/strong> <span style=\"color: #993366\">(41) 3360-4155<\/span><\/p>\n<p><strong>Hor\u00e1rio de atendimento<\/strong><b><br \/>\n<\/b>Segunda a sexta-feira, das 8h \u00e0s 17h.<\/p>\n<h5 style=\"padding-left: 0px;text-align: left\"><strong>Localiza\u00e7\u00e3o<\/strong><\/h5>\n<p style=\"padding-left: 0px;text-align: left\">Estamos localizados no bloco de Cl\u00ednicas da Odontologia ao final do corredor a esquerda, no Campus Jardim Bot\u00e2nico. Av. Prefeito Loth\u00e1rio Meissner, 632 &#8211; Jardim Bot\u00e2nico, Curitiba &#8211; PR, CEP: 80210-170<\/p>\n<p style=\"padding-left: 0px;text-align: center\"><img fetchpriority=\"high\" decoding=\"async\" class=\"alignnone wp-image-1369\" src=\"https:\/\/saude.ufpr.br\/bdh\/wp-content\/uploads\/sites\/49\/2020\/11\/localizacao_bdh-300x144.jpg\" alt=\"\" width=\"700\" height=\"335\" srcset=\"https:\/\/saude.ufpr.br\/bdh\/wp-content\/uploads\/sites\/49\/2020\/11\/localizacao_bdh-300x144.jpg 300w, https:\/\/saude.ufpr.br\/bdh\/wp-content\/uploads\/sites\/49\/2020\/11\/localizacao_bdh-1024x490.jpg 1024w, https:\/\/saude.ufpr.br\/bdh\/wp-content\/uploads\/sites\/49\/2020\/11\/localizacao_bdh-768x367.jpg 768w, https:\/\/saude.ufpr.br\/bdh\/wp-content\/uploads\/sites\/49\/2020\/11\/localizacao_bdh-1536x735.jpg 1536w, https:\/\/saude.ufpr.br\/bdh\/wp-content\/uploads\/sites\/49\/2020\/11\/localizacao_bdh.jpg 1854w\" sizes=\"(max-width: 700px) 100vw, 700px\" \/><\/p>\n<p>&nbsp;<\/p>\n<p style=\"padding-left: 0px;text-align: center\"><a href=\"https:\/\/goo.gl\/maps\/Uiug2ACYZXsuicVe9\"><img decoding=\"async\" class=\"alignnone size-medium wp-image-1406\" src=\"https:\/\/saude.ufpr.br\/bdh\/wp-content\/uploads\/sites\/49\/2020\/11\/mapa_gogole_bdh-300x276.png\" alt=\"\" width=\"300\" height=\"276\" srcset=\"https:\/\/saude.ufpr.br\/bdh\/wp-content\/uploads\/sites\/49\/2020\/11\/mapa_gogole_bdh-300x276.png 300w, https:\/\/saude.ufpr.br\/bdh\/wp-content\/uploads\/sites\/49\/2020\/11\/mapa_gogole_bdh.png 529w\" sizes=\"(max-width: 300px) 100vw, 300px\" \/><\/a><\/p>\n","protected":false},"excerpt":{"rendered":"<p>E-mail: biobancodentes@ufpr.br Telefone: (41) 3360-4155 Hor\u00e1rio de atendimento Segunda a sexta-feira, das 8h \u00e0s 17h. Localiza\u00e7\u00e3o Estamos localizados no bloco de Cl\u00ednicas da Odontologia ao final do corredor a esquerda, no Campus Jardim Bot\u00e2nico. Av. Prefeito Loth\u00e1rio Meissner, 632 &#8211; Jardim Bot\u00e2nico, Curitiba &#8211; PR, CEP: 80210-170 &nbsp;<\/p>\n","protected":false},"author":15,"featured_media":0,"parent":0,"menu_order":0,"comment_status":"closed","ping_status":"closed","template":"","meta":{"_acf_changed":false,"_uag_custom_page_level_css":"","footnotes":""},"class_list":["post-1177","page","type-page","status-publish","hentry"],"acf":[],"featured_image_src":null,"uagb_featured_image_src":{"full":false,"thumbnail":false,"medium":false,"medium_large":false,"large":false,"1536x1536":false,"2048x2048":false,"noticias-thumb":false,"banners-thumb":false,"maisnoticias-thumb":false,"post-thumbnail":false},"uagb_author_info":{"display_name":"Andrea Jankoski","author_link":"https:\/\/saude.ufpr.br\/bdh\/author\/andrea\/"},"uagb_comment_info":0,"uagb_excerpt":"E-mail: biobancodentes@ufpr.br Telefone: (41) 3360-4155 Hor\u00e1rio de atendimento Segunda a sexta-feira, das 8h \u00e0s 17h. Localiza\u00e7\u00e3o Estamos localizados no bloco de Cl\u00ednicas da Odontologia ao final do corredor a esquerda, no Campus Jardim Bot\u00e2nico. Av. Prefeito Loth\u00e1rio Meissner, 632 &#8211; Jardim Bot\u00e2nico, Curitiba &#8211; PR, CEP: 80210-170 &nbsp;","publishpress_future_action":{"enabled":false,"date":"2026-05-02 14:26:20","action":"change-status","newStatus":"draft","terms":[],"taxonomy":"","extraData":[]},"publishpress_future_workflow_manual_trigger":{"enabledWorkflows":[]},"_links":{"self":[{"href":"https:\/\/saude.ufpr.br\/bdh\/wp-json\/wp\/v2\/pages\/1177","targetHints":{"allow":["GET"]}}],"collection":[{"href":"https:\/\/saude.ufpr.br\/bdh\/wp-json\/wp\/v2\/pages"}],"about":[{"href":"https:\/\/saude.ufpr.br\/bdh\/wp-json\/wp\/v2\/types\/page"}],"author":[{"embeddable":true,"href":"https:\/\/saude.ufpr.br\/bdh\/wp-json\/wp\/v2\/users\/15"}],"replies":[{"embeddable":true,"href":"https:\/\/saude.ufpr.br\/bdh\/wp-json\/wp\/v2\/comments?post=1177"}],"version-history":[{"count":42,"href":"https:\/\/saude.ufpr.br\/bdh\/wp-json\/wp\/v2\/pages\/1177\/revisions"}],"predecessor-version":[{"id":1841,"href":"https:\/\/saude.ufpr.br\/bdh\/wp-json\/wp\/v2\/pages\/1177\/revisions\/1841"}],"wp:attachment":[{"href":"https:\/\/saude.ufpr.br\/bdh\/wp-json\/wp\/v2\/media?parent=1177"}],"curies":[{"name":"wp","href":"https:\/\/api.w.org\/{rel}","templated":true}]}}