{"id":12,"date":"2017-01-31T11:13:12","date_gmt":"2017-01-31T11:13:12","guid":{"rendered":"https:\/\/saude.ufpr.br\/ccio\/?page_id=12"},"modified":"2023-06-01T11:57:44","modified_gmt":"2023-06-01T14:57:44","slug":"legislacao","status":"publish","type":"page","link":"https:\/\/saude.ufpr.br\/ccio\/legislacao\/","title":{"rendered":"Legisla\u00e7\u00e3o"},"content":{"rendered":"<p>&nbsp;<\/p>\n<p>&nbsp;<\/p>\n<p>Roteiro de Inspe\u00e7\u00e3o para Estabelecimentos de Odontologia (anexo I), Crit\u00e9rios e Instru\u00e7\u00f5es para o Preenchimento do Roteiro de Inspe\u00e7\u00e3o em Estabelecimentos de Odontologia (anexo II)<\/p>\n<p>SESA &#8211; Secretaria de Estado da Sa\u00fade do Paran\u00e1. Resolu\u00e7\u00e3o n.414\/2001 de 09 de novembro de 2001.<\/p>\n<p><a href=\"https:\/\/www.saude.pr.gov.br\/Pagina\/Lesgilacao-Sanitaria-de-Servicos\">https:\/\/www.saude.pr.gov.br\/Pagina\/Lesgilacao-Sanitaria-de-Servicos<\/a><\/p>\n<p>&nbsp;<\/p>\n<p>&nbsp;<\/p>\n<p>&#8211; C\u00f3digo de Sa\u00fade do Paran\u00e1. Estabelecimentos prestadores de servi\u00e7os de sa\u00fade.<\/p>\n<p>SESA &#8211; Secretaria de Estado da Sa\u00fade do Paran\u00e1. Lei n. 13.331, de 23 de novembro de 2001, regulamentada pelo Decreto n. 5711, de 05 de maio de 2002. Curitiba, 2002.<\/p>\n<p><a href=\"https:\/\/www.crefito8.gov.br\/legislacao\/diversos\/codigo_sanitario_estadual.pdf\">https:\/\/www.crefito8.gov.br\/legislacao\/diversos\/codigo_sanitario_estadual.pdf<\/a><\/p>\n<p>&nbsp;<\/p>\n<p>&nbsp;<\/p>\n<p>&#8211; Condi\u00e7\u00f5es para instala\u00e7\u00e3o e funcionamento de Estabelecimentos de Assist\u00eancia Odontol\u00f3gica, e d\u00e1 provid\u00eancias correlatas.<\/p>\n<p>SESA &#8211; Secretaria de Estado da Sa\u00fade do Paran\u00e1. Resolu\u00e7\u00e3o n. 496\/2005<\/p>\n<p><a href=\"https:\/\/www.saude.pr.gov.br\/Pagina\/Lesgilacao-Sanitaria-de-Servicos\">https:\/\/www.saude.pr.gov.br\/Pagina\/Lesgilacao-Sanitaria-de-Servicos<\/a><\/p>\n<p>&nbsp;<\/p>\n<p>&nbsp;<\/p>\n<p>&#8211; Orienta\u00e7\u00f5es Gerais para Consult\u00f3rios e Cl\u00ednicas Odontol\u00f3gicas.<\/p>\n<p>PMC \u2013 Prefeitura Municipal de Curitiba.<\/p>\n<p><a href=\"https:\/\/saude.curitiba.pr.gov.br\/12-vigilancia\/68-orientacoes-gerais-para-consultorios-e-clinicas-odontologicas.html\">https:\/\/saude.curitiba.pr.gov.br\/12-vigilancia\/68-orientacoes-gerais-para-consultorios-e-clinicas-odontologicas.html<\/a><\/p>\n<p>&nbsp;<\/p>\n<p>&nbsp;<\/p>\n<p>&#8211; Regulamento T\u00e9cnico para planejamento, programa\u00e7\u00e3o, elabora\u00e7\u00e3o e avalia\u00e7\u00e3o de projetos f\u00edsicos de estabelecimentos assistenciais de sa\u00fade.<\/p>\n<p>ANVISA \u2013 Ag\u00eancia Nacional de Vigil\u00e2ncia Sanit\u00e1ria. Resolu\u00e7\u00e3o da Diretoria Colegiada &#8211; RDC n. 50, de 21 de fevereiro de 2002. Incluso altera\u00e7\u00f5es da RDC n. 307 de 14\/11\/2002 e RDC n. 189 de 18\/07\/2003<\/p>\n<p><a href=\"https:\/\/bvsms.saude.gov.br\/bvs\/saudelegis\/anvisa\/2002\/rdc0307_14_11_2002.html\">https:\/\/bvsms.saude.gov.br\/bvs\/saudelegis\/anvisa\/2002\/rdc0307_14_11_2002.html<\/a><\/p>\n<p>&nbsp;<\/p>\n<p>&nbsp;<\/p>\n<p>&#8211; Regulamento T\u00e9cnico para o gerenciamento de res\u00edduos de servi\u00e7os de sa\u00fade.<\/p>\n<p>ANVISA \u2013 Ag\u00eancia nacional de Vigil\u00e2ncia Sanit\u00e1ria. Resolu\u00e7\u00e3o da Diretoria Colegiada &#8211; RDC n. 222, de 28 de mar\u00e7o de 2018.<\/p>\n<p><a href=\"https:\/\/bvsms.saude.gov.br\/bvs\/saudelegis\/anvisa\/2018\/rdc0222_28_03_2018.pdf\">https:\/\/bvsms.saude.gov.br\/bvs\/saudelegis\/anvisa\/2018\/rdc0222_28_03_2018.pdf<\/a><\/p>\n<p>&nbsp;<\/p>\n<p>&#8211; Seguran\u00e7a e Sa\u00fade no Trabalho em Estabelecimentos de Sa\u00fade.<\/p>\n<p>MTE \u2013 Minist\u00e9rio do Trabalho e Emprego. Portaria n. 485 \u2013 Norma regulamentadora n. 32, de 11 de novembro de 2005.<\/p>\n<p><a href=\"https:\/\/www.gov.br\/trabalho-e-previdencia\/pt-br\/acesso-a-informacao\/participacao-social\/conselhos-e-orgaos-colegiados\/ctpp\/arquivos\/normas-regulamentadoras\/nr-32.pdf\">https:\/\/www.gov.br\/trabalho-e-previdencia\/pt-br\/acesso-a-informacao\/participacao-social\/conselhos-e-orgaos-colegiados\/ctpp\/arquivos\/normas-regulamentadoras\/nr-32.pdf<\/a><\/p>\n<p>&nbsp;<\/p>\n<p>&nbsp;<\/p>\n","protected":false},"excerpt":{"rendered":"<p>&nbsp; &nbsp; Roteiro de Inspe\u00e7\u00e3o para Estabelecimentos de Odontologia (anexo I), Crit\u00e9rios e Instru\u00e7\u00f5es para o Preenchimento do Roteiro de Inspe\u00e7\u00e3o em Estabelecimentos de Odontologia (anexo II) SESA &#8211; Secretaria de Estado da Sa\u00fade do Paran\u00e1. Resolu\u00e7\u00e3o n.414\/2001 de 09 [&hellip;]<\/p>\n","protected":false},"author":14,"featured_media":0,"parent":0,"menu_order":0,"comment_status":"closed","ping_status":"closed","template":"","meta":{"_acf_changed":false,"_uag_custom_page_level_css":"","footnotes":""},"class_list":["post-12","page","type-page","status-publish","hentry"],"acf":[],"featured_image_src":null,"uagb_featured_image_src":{"full":false,"thumbnail":false,"medium":false,"medium_large":false,"large":false,"1536x1536":false,"2048x2048":false},"uagb_author_info":{"display_name":"ullisses","author_link":"https:\/\/saude.ufpr.br\/ccio\/author\/ullisses\/"},"uagb_comment_info":0,"uagb_excerpt":"&nbsp; &nbsp; Roteiro de Inspe\u00e7\u00e3o para Estabelecimentos de Odontologia (anexo I), Crit\u00e9rios e Instru\u00e7\u00f5es para o Preenchimento do Roteiro de Inspe\u00e7\u00e3o em Estabelecimentos de Odontologia (anexo II) SESA &#8211; Secretaria de Estado da Sa\u00fade do Paran\u00e1. Resolu\u00e7\u00e3o n.414\/2001 de 09 [&hellip;]","publishpress_future_action":{"enabled":false,"date":"2026-04-11 05:31:17","action":"change-status","newStatus":"draft","terms":[],"taxonomy":"","extraData":[]},"publishpress_future_workflow_manual_trigger":{"enabledWorkflows":[]},"_links":{"self":[{"href":"https:\/\/saude.ufpr.br\/ccio\/wp-json\/wp\/v2\/pages\/12","targetHints":{"allow":["GET"]}}],"collection":[{"href":"https:\/\/saude.ufpr.br\/ccio\/wp-json\/wp\/v2\/pages"}],"about":[{"href":"https:\/\/saude.ufpr.br\/ccio\/wp-json\/wp\/v2\/types\/page"}],"author":[{"embeddable":true,"href":"https:\/\/saude.ufpr.br\/ccio\/wp-json\/wp\/v2\/users\/14"}],"replies":[{"embeddable":true,"href":"https:\/\/saude.ufpr.br\/ccio\/wp-json\/wp\/v2\/comments?post=12"}],"version-history":[{"count":8,"href":"https:\/\/saude.ufpr.br\/ccio\/wp-json\/wp\/v2\/pages\/12\/revisions"}],"predecessor-version":[{"id":447,"href":"https:\/\/saude.ufpr.br\/ccio\/wp-json\/wp\/v2\/pages\/12\/revisions\/447"}],"wp:attachment":[{"href":"https:\/\/saude.ufpr.br\/ccio\/wp-json\/wp\/v2\/media?parent=12"}],"curies":[{"name":"wp","href":"https:\/\/api.w.org\/{rel}","templated":true}]}}