{"id":14,"date":"2017-01-31T11:13:37","date_gmt":"2017-01-31T11:13:37","guid":{"rendered":"https:\/\/saude.ufpr.br\/ccio\/?page_id=14"},"modified":"2023-06-22T12:22:58","modified_gmt":"2023-06-22T15:22:58","slug":"diretrizes","status":"publish","type":"page","link":"https:\/\/saude.ufpr.br\/ccio\/diretrizes\/","title":{"rendered":"Diretrizes, guias e manuais"},"content":{"rendered":"<ul>\n<li>Protocolo Cl\u00ednico e Diretrizes Terap\u00eauticas para Profilaxia P\u00f3s-Exposi\u00e7\u00e3o (PEP) de Risco \u00e0 Infec\u00e7\u00e3o pelo HIV, IST e Hepatites Virais. Brasil. Minist\u00e9rio da Sa\u00fade. Secretaria de Vigil\u00e2ncia em Sa\u00fade. Departamento de DST, Aids e Hepatites Virais. Bras\u00edlia: \u00a0Minist\u00e9rio da Sa\u00fade, 2021. <a href=\"https:\/\/bvsms.saude.gov.br\/bvs\/publicacoes\/protocolo_clinico_diretrizes_terapeuticas_profilaxia_pos_exposicao_risco_infeccao_hiv_ist_hepatires_virais_2021.pdf\">https:\/\/bvsms.saude.gov.br\/bvs\/publicacoes\/protocolo_clinico_diretrizes_terapeuticas_profilaxia_pos_exposicao_risco_infeccao_hiv_ist_hepatires_virais_2021.pdf<\/a><\/li>\n<\/ul>\n<p>&nbsp;<\/p>\n<ul>\n<li>Protocolo Cl\u00ednico e Diretrizes Terap\u00eauticas para Profilaxia Pr\u00e9-Exposi\u00e7\u00e3o (PrEP) de Risco \u00e0 Infec\u00e7\u00e3o pelo HIV.\u00a0 Brasil. Minist\u00e9rio da Sa\u00fade. Secretaria de Ci\u00eancia, Tecnologia, Inova\u00e7\u00e3o e Insumos Estrat\u00e9gicos em Sa\u00fade. Secretaria de Vigil\u00e2ncia em Sa\u00fade. Bras\u00edlia: Minist\u00e9rio da Sa\u00fade, 2022.<a href=\"https:\/\/bvsms.saude.gov.br\/bvs\/publicacoes\/protocolo_clinico_profilaxia_prep.pdf\"> https:\/\/bvsms.saude.gov.br\/bvs\/publicacoes\/protocolo_clinico_profilaxia_prep.pdf<\/a><\/li>\n<\/ul>\n<p>&nbsp;<\/p>\n<ul>\n<li>Protocolo Cl\u00ednico e Diretrizes Terap\u00eauticas para Manejo da Infec\u00e7\u00e3o pelo HIV em Adultos. Brasil. Minist\u00e9rio da Sa\u00fade. Secretaria de Vigil\u00e2ncia em Sa\u00fade. Departamento de Vigil\u00e2ncia, Preven\u00e7\u00e3o e Controle das Infec\u00e7\u00f5es Sexualmente Transmiss\u00edveis, do HIV\/Aids e das Hepatites Virais. Bras\u00edlia: Minist\u00e9rio da Sa\u00fade, 2018. <a href=\"http:\/\/nhe.fmrp.usp.br\/wp-content\/uploads\/2019\/08\/2018-PCDT-MANEJO-DA-INFECCAO-PELO-HIV-EM-ADULTOS.pdf\">http:\/\/nhe.fmrp.usp.br\/wp-content\/uploads\/2019\/08\/2018-PCDT-MANEJO-DA-INFECCAO-PELO-HIV-EM-ADULTOS.pdf<\/a><\/li>\n<\/ul>\n<p>&nbsp;<\/p>\n<ul>\n<li>Servi\u00e7os Odontol\u00f3gicos: Preven\u00e7\u00e3o e Controle de Riscos. Minist\u00e9rio da Sa\u00fade. ANVISA \u2013 Ag\u00eancia Nacional de Vigil\u00e2ncia Sanit\u00e1ria. Bras\u00edlia, 2006. <a href=\"http:\/\/www.soergs.org.br\/textos\/biosseguranca-odontologia.pdf\">http:\/\/www.soergs.org.br\/textos\/biosseguranca-odontologia.pdf<\/a><\/li>\n<\/ul>\n<p>&nbsp;<\/p>\n<ul>\n<li>Manual A B C D E das Hepatites Virais para Cirurgi\u00f5es Dentistas. Minist\u00e9rio da Sa\u00fade. Secretaria de Vigil\u00e2ncia em Sa\u00fade. Departamento de DST, AIDS e Hepatites Virais. Bras\u00edlia, 2010. <a href=\"https:\/\/www.cristofoli.com\/biosseguranca\/wp-content\/uploads\/2018\/01\/guia-hepatites-para-odontologia-2010.pdf\">https:\/\/www.cristofoli.com\/biosseguranca\/wp-content\/uploads\/2018\/01\/guia-hepatites-para-odontologia-2010.pdf<\/a><\/li>\n<\/ul>\n<p>&nbsp;<\/p>\n<ul>\n<li>Procedimentos operacionais padr\u00e3o. Controle de Infec\u00e7\u00e3o e Biosseguran\u00e7a. CRO &#8211; Conselho Regional de Odontologia \u2013 Se\u00e7\u00e3o Paran\u00e1. Curitiba, 2012. <a href=\"http:\/\/www.cropr.org.br\/uploads\/arquivo\/42cd1c7049af88dca8f9135d8c04b274.pdf\">http:\/\/www.cropr.org.br\/uploads\/arquivo\/42cd1c7049af88dca8f9135d8c04b274.pdf<\/a><\/li>\n<\/ul>\n<p>&nbsp;<\/p>\n<ul>\n<li>Recommendations from the Guidelines for Infection Control in Dental Health-Care Settings.CDC. Centers for disease Control and prevention, 2003. <a href=\"https:\/\/www.cdc.gov\/oralhealth\/infectioncontrol\/pdf\/recommendations-excerpt.pdf\">https:\/\/www.cdc.gov\/oralhealth\/infectioncontrol\/pdf\/recommendations-excerpt.pdf<\/a><\/li>\n<\/ul>\n<p>&nbsp;<\/p>\n<ul>\n<li>Summary of Infection Prevention Practices in Dental Settings: Basic Expectations for Safe Care. CDC. Centers for Disease Control and Prevention. Atlanta, GA: US Department of Health and Human Services, Centers for Disease Control and Prevention, National Center for Chronic Disease Prevention and Health Promotion, Division of Oral Health. March 2016. <a href=\"https:\/\/www.cdc.gov\/oralhealth\/infectioncontrol\/pdf\/safe-care2.pdf\">https:\/\/www.cdc.gov\/oralhealth\/infectioncontrol\/pdf\/safe-care2.pdf<\/a><\/li>\n<\/ul>\n<p>&nbsp;<\/p>\n<ul>\n<li>Manual de boas pr\u00e1ticas em biosseguran\u00e7a para servi\u00e7os odontol\u00f3gicos. Conselho Federal de Odontologia, 2020. <a href=\"https:\/\/website.cfo.org.br\/wp-content\/uploads\/2020\/04\/cfo-lanc%CC%A7a-Manual-de-Boas-Pra%CC%81ticas-em-Biosseguranc%CC%A7a-para-Ambientes-Odontologicos.pdf\">https:\/\/website.cfo.org.br\/wp-content\/uploads\/2020\/04\/cfo-lanc%CC%A7a-Manual-de-Boas-Pra%CC%81ticas-em-Biosseguranc%CC%A7a-para-Ambientes-Odontologicos.pdf<\/a><\/li>\n<\/ul>\n","protected":false},"excerpt":{"rendered":"<p>Protocolo Cl\u00ednico e Diretrizes Terap\u00eauticas para Profilaxia P\u00f3s-Exposi\u00e7\u00e3o (PEP) de Risco \u00e0 Infec\u00e7\u00e3o pelo HIV, IST e Hepatites Virais. Brasil. Minist\u00e9rio da Sa\u00fade. Secretaria de Vigil\u00e2ncia em Sa\u00fade. Departamento de DST, Aids e Hepatites Virais. Bras\u00edlia: \u00a0Minist\u00e9rio da Sa\u00fade, 2021. [&hellip;]<\/p>\n","protected":false},"author":14,"featured_media":0,"parent":0,"menu_order":0,"comment_status":"closed","ping_status":"closed","template":"","meta":{"_acf_changed":false,"_uag_custom_page_level_css":"","footnotes":""},"class_list":["post-14","page","type-page","status-publish","hentry"],"acf":[],"featured_image_src":null,"uagb_featured_image_src":{"full":false,"thumbnail":false,"medium":false,"medium_large":false,"large":false,"1536x1536":false,"2048x2048":false},"uagb_author_info":{"display_name":"ullisses","author_link":"https:\/\/saude.ufpr.br\/ccio\/author\/ullisses\/"},"uagb_comment_info":0,"uagb_excerpt":"Protocolo Cl\u00ednico e Diretrizes Terap\u00eauticas para Profilaxia P\u00f3s-Exposi\u00e7\u00e3o (PEP) de Risco \u00e0 Infec\u00e7\u00e3o pelo HIV, IST e Hepatites Virais. Brasil. Minist\u00e9rio da Sa\u00fade. Secretaria de Vigil\u00e2ncia em Sa\u00fade. Departamento de DST, Aids e Hepatites Virais. Bras\u00edlia: \u00a0Minist\u00e9rio da Sa\u00fade, 2021. [&hellip;]","publishpress_future_action":{"enabled":false,"date":"2026-04-11 05:31:17","action":"change-status","newStatus":"draft","terms":[],"taxonomy":"","extraData":[]},"publishpress_future_workflow_manual_trigger":{"enabledWorkflows":[]},"_links":{"self":[{"href":"https:\/\/saude.ufpr.br\/ccio\/wp-json\/wp\/v2\/pages\/14","targetHints":{"allow":["GET"]}}],"collection":[{"href":"https:\/\/saude.ufpr.br\/ccio\/wp-json\/wp\/v2\/pages"}],"about":[{"href":"https:\/\/saude.ufpr.br\/ccio\/wp-json\/wp\/v2\/types\/page"}],"author":[{"embeddable":true,"href":"https:\/\/saude.ufpr.br\/ccio\/wp-json\/wp\/v2\/users\/14"}],"replies":[{"embeddable":true,"href":"https:\/\/saude.ufpr.br\/ccio\/wp-json\/wp\/v2\/comments?post=14"}],"version-history":[{"count":15,"href":"https:\/\/saude.ufpr.br\/ccio\/wp-json\/wp\/v2\/pages\/14\/revisions"}],"predecessor-version":[{"id":456,"href":"https:\/\/saude.ufpr.br\/ccio\/wp-json\/wp\/v2\/pages\/14\/revisions\/456"}],"wp:attachment":[{"href":"https:\/\/saude.ufpr.br\/ccio\/wp-json\/wp\/v2\/media?parent=14"}],"curies":[{"name":"wp","href":"https:\/\/api.w.org\/{rel}","templated":true}]}}