{"id":18,"date":"2017-01-31T11:14:26","date_gmt":"2017-01-31T11:14:26","guid":{"rendered":"https:\/\/saude.ufpr.br\/ccio\/?page_id=18"},"modified":"2025-03-27T08:48:09","modified_gmt":"2025-03-27T11:48:09","slug":"acidente","status":"publish","type":"page","link":"https:\/\/saude.ufpr.br\/ccio\/acidente\/","title":{"rendered":"Acidentes por exposi\u00e7\u00e3o \u00e0 material biol\u00f3gico"},"content":{"rendered":"<p><a href=\"https:\/\/saude.ufpr.br\/ccio\/wp-content\/uploads\/sites\/32\/2017\/01\/1-Fluxograma-de-encaminhamento-e-condutas-por-exposi\u00e7\u00e3o-\u00e0-material-biol\u00f3gico.pdf\">1 Fluxograma de encaminhamento e condutas por exposi\u00e7\u00e3o \u00e0 material biol\u00f3gico<\/a><\/p>\n<p><a href=\"https:\/\/saude.ufpr.br\/ccio\/wp-content\/uploads\/sites\/32\/2024\/10\/ACIDENTES-COM-EXPOSICAO-banner-pronto.pdf\">2 Protocolo de acidentes com exposi\u00e7\u00e3o \u00e0 material biol\u00f3gico<\/a><\/p>\n<p><a href=\"https:\/\/saude.ufpr.br\/ccio\/wp-content\/uploads\/sites\/32\/2017\/01\/3-Formul\u00e1rio-de-notifica\u00e7\u00e3o-de-acidente-por-exposi\u00e7\u00e3o-\u00e0-material-biol\u00f3gico.pdf\">3 Formul\u00e1rio de notifica\u00e7\u00e3o de acidente por exposi\u00e7\u00e3o \u00e0 material biol\u00f3gico<\/a><\/p>\n","protected":false},"excerpt":{"rendered":"<p>1 Fluxograma de encaminhamento e condutas por exposi\u00e7\u00e3o \u00e0 material biol\u00f3gico 2 Protocolo de acidentes com exposi\u00e7\u00e3o \u00e0 material biol\u00f3gico 3 Formul\u00e1rio de notifica\u00e7\u00e3o de acidente por exposi\u00e7\u00e3o \u00e0 material biol\u00f3gico<\/p>\n","protected":false},"author":14,"featured_media":0,"parent":0,"menu_order":0,"comment_status":"closed","ping_status":"closed","template":"","meta":{"_acf_changed":false,"_uag_custom_page_level_css":"","footnotes":""},"class_list":["post-18","page","type-page","status-publish","hentry"],"acf":[],"featured_image_src":null,"uagb_featured_image_src":{"full":false,"thumbnail":false,"medium":false,"medium_large":false,"large":false,"1536x1536":false,"2048x2048":false},"uagb_author_info":{"display_name":"ullisses","author_link":"https:\/\/saude.ufpr.br\/ccio\/author\/ullisses\/"},"uagb_comment_info":0,"uagb_excerpt":"1 Fluxograma de encaminhamento e condutas por exposi\u00e7\u00e3o \u00e0 material biol\u00f3gico 2 Protocolo de acidentes com exposi\u00e7\u00e3o \u00e0 material biol\u00f3gico 3 Formul\u00e1rio de notifica\u00e7\u00e3o de acidente por exposi\u00e7\u00e3o \u00e0 material biol\u00f3gico","publishpress_future_action":{"enabled":false,"date":"2026-04-11 08:09:42","action":"change-status","newStatus":"draft","terms":[],"taxonomy":"","extraData":[]},"publishpress_future_workflow_manual_trigger":{"enabledWorkflows":[]},"_links":{"self":[{"href":"https:\/\/saude.ufpr.br\/ccio\/wp-json\/wp\/v2\/pages\/18","targetHints":{"allow":["GET"]}}],"collection":[{"href":"https:\/\/saude.ufpr.br\/ccio\/wp-json\/wp\/v2\/pages"}],"about":[{"href":"https:\/\/saude.ufpr.br\/ccio\/wp-json\/wp\/v2\/types\/page"}],"author":[{"embeddable":true,"href":"https:\/\/saude.ufpr.br\/ccio\/wp-json\/wp\/v2\/users\/14"}],"replies":[{"embeddable":true,"href":"https:\/\/saude.ufpr.br\/ccio\/wp-json\/wp\/v2\/comments?post=18"}],"version-history":[{"count":13,"href":"https:\/\/saude.ufpr.br\/ccio\/wp-json\/wp\/v2\/pages\/18\/revisions"}],"predecessor-version":[{"id":690,"href":"https:\/\/saude.ufpr.br\/ccio\/wp-json\/wp\/v2\/pages\/18\/revisions\/690"}],"wp:attachment":[{"href":"https:\/\/saude.ufpr.br\/ccio\/wp-json\/wp\/v2\/media?parent=18"}],"curies":[{"name":"wp","href":"https:\/\/api.w.org\/{rel}","templated":true}]}}