{"id":12,"date":"2015-02-26T18:56:50","date_gmt":"2015-02-26T18:56:50","guid":{"rendered":"http:\/\/saude.local\/gmpi\/?page_id=12"},"modified":"2024-06-13T19:43:45","modified_gmt":"2024-06-13T19:43:45","slug":"historico","status":"publish","type":"page","link":"https:\/\/saude.ufpr.br\/cirurgia\/historico\/","title":{"rendered":"Hist\u00f3rico"},"content":{"rendered":"<p>Por iniciativa dos Profs. Constantino Ribas e Paulo M\u00fcller, deu-se in\u00edcio o curso de especializa\u00e7\u00e3o em CTBMF da UFPR em 1990, que teve continuidade at\u00e9 2008. A partir de 2009 a modalidade de Resid\u00eancia Multiprofissional na \u00e1rea de Cirurgia e Traumatologia Buco Maxilo Faciais vigora at\u00e9 os dias de hoje, com dura\u00e7\u00e3o de 3 anos, <strong>DEDICA\u00c7\u00c3O EXCLUSIVA<\/strong> e 8640 horas de atividades. O processo seletivo ocorre todos os anos pelo <span style=\"color: #ff0000\"><strong>ENARE<\/strong><\/span>. \u00a0Suas atividades incluem cirurgias ambulatoriais no centro cir\u00fargico do curso de Odontologia da UFPR, Complexo Hospitalar do Trabalhador CHT\/CAIF. Os procedimentos envolvem cirurgias sob anestesia local (Curso de Odontologia\/UFPR), Cirurgias sob anestesia geral (HOSPITAIS DO CHT)<\/p>\n","protected":false},"excerpt":{"rendered":"<p>Por iniciativa dos Profs. Constantino Ribas e Paulo M\u00fcller, deu-se in\u00edcio o curso de especializa\u00e7\u00e3o em CTBMF da UFPR em 1990, que teve continuidade at\u00e9 2008. A partir de 2009 a modalidade de Resid\u00eancia Multiprofissional na \u00e1rea de Cirurgia e Traumatologia Buco Maxilo Faciais vigora at\u00e9 os dias de hoje, com dura\u00e7\u00e3o de 3 anos,<br \/> <a href=\"https:\/\/saude.ufpr.br\/cirurgia\/historico\/\" class=\"button success small readmore\">Leia mais<\/a><\/p>\n","protected":false},"author":1615,"featured_media":0,"parent":0,"menu_order":0,"comment_status":"open","ping_status":"open","template":"","meta":{"_acf_changed":false,"_uag_custom_page_level_css":"","footnotes":""},"class_list":["post-12","page","type-page","status-publish","hentry"],"acf":[],"featured_image_src":null,"uagb_featured_image_src":{"full":false,"thumbnail":false,"medium":false,"medium_large":false,"large":false,"1536x1536":false,"2048x2048":false,"noticias-thumb":false,"banners-thumb":false,"maisnoticias-thumb":false,"post-thumbnail":false},"uagb_author_info":{"display_name":"Guilherme","author_link":"https:\/\/saude.ufpr.br\/cirurgia\/author\/guilhermematos\/"},"uagb_comment_info":0,"uagb_excerpt":"Por iniciativa dos Profs. Constantino Ribas e Paulo M\u00fcller, deu-se in\u00edcio o curso de especializa\u00e7\u00e3o em CTBMF da UFPR em 1990, que teve continuidade at\u00e9 2008. A partir de 2009 a modalidade de Resid\u00eancia Multiprofissional na \u00e1rea de Cirurgia e Traumatologia Buco Maxilo Faciais vigora at\u00e9 os dias de hoje, com dura\u00e7\u00e3o de 3 anos,&hellip;","publishpress_future_action":{"enabled":false,"date":"2026-05-02 00:26:52","action":"change-status","newStatus":"draft","terms":[],"taxonomy":"","extraData":[]},"publishpress_future_workflow_manual_trigger":{"enabledWorkflows":[]},"_links":{"self":[{"href":"https:\/\/saude.ufpr.br\/cirurgia\/wp-json\/wp\/v2\/pages\/12","targetHints":{"allow":["GET"]}}],"collection":[{"href":"https:\/\/saude.ufpr.br\/cirurgia\/wp-json\/wp\/v2\/pages"}],"about":[{"href":"https:\/\/saude.ufpr.br\/cirurgia\/wp-json\/wp\/v2\/types\/page"}],"author":[{"embeddable":true,"href":"https:\/\/saude.ufpr.br\/cirurgia\/wp-json\/wp\/v2\/users\/1615"}],"replies":[{"embeddable":true,"href":"https:\/\/saude.ufpr.br\/cirurgia\/wp-json\/wp\/v2\/comments?post=12"}],"version-history":[{"count":8,"href":"https:\/\/saude.ufpr.br\/cirurgia\/wp-json\/wp\/v2\/pages\/12\/revisions"}],"predecessor-version":[{"id":1348,"href":"https:\/\/saude.ufpr.br\/cirurgia\/wp-json\/wp\/v2\/pages\/12\/revisions\/1348"}],"wp:attachment":[{"href":"https:\/\/saude.ufpr.br\/cirurgia\/wp-json\/wp\/v2\/media?parent=12"}],"curies":[{"name":"wp","href":"https:\/\/api.w.org\/{rel}","templated":true}]}}