{"id":72,"date":"2015-03-03T18:24:28","date_gmt":"2015-03-03T18:24:28","guid":{"rendered":"http:\/\/saude.local\/gmpi\/?page_id=72"},"modified":"2019-07-04T18:58:34","modified_gmt":"2019-07-04T18:58:34","slug":"informativos","status":"publish","type":"page","link":"https:\/\/saude.ufpr.br\/cirurgia\/informativos\/","title":{"rendered":"Informativos"},"content":{"rendered":"<p>Sejam bem vindos a p\u00e1gina da Resid\u00eancia em Cirurgia e Traumatologia Buco Maxilo Faciais da UFPR<\/p>\n<p>Aqui vc obter\u00e1 informa\u00e7\u00f5es sobre o curso, hist\u00f3rico, rela\u00e7\u00e3o dos professores, \u00e1reas de atua\u00e7\u00e3o bem como not\u00edcias sobre o processo seletivo<\/p>\n<p>Att<\/p>\n<p>Prof. Delson Costa<\/p>\n<p>Coordenador da Resid\u00eancia<\/p>\n","protected":false},"excerpt":{"rendered":"<p>Sejam bem vindos a p\u00e1gina da Resid\u00eancia em Cirurgia e Traumatologia Buco Maxilo Faciais da UFPR Aqui vc obter\u00e1 informa\u00e7\u00f5es sobre o curso, hist\u00f3rico, rela\u00e7\u00e3o dos professores, \u00e1reas de atua\u00e7\u00e3o bem como not\u00edcias sobre o processo seletivo Att Prof. Delson Costa Coordenador da Resid\u00eancia<\/p>\n","protected":false},"author":1615,"featured_media":0,"parent":0,"menu_order":0,"comment_status":"open","ping_status":"open","template":"informativos.php","meta":{"_acf_changed":false,"_uag_custom_page_level_css":"","footnotes":""},"class_list":["post-72","page","type-page","status-publish","hentry"],"acf":[],"featured_image_src":null,"uagb_featured_image_src":{"full":false,"thumbnail":false,"medium":false,"medium_large":false,"large":false,"1536x1536":false,"2048x2048":false,"noticias-thumb":false,"banners-thumb":false,"maisnoticias-thumb":false,"post-thumbnail":false},"uagb_author_info":{"display_name":"Guilherme","author_link":"https:\/\/saude.ufpr.br\/cirurgia\/author\/guilhermematos\/"},"uagb_comment_info":0,"uagb_excerpt":"Sejam bem vindos a p\u00e1gina da Resid\u00eancia em Cirurgia e Traumatologia Buco Maxilo Faciais da UFPR Aqui vc obter\u00e1 informa\u00e7\u00f5es sobre o curso, hist\u00f3rico, rela\u00e7\u00e3o dos professores, \u00e1reas de atua\u00e7\u00e3o bem como not\u00edcias sobre o processo seletivo Att Prof. Delson Costa Coordenador da Resid\u00eancia","publishpress_future_action":{"enabled":false,"date":"2026-05-02 06:04:27","action":"change-status","newStatus":"draft","terms":[],"taxonomy":"","extraData":[]},"publishpress_future_workflow_manual_trigger":{"enabledWorkflows":[]},"_links":{"self":[{"href":"https:\/\/saude.ufpr.br\/cirurgia\/wp-json\/wp\/v2\/pages\/72","targetHints":{"allow":["GET"]}}],"collection":[{"href":"https:\/\/saude.ufpr.br\/cirurgia\/wp-json\/wp\/v2\/pages"}],"about":[{"href":"https:\/\/saude.ufpr.br\/cirurgia\/wp-json\/wp\/v2\/types\/page"}],"author":[{"embeddable":true,"href":"https:\/\/saude.ufpr.br\/cirurgia\/wp-json\/wp\/v2\/users\/1615"}],"replies":[{"embeddable":true,"href":"https:\/\/saude.ufpr.br\/cirurgia\/wp-json\/wp\/v2\/comments?post=72"}],"version-history":[{"count":2,"href":"https:\/\/saude.ufpr.br\/cirurgia\/wp-json\/wp\/v2\/pages\/72\/revisions"}],"predecessor-version":[{"id":1123,"href":"https:\/\/saude.ufpr.br\/cirurgia\/wp-json\/wp\/v2\/pages\/72\/revisions\/1123"}],"wp:attachment":[{"href":"https:\/\/saude.ufpr.br\/cirurgia\/wp-json\/wp\/v2\/media?parent=72"}],"curies":[{"name":"wp","href":"https:\/\/api.w.org\/{rel}","templated":true}]}}

<p>Sejam bem vindos a página da Residência em Cirurgia e Traumatologia Buco Maxilo Faciais da UFPR</p>
<p>Aqui vc obterá informações sobre o curso, histórico, relação dos professores, áreas de atuação bem como notícias sobre o processo seletivo</p>
<p>Att</p>
<p>Prof. Delson Costa</p>
<p>Coordenador da Residência</p>

<p>Sejam bem vindos a página da Residência em Cirurgia e Traumatologia Buco Maxilo Faciais da UFPR Aqui vc obterá informações sobre o curso, histórico, relação dos professores, áreas de atuação bem como notícias sobre o processo seletivo Att Prof. Delson Costa Coordenador da Residência</p>

Sejam bem vindos a página da Residência em Cirurgia e Traumatologia Buco Maxilo Faciais da UFPR Aqui vc obterá informações sobre o curso, histórico, relação dos professores, áreas de atuação bem como notícias sobre o processo seletivo Att Prof. Delson Costa Coordenador da Residência
