{"id":923,"date":"2017-10-18T13:13:33","date_gmt":"2017-10-18T13:13:33","guid":{"rendered":"http:\/\/saude.local\/gmpi\/?page_id=923"},"modified":"2019-07-04T19:45:59","modified_gmt":"2019-07-04T19:45:59","slug":"noticias","status":"publish","type":"page","link":"https:\/\/saude.ufpr.br\/cirurgia\/noticias\/","title":{"rendered":"Not\u00edcias"},"content":{"rendered":"<p>Sejam bem vindos a p\u00e1gina da Resid\u00eancia em Cirurgia e Traumatologia Buco Maxilo Faciais da UFPR<\/p>\n<p>Aqui vc obter\u00e1 informa\u00e7\u00f5es sobre o curso, hist\u00f3rico, rela\u00e7\u00e3o dos professores, \u00e1reas de atua\u00e7\u00e3o bem como not\u00edcias sobre o processo seletivo<\/p>\n<p>Att<\/p>\n<p>Prof. Delson Costa<\/p>\n<p>Coordenador da Resid\u00eancia<\/p>\n","protected":false},"excerpt":{"rendered":"<p>Sejam bem vindos a p\u00e1gina da Resid\u00eancia em Cirurgia e Traumatologia Buco Maxilo Faciais da UFPR Aqui vc obter\u00e1 informa\u00e7\u00f5es sobre o curso, hist\u00f3rico, rela\u00e7\u00e3o dos professores, \u00e1reas de atua\u00e7\u00e3o bem como not\u00edcias sobre o processo seletivo Att Prof. Delson Costa Coordenador da Resid\u00eancia<\/p>\n","protected":false},"author":1615,"featured_media":0,"parent":0,"menu_order":0,"comment_status":"closed","ping_status":"closed","template":"noticias.php","meta":{"footnotes":""},"class_list":["post-923","page","type-page","status-publish","hentry"],"_links":{"self":[{"href":"https:\/\/saude.ufpr.br\/cirurgia\/wp-json\/wp\/v2\/pages\/923","targetHints":{"allow":["GET"]}}],"collection":[{"href":"https:\/\/saude.ufpr.br\/cirurgia\/wp-json\/wp\/v2\/pages"}],"about":[{"href":"https:\/\/saude.ufpr.br\/cirurgia\/wp-json\/wp\/v2\/types\/page"}],"author":[{"embeddable":true,"href":"https:\/\/saude.ufpr.br\/cirurgia\/wp-json\/wp\/v2\/users\/1615"}],"replies":[{"embeddable":true,"href":"https:\/\/saude.ufpr.br\/cirurgia\/wp-json\/wp\/v2\/comments?post=923"}],"version-history":[{"count":4,"href":"https:\/\/saude.ufpr.br\/cirurgia\/wp-json\/wp\/v2\/pages\/923\/revisions"}],"predecessor-version":[{"id":1156,"href":"https:\/\/saude.ufpr.br\/cirurgia\/wp-json\/wp\/v2\/pages\/923\/revisions\/1156"}],"wp:attachment":[{"href":"https:\/\/saude.ufpr.br\/cirurgia\/wp-json\/wp\/v2\/media?parent=923"}],"curies":[{"name":"wp","href":"https:\/\/api.w.org\/{rel}","templated":true}]}}

Notícias

<p>Sejam bem vindos a página da Residência em Cirurgia e Traumatologia Buco Maxilo Faciais da UFPR</p>
<p>Aqui vc obterá informações sobre o curso, histórico, relação dos professores, áreas de atuação bem como notícias sobre o processo seletivo</p>
<p>Att</p>
<p>Prof. Delson Costa</p>
<p>Coordenador da Residência</p>

<p>Sejam bem vindos a página da Residência em Cirurgia e Traumatologia Buco Maxilo Faciais da UFPR Aqui vc obterá informações sobre o curso, histórico, relação dos professores, áreas de atuação bem como notícias sobre o processo seletivo Att Prof. Delson Costa Coordenador da Residência</p>
