{"id":243,"date":"2015-04-01T14:53:07","date_gmt":"2015-04-01T14:53:07","guid":{"rendered":"https:\/\/saude.ufpr.br\/cometica\/?page_id=243"},"modified":"2023-05-16T16:53:38","modified_gmt":"2023-05-16T16:53:38","slug":"relatorio-de-conclusao","status":"publish","type":"page","link":"https:\/\/saude.ufpr.br\/cometica\/relatorio-de-conclusao\/","title":{"rendered":"Manuais Plataforma Brasil"},"content":{"rendered":"<p><a href=\"https:\/\/saude.ufpr.br\/cometica\/wp-content\/uploads\/sites\/7\/2017\/10\/Altera\u00e7\u00e3o-pesquisador-respons\u00e1vel.pdf\">Altera\u00e7\u00e3o de pesquisador respons\u00e1vel<\/a><\/p>\n<p><a href=\"https:\/\/conselho.saude.gov.br\/images\/comissoes\/conep\/documentos\/PB\/MANUAL_PESQUISADOR.pdf\">Manual de submiss\u00e3o de projeto<\/a><\/p>\n<p><a href=\"http:\/\/conselho.saude.gov.br\/Web_comissoes\/conep\/aquivos\/materialeducativo\/Manual_ceps.pdf\">Manual Operacional para Comit\u00eas de \u00c9tica em Pesquisa<\/a><\/p>\n","protected":false},"excerpt":{"rendered":"<p>Altera\u00e7\u00e3o de pesquisador respons\u00e1vel Manual de submiss\u00e3o de projeto Manual Operacional para Comit\u00eas de \u00c9tica em Pesquisa<\/p>\n","protected":false},"author":11,"featured_media":0,"parent":0,"menu_order":0,"comment_status":"open","ping_status":"open","template":"","meta":{"_acf_changed":false,"_uag_custom_page_level_css":"","footnotes":""},"class_list":["post-243","page","type-page","status-publish","hentry"],"acf":[],"featured_image_src":null,"uagb_featured_image_src":{"full":false,"thumbnail":false,"medium":false,"medium_large":false,"large":false,"1536x1536":false,"2048x2048":false,"noticias-thumb":false,"banners-thumb":false,"maisnoticias-thumb":false,"post-thumbnail":false},"uagb_author_info":{"display_name":"josete","author_link":"https:\/\/saude.ufpr.br\/cometica\/author\/josete\/"},"uagb_comment_info":0,"uagb_excerpt":"Altera\u00e7\u00e3o de pesquisador respons\u00e1vel Manual de submiss\u00e3o de projeto Manual Operacional para Comit\u00eas de \u00c9tica em Pesquisa","publishpress_future_action":{"enabled":false,"date":"2026-04-11 05:48:11","action":"change-status","newStatus":"draft","terms":[],"taxonomy":"","extraData":[]},"publishpress_future_workflow_manual_trigger":{"enabledWorkflows":[]},"_links":{"self":[{"href":"https:\/\/saude.ufpr.br\/cometica\/wp-json\/wp\/v2\/pages\/243","targetHints":{"allow":["GET"]}}],"collection":[{"href":"https:\/\/saude.ufpr.br\/cometica\/wp-json\/wp\/v2\/pages"}],"about":[{"href":"https:\/\/saude.ufpr.br\/cometica\/wp-json\/wp\/v2\/types\/page"}],"author":[{"embeddable":true,"href":"https:\/\/saude.ufpr.br\/cometica\/wp-json\/wp\/v2\/users\/11"}],"replies":[{"embeddable":true,"href":"https:\/\/saude.ufpr.br\/cometica\/wp-json\/wp\/v2\/comments?post=243"}],"version-history":[{"count":10,"href":"https:\/\/saude.ufpr.br\/cometica\/wp-json\/wp\/v2\/pages\/243\/revisions"}],"predecessor-version":[{"id":2833,"href":"https:\/\/saude.ufpr.br\/cometica\/wp-json\/wp\/v2\/pages\/243\/revisions\/2833"}],"wp:attachment":[{"href":"https:\/\/saude.ufpr.br\/cometica\/wp-json\/wp\/v2\/media?parent=243"}],"curies":[{"name":"wp","href":"https:\/\/api.w.org\/{rel}","templated":true}]}}