{"id":1092,"date":"2019-08-21T11:24:59","date_gmt":"2019-08-21T11:24:59","guid":{"rendered":"http:\/\/200.17.196.19\/dac\/?page_id=1092"},"modified":"2025-07-07T16:23:11","modified_gmt":"2025-07-07T16:23:11","slug":"atividades-extensionistas","status":"publish","type":"page","link":"https:\/\/saude.ufpr.br\/dac\/atividades-extensionistas\/","title":{"rendered":"Atividades extensionistas"},"content":{"rendered":"<p>Atualmente o Departamento de An\u00e1lises Cl\u00ednicas conta com tr\u00eas (04) projetos de extens\u00e3o aprovados no CAEX, nos quais alunos e servidores da UFPR atuam junto \u00e0 comunidade buscando a melhoria da qualidade de vida da popula\u00e7\u00e3o.<\/p>\n<p>&nbsp;<\/p>\n<ul>\n<li><span data-olk-copy-source=\"MessageBody\">Projeto Liga Acad\u00eamica em An\u00e1lises Cl\u00ednicas LAAC &#8211; UFPR -Nos \u00faltimos anos \u00e9 poss\u00edvel perceber o enorme avan\u00e7o tecnol\u00f3gico na \u00e1rea das an\u00e1lises cl\u00ednicas, nem sempre acompanhado pelas institui\u00e7\u00f5es de ensino ou pela popula\u00e7\u00e3o em geral, que ainda percebem a \u00e1rea de forma pouco esclarecedora, manual ou artesanal. O projeto pretende abordar estes avan\u00e7os, levando esta vis\u00e3o para os alunos e profissionais, e a partir dessas concep\u00e7\u00f5es, disseminar esclarecimentos e informa\u00e7\u00f5es para a comunidade em geral. A realidade socioecon\u00f4mica da maioria da popula\u00e7\u00e3o brasileira demonstra a car\u00eancia de programas de preven\u00e7\u00e3o e de educa\u00e7\u00e3o para diversas \u00e1reas da sa\u00fade. Em certas comunidades, a falta de informa\u00e7\u00e3o \u00e9 maior tendo em vista as caracter\u00edsticas socioecon\u00f4micas da popula\u00e7\u00e3o. Portanto, as atividades educativas junto a esta popula\u00e7\u00e3o, representam uma melhoria na qualidade de vida de crian\u00e7as, jovens, adultos e da popula\u00e7\u00e3o em geral. Coordenado por Aline Borsato Hauser.<\/span><\/li>\n<\/ul>\n<p>Maiores informa\u00e7\u00f5es:\u00a0<a href=\"alinehauser@ufpr.br\" target=\"_blank\" rel=\"noopener\">alinehauser@ufpr.br<\/a><\/p>\n<ul>\n<li>Sob a coordena\u00e7\u00e3o do Professor Railson Henneberg, tem-se o projeto \u201cAN\u00c1LISE DO PERFIL DE UTILIZA\u00c7\u00c3O DE MEDICAMENTOS DOS SERVIDORES P\u00daBLICOS DA UFPR\u201d com o objetivo de mapear o uso de medicamentos dos servidores da UFPR e orient\u00e1-los quanto \u00e0 otimiza\u00e7\u00e3o do seu uso. Tal projeto ocorre no LEAC quando da realiza\u00e7\u00e3o dos exames peri\u00f3dicos dos servidores.<\/li>\n<\/ul>\n<p>Maiores informa\u00e7\u00f5es: <a href=\"mailto:railson@ufpr.br\">railson@ufpr.br<\/a><\/p>\n<ul>\n<li style=\"text-align: left\">O projeto &#8220;MUTIR\u00c3O DO DIABETES&#8221; tem como objetivo o atendimento ao paciente com diabetes durante campanha anual realizada pelo Centro Paranaense de Oftalmolgia. A abordagem aos participantes da campanha \u00e9 multiprofissional, e os extensionistas da UFPR participam elaborando materiais educativos, al\u00e9m de realizar atendimento farmac\u00eautico e exames laboratoriais para pessoas com diabetes atendidas durante a campanha. O projeto \u00e9 coordenado pela Professa Mauren Isfer Anghebem.<\/li>\n<\/ul>\n<p style=\"text-align: left\">Maiores informa\u00e7\u00f5es: <a href=\"mailto:mauren.isfer@ufpr.br\" target=\"_blank\" rel=\"noopener\">mauren.isfer@ufpr.br<\/a><\/p>\n<ul>\n<li><span data-olk-copy-source=\"MessageBody\">Projetos de Extens\u00e3o: &#8220;Transferindo o saber&#8221; e &#8220;Divulga\u00e7\u00e3o de conhecimento cient\u00edfico sobre sa\u00fade por meio de gera\u00e7\u00e3o de conte\u00fado por \u00e1udio (podcast)&#8221;<\/span><\/li>\n<\/ul>\n<p>Maiores informa\u00e7\u00f5es:\u00a0<a href=\"marcelsari@ufpr.br\">marcelsari@ufpr.br<\/a><\/p>\n<p>Todos os projetos apresentam atividades educativas extensionistas envolvendo alunos, professores, servidores e\u00a0 comunidade, havendo troca de conhecimento e de experi\u00eancias, que contribuem tanto para atender \u00e0s demandas da popula\u00e7\u00e3o, como para conscientizar os estudantes do seu papel na sociedade.<\/p>\n","protected":false},"excerpt":{"rendered":"<p>Atualmente o Departamento de An\u00e1lises Cl\u00ednicas conta com tr\u00eas (04) projetos de extens\u00e3o aprovados no CAEX, nos quais alunos e servidores da UFPR atuam junto \u00e0 comunidade buscando a melhoria da qualidade de vida da popula\u00e7\u00e3o. &nbsp; Projeto Liga Acad\u00eamica em An\u00e1lises Cl\u00ednicas LAAC &#8211; UFPR -Nos \u00faltimos anos \u00e9 poss\u00edvel perceber o enorme avan\u00e7o<br \/> <a href=\"https:\/\/saude.ufpr.br\/dac\/atividades-extensionistas\/\" class=\"button success small readmore\">Leia mais<\/a><\/p>\n","protected":false},"author":1615,"featured_media":0,"parent":0,"menu_order":0,"comment_status":"closed","ping_status":"closed","template":"","meta":{"_acf_changed":false,"_uag_custom_page_level_css":"","footnotes":""},"class_list":["post-1092","page","type-page","status-publish","hentry"],"acf":[],"featured_image_src":null,"uagb_featured_image_src":{"full":false,"thumbnail":false,"medium":false,"medium_large":false,"large":false,"1536x1536":false,"2048x2048":false,"noticias-thumb":false,"banners-thumb":false,"maisnoticias-thumb":false,"post-thumbnail":false},"uagb_author_info":{"display_name":"Guilherme","author_link":"https:\/\/saude.ufpr.br\/dac\/author\/guilhermematos\/"},"uagb_comment_info":0,"uagb_excerpt":"Atualmente o Departamento de An\u00e1lises Cl\u00ednicas conta com tr\u00eas (04) projetos de extens\u00e3o aprovados no CAEX, nos quais alunos e servidores da UFPR atuam junto \u00e0 comunidade buscando a melhoria da qualidade de vida da popula\u00e7\u00e3o. &nbsp; Projeto Liga Acad\u00eamica em An\u00e1lises Cl\u00ednicas LAAC &#8211; UFPR -Nos \u00faltimos anos \u00e9 poss\u00edvel perceber o enorme avan\u00e7o&hellip;","publishpress_future_action":{"enabled":false,"date":"2026-05-03 15:22:55","action":"change-status","newStatus":"draft","terms":[],"taxonomy":"","extraData":[]},"publishpress_future_workflow_manual_trigger":{"enabledWorkflows":[]},"_links":{"self":[{"href":"https:\/\/saude.ufpr.br\/dac\/wp-json\/wp\/v2\/pages\/1092","targetHints":{"allow":["GET"]}}],"collection":[{"href":"https:\/\/saude.ufpr.br\/dac\/wp-json\/wp\/v2\/pages"}],"about":[{"href":"https:\/\/saude.ufpr.br\/dac\/wp-json\/wp\/v2\/types\/page"}],"author":[{"embeddable":true,"href":"https:\/\/saude.ufpr.br\/dac\/wp-json\/wp\/v2\/users\/1615"}],"replies":[{"embeddable":true,"href":"https:\/\/saude.ufpr.br\/dac\/wp-json\/wp\/v2\/comments?post=1092"}],"version-history":[{"count":10,"href":"https:\/\/saude.ufpr.br\/dac\/wp-json\/wp\/v2\/pages\/1092\/revisions"}],"predecessor-version":[{"id":3051,"href":"https:\/\/saude.ufpr.br\/dac\/wp-json\/wp\/v2\/pages\/1092\/revisions\/3051"}],"wp:attachment":[{"href":"https:\/\/saude.ufpr.br\/dac\/wp-json\/wp\/v2\/media?parent=1092"}],"curies":[{"name":"wp","href":"https:\/\/api.w.org\/{rel}","templated":true}]}}

<p>Atualmente o Departamento de Análises Clínicas conta com três (04) projetos de extensão aprovados no CAEX, nos quais alunos e servidores da UFPR atuam junto à comunidade buscando a melhoria da qualidade de vida da população.</p>
<p>&nbsp;</p>
<ul>
<li><span data-olk-copy-source="MessageBody">Projeto Liga Acadêmica em Análises Clínicas LAAC &#8211; UFPR -Nos últimos anos é possível perceber o enorme avanço tecnológico na área das análises clínicas, nem sempre acompanhado pelas instituições de ensino ou pela população em geral, que ainda percebem a área de forma pouco esclarecedora, manual ou artesanal. O projeto pretende abordar estes avanços, levando esta visão para os alunos e profissionais, e a partir dessas concepções, disseminar esclarecimentos e informações para a comunidade em geral. A realidade socioeconômica da maioria da população brasileira demonstra a carência de programas de prevenção e de educação para diversas áreas da saúde. Em certas comunidades, a falta de informação é maior tendo em vista as características socioeconômicas da população. Portanto, as atividades educativas junto a esta população, representam uma melhoria na qualidade de vida de crianças, jovens, adultos e da população em geral. Coordenado por Aline Borsato Hauser.</span></li>
</ul>
<p>Maiores informações: <a href="alinehauser@ufpr.br" target="_blank" rel="noopener">alinehauser@ufpr.br</a></p>
<ul>
<li>Sob a coordenação do Professor Railson Henneberg, tem-se o projeto “ANÁLISE DO PERFIL DE UTILIZAÇÃO DE MEDICAMENTOS DOS SERVIDORES PÚBLICOS DA UFPR” com o objetivo de mapear o uso de medicamentos dos servidores da UFPR e orientá-los quanto à otimização do seu uso. Tal projeto ocorre no LEAC quando da realização dos exames periódicos dos servidores.</li>
</ul>
<p>Maiores informações: <a href="mailto:railson@ufpr.br">railson@ufpr.br</a></p>
<ul>
<li style="text-align: left">O projeto &#8220;MUTIRÃO DO DIABETES&#8221; tem como objetivo o atendimento ao paciente com diabetes durante campanha anual realizada pelo Centro Paranaense de Oftalmolgia. A abordagem aos participantes da campanha é multiprofissional, e os extensionistas da UFPR participam elaborando materiais educativos, além de realizar atendimento farmacêutico e exames laboratoriais para pessoas com diabetes atendidas durante a campanha. O projeto é coordenado pela Professa Mauren Isfer Anghebem.</li>
</ul>
<p style="text-align: left">Maiores informações: <a href="mailto:mauren.isfer@ufpr.br" target="_blank" rel="noopener">mauren.isfer@ufpr.br</a></p>
<ul>
<li><span data-olk-copy-source="MessageBody">Projetos de Extensão: &#8220;Transferindo o saber&#8221; e &#8220;Divulgação de conhecimento científico sobre saúde por meio de geração de conteúdo por áudio (podcast)&#8221;</span></li>
</ul>
<p>Maiores informações: <a href="marcelsari@ufpr.br">marcelsari@ufpr.br</a></p>
<p>Todos os projetos apresentam atividades educativas extensionistas envolvendo alunos, professores, servidores e  comunidade, havendo troca de conhecimento e de experiências, que contribuem tanto para atender às demandas da população, como para conscientizar os estudantes do seu papel na sociedade.</p>

<p>Atualmente o Departamento de Análises Clínicas conta com três (04) projetos de extensão aprovados no CAEX, nos quais alunos e servidores da UFPR atuam junto à comunidade buscando a melhoria da qualidade de vida da população. &nbsp; Projeto Liga Acadêmica em Análises Clínicas LAAC &#8211; UFPR -Nos últimos anos é possível perceber o enorme avanço<br /> <a href="https://saude.ufpr.br/dac/atividades-extensionistas/" class="button success small readmore">Leia mais</a></p>

Atualmente o Departamento de Análises Clínicas conta com três (04) projetos de extensão aprovados no CAEX, nos quais alunos e servidores da UFPR atuam junto à comunidade buscando a melhoria da qualidade de vida da população. &nbsp; Projeto Liga Acadêmica em Análises Clínicas LAAC &#8211; UFPR -Nos últimos anos é possível perceber o enorme avanço&hellip;
