{"id":1096,"date":"2019-08-21T11:24:52","date_gmt":"2019-08-21T11:24:52","guid":{"rendered":"http:\/\/200.17.196.19\/dac\/?page_id=1090"},"modified":"2025-07-07T14:47:46","modified_gmt":"2025-07-07T14:47:46","slug":"estagios","status":"publish","type":"page","link":"https:\/\/saude.ufpr.br\/dac\/estagios\/","title":{"rendered":"Est\u00e1gios"},"content":{"rendered":"<p>&nbsp;<\/p>\n<p>Conforme a Lei Federal n\u00ba 11.788, a resolu\u00e7\u00e3o 46\/10 CEPE e o PPC do Curso de Farm\u00e1cia, o Departamento de An\u00e1lises Cl\u00ednicas conta com duas (02) disciplinas de est\u00e1gio profissionalizante em an\u00e1lises cl\u00ednicas (est\u00e1gios finais):<\/p>\n<ul>\n<li>\u201cEST\u00c1GIO PROFISSIONALIZANTE EM AN\u00c1LISES CL\u00cdNICAS (MAC052)\u201d &#8211; os alunos dever\u00e3o cumprir 200 horas de est\u00e1gio em laborat\u00f3rio de an\u00e1lises cl\u00ednicas ou \u00e1reas afins.<\/li>\n<li>\u201cEST\u00c1GIO PROFISSIONALIZANTE EM AN\u00c1LISES CL\u00cdNICAS (MAC053)\u201d &#8211; os alunos dever\u00e3o cumprir 400 horas de est\u00e1gio em laborat\u00f3rio de an\u00e1lises cl\u00ednicas ou \u00e1reas afins.<\/li>\n<\/ul>\n<p>Os est\u00e1gios finais s\u00e3o realizados preferencialmente no 10\u00ba per\u00edodo do Curso,<br \/>\npodendo ser adiantados desde que cumpridos os pr\u00e9-requisitos estabelecidos para cada um. Juntamente com os demais est\u00e1gios finais do Curso de Farm\u00e1cia, os est\u00e1gios em an\u00e1lises cl\u00ednicas s\u00e3o de car\u00e1ter flex\u00edvel, sendo realizados por meio de disciplinas obrigat\u00f3rias, em que o\/a estudante poder\u00e1 compor livremente entre as \u00e1reas: AN\u00c1LISES CL\u00cdNICAS, FARM\u00c1CIA, IND\u00daSTRIA, SUS, PESQUISA. Ao cumprir a totalidade de sua carga horaria de est\u00e1gio final (600h), o\/a estudante dever\u00e1 passar por pelo menos 2 (duas) \u00e1reas.<\/p>\n<p>Dentro da \u00e1rea de an\u00e1lises cl\u00ednicas, os\/as estudantes poder\u00e3o realizar atividades de est\u00e1gio que se referem \u00e0s \u00e1reas de hematologia, imunoqu\u00edmica, urin\u00e1lise, parasitologia, bacteriologia, micologia, virologia, biologia molecular, gen\u00e9tica, banco de sangue, toxicologia e\/ou \u00e1reas afins. Durante o per\u00edodo do est\u00e1gio, os professores ficam dispon\u00edveis para se reunir com os\/as estudantes em grupo ou de forma isolada, para dirimir d\u00favidas e\/ou minimizar dificuldades nos locais de est\u00e1gio, de forma presencial ou remota. Eventualmente, s\u00e3o realizados Eventos de Extens\u00e3o para a Defesa de Est\u00e1gio.<\/p>\n<p>Atualmente, os professores orientadores do est\u00e1gio em an\u00e1lises cl\u00ednicas s\u00e3o Aline Borsato Hauser, Railson Henneberg e Ricardo Wagner conforme a \u00e1rea de interesse do aluno.<\/p>\n<p>Maiores informa\u00e7\u00f5es: <a href=\"mailto:alinehauser@ufpr.br\">alinehauser@ufpr.br<\/a>, <a href=\"railson@ufpr.br\" target=\"_blank\" rel=\"noopener\">railson@ufpr.br<\/a>, <a href=\"mailto:ricardo.wagner@ufpr.br\">ricardo.wagner@ufpr.br<\/a><\/p>\n<p>&nbsp;<\/p>\n","protected":false},"excerpt":{"rendered":"<p>&nbsp; Conforme a Lei Federal n\u00ba 11.788, a resolu\u00e7\u00e3o 46\/10 CEPE e o PPC do Curso de Farm\u00e1cia, o Departamento de An\u00e1lises Cl\u00ednicas conta com duas (02) disciplinas de est\u00e1gio profissionalizante em an\u00e1lises cl\u00ednicas (est\u00e1gios finais): \u201cEST\u00c1GIO PROFISSIONALIZANTE EM AN\u00c1LISES CL\u00cdNICAS (MAC052)\u201d &#8211; os alunos dever\u00e3o cumprir 200 horas de est\u00e1gio em laborat\u00f3rio de an\u00e1lises<br \/> <a href=\"https:\/\/saude.ufpr.br\/dac\/estagios\/\" class=\"button success small readmore\">Leia mais<\/a><\/p>\n","protected":false},"author":1615,"featured_media":0,"parent":0,"menu_order":0,"comment_status":"closed","ping_status":"closed","template":"","meta":{"_acf_changed":false,"_uag_custom_page_level_css":"","footnotes":""},"class_list":["post-1096","page","type-page","status-publish","hentry"],"acf":[],"featured_image_src":null,"uagb_featured_image_src":{"full":false,"thumbnail":false,"medium":false,"medium_large":false,"large":false,"1536x1536":false,"2048x2048":false,"noticias-thumb":false,"banners-thumb":false,"maisnoticias-thumb":false,"post-thumbnail":false},"uagb_author_info":{"display_name":"Guilherme","author_link":"https:\/\/saude.ufpr.br\/dac\/author\/guilhermematos\/"},"uagb_comment_info":0,"uagb_excerpt":"&nbsp; Conforme a Lei Federal n\u00ba 11.788, a resolu\u00e7\u00e3o 46\/10 CEPE e o PPC do Curso de Farm\u00e1cia, o Departamento de An\u00e1lises Cl\u00ednicas conta com duas (02) disciplinas de est\u00e1gio profissionalizante em an\u00e1lises cl\u00ednicas (est\u00e1gios finais): \u201cEST\u00c1GIO PROFISSIONALIZANTE EM AN\u00c1LISES CL\u00cdNICAS (MAC052)\u201d &#8211; os alunos dever\u00e3o cumprir 200 horas de est\u00e1gio em laborat\u00f3rio de an\u00e1lises&hellip;","publishpress_future_action":{"enabled":false,"date":"2026-05-03 15:22:54","action":"change-status","newStatus":"draft","terms":[],"taxonomy":"","extraData":[]},"publishpress_future_workflow_manual_trigger":{"enabledWorkflows":[]},"_links":{"self":[{"href":"https:\/\/saude.ufpr.br\/dac\/wp-json\/wp\/v2\/pages\/1096","targetHints":{"allow":["GET"]}}],"collection":[{"href":"https:\/\/saude.ufpr.br\/dac\/wp-json\/wp\/v2\/pages"}],"about":[{"href":"https:\/\/saude.ufpr.br\/dac\/wp-json\/wp\/v2\/types\/page"}],"author":[{"embeddable":true,"href":"https:\/\/saude.ufpr.br\/dac\/wp-json\/wp\/v2\/users\/1615"}],"replies":[{"embeddable":true,"href":"https:\/\/saude.ufpr.br\/dac\/wp-json\/wp\/v2\/comments?post=1096"}],"version-history":[{"count":6,"href":"https:\/\/saude.ufpr.br\/dac\/wp-json\/wp\/v2\/pages\/1096\/revisions"}],"predecessor-version":[{"id":3064,"href":"https:\/\/saude.ufpr.br\/dac\/wp-json\/wp\/v2\/pages\/1096\/revisions\/3064"}],"wp:attachment":[{"href":"https:\/\/saude.ufpr.br\/dac\/wp-json\/wp\/v2\/media?parent=1096"}],"curies":[{"name":"wp","href":"https:\/\/api.w.org\/{rel}","templated":true}]}}