{"id":1099,"date":"2019-08-21T11:26:09","date_gmt":"2019-08-21T11:26:09","guid":{"rendered":"http:\/\/200.17.196.19\/dac\/?page_id=1099"},"modified":"2023-01-30T21:12:34","modified_gmt":"2023-01-30T21:12:34","slug":"atas-das-reunioes-departamentais","status":"publish","type":"page","link":"https:\/\/saude.ufpr.br\/dac\/atas-das-reunioes-departamentais\/","title":{"rendered":"Atas das reuni\u00f5es departamentais"},"content":{"rendered":"<p>Ano 2023<\/p>\n<p>&nbsp;<\/p>\n<p>Ano 2022<\/p>\n<p><a href=\"https:\/\/saude.ufpr.br\/dac\/wp-content\/uploads\/sites\/52\/2022\/07\/90-ATAPLENARIA-REMOTA-11.02.2022-2.pdf\" target=\"_blank\" rel=\"noopener\">90 ATAPLEN\u00c1RIA REMOTA 11.02.2022<\/a> <a href=\"https:\/\/saude.ufpr.br\/dac\/wp-content\/uploads\/sites\/52\/2022\/07\/91-ATA-PLENARIA-REMOTA-09.03.2022.pdf\" target=\"_blank\" rel=\"noopener\">91 ATA PLEN\u00c1RIA REMOTA 09.03.2022<\/a> <a href=\"https:\/\/saude.ufpr.br\/dac\/wp-content\/uploads\/sites\/52\/2022\/07\/92-ATA-PLENARIA-REMOTA-18.04.2022.pdf\" target=\"_blank\" rel=\"noopener\">92 ATA PLEN\u00c1RIA REMOTA 18.04.2022 <\/a><a href=\"https:\/\/saude.ufpr.br\/dac\/wp-content\/uploads\/sites\/52\/2022\/11\/93-ATA-PLENARIA-REMOTA-19.05.2022-2.pdf\" target=\"_blank\" rel=\"noopener\">93 ATA PLEN\u00c1RIA REMOTA (19.05.2022)<\/a> <a href=\"https:\/\/saude.ufpr.br\/dac\/wp-content\/uploads\/sites\/52\/2022\/11\/94-ATA-PLENARIA-REMOTA-24.08.2022-2.pdf\">94 ATA PLEN\u00c1RIA REMOTA (24.08.2022)<\/a> <a href=\"https:\/\/saude.ufpr.br\/dac\/wp-content\/uploads\/sites\/52\/2023\/01\/95-ATA-PLENARIA-REMOTA-21.09.2022-2.pdf\" target=\"_blank\" rel=\"noopener\">95 ATA PLEN\u00c1RIA REMOTA (21.09.2022)<\/a> <a href=\"https:\/\/saude.ufpr.br\/dac\/wp-content\/uploads\/sites\/52\/2023\/01\/96-ATA-PLENARIA-EXTRAORDINARIA-REMOTA-18.11.2022-2.pdf\" target=\"_blank\" rel=\"noopener\">96 ATA PLEN\u00c1RIA EXTRAORDIN\u00c1RIA REMOTA (18.11.2022) <\/a><a href=\"https:\/\/saude.ufpr.br\/dac\/wp-content\/uploads\/sites\/52\/2023\/01\/97-ATA-PLENARIA-REMOTA-21.11.2022-2.pdf\" target=\"_blank\" rel=\"noopener\">97 ATA PLEN\u00c1RIA REMOTA (21.11.2022)\u00a0 <\/a><a href=\"https:\/\/saude.ufpr.br\/dac\/wp-content\/uploads\/sites\/52\/2023\/01\/98-ATA-PLENARIA-REMOTA-19.12.2022-2.pdf\" target=\"_blank\" rel=\"noopener\">98 ATA PLEN\u00c1RIA REMOTA (19.12.2022)<\/a><\/p>\n<p>Ano 2021<\/p>\n<p><a href=\"https:\/\/saude.ufpr.br\/dac\/wp-content\/uploads\/sites\/52\/2021\/08\/80-ATA-PLENARIA-REMOTA-17.02.2021.pdf\" target=\"_blank\" rel=\"noopener\">80 ATA PLEN\u00c1RIA REMOTA 17.02.2021<\/a><a href=\"https:\/\/saude.ufpr.br\/dac\/wp-content\/uploads\/sites\/52\/2021\/08\/81-ATA-PLENARIA-REMOTA-26.03.2021-2.pdf\" target=\"_blank\" rel=\"noopener\">81 ATA PLEN\u00c1RIA REMOTA 26.03.2021<\/a><a href=\"https:\/\/saude.ufpr.br\/dac\/wp-content\/uploads\/sites\/52\/2021\/08\/82-ATA-PLENARIA-REMOTA-28.04.2021.pdf\" target=\"_blank\" rel=\"noopener\">82 ATA PLEN\u00c1RIA REMOTA 28.04.2021<\/a><a href=\"https:\/\/saude.ufpr.br\/dac\/wp-content\/uploads\/sites\/52\/2021\/08\/83-ATA-PLENARIA-REMOTA-28.05.2021.pdf\" target=\"_blank\" rel=\"noopener\">83 ATA PLEN\u00c1RIA REMOTA 28.05.2021 <\/a><a href=\"https:\/\/saude.ufpr.br\/dac\/wp-content\/uploads\/sites\/52\/2021\/08\/84-ATA-PLENARIA-REMOTA-07.07.2021.pdf\" target=\"_blank\" rel=\"noopener\">84 ATA PLEN\u00c1RIA REMOTA 07.07.2021 <\/a><a href=\"https:\/\/saude.ufpr.br\/dac\/wp-content\/uploads\/sites\/52\/2021\/08\/85-ATA-PLENARIA-EXTRAORDINARIA-28.07.2021.pdf\" target=\"_blank\" rel=\"noopener\">85 ATA PLEN\u00c1RIA EXTRAORDIN\u00c1RIA 28.07.2021 <\/a><a href=\"https:\/\/saude.ufpr.br\/dac\/wp-content\/uploads\/sites\/52\/2022\/04\/86-ATA-PLENARIA-REMOTA-25.08.2021-2.pdf\" target=\"_blank\" rel=\"noopener\">86 ATA PLEN\u00c1RIA REMOTA (25.08.2021)<\/a><a href=\"https:\/\/saude.ufpr.br\/dac\/wp-content\/uploads\/sites\/52\/2022\/04\/87-ATA-PLENARIA-REMOTA-04.10.2021.pdf\" target=\"_blank\" rel=\"noopener\">87 ATA PLEN\u00c1RIA REMOTA &#8211; 04.10.2021<\/a><a href=\"https:\/\/saude.ufpr.br\/dac\/wp-content\/uploads\/sites\/52\/2022\/04\/88-ATA-PLENARIA-REMOTA-24.11.2021-2.pdf\">88 ATA PLEN\u00c1RIA REMOTA (24.11.2021)<\/a><a href=\"https:\/\/saude.ufpr.br\/dac\/wp-content\/uploads\/sites\/52\/2022\/07\/ATA-89-PLENARIA-REMOTA-13.12.2021-1.pdf\" target=\"_blank\" rel=\"noopener\">ATA 89 PLEN\u00c1RIA REMOTA 13.12.2021<\/a><\/p>\n<p>Ano 2020<\/p>\n<p><a href=\"https:\/\/saude.ufpr.br\/dac\/wp-content\/uploads\/sites\/52\/2020\/07\/67-ATA-PLEN\u00c1RIA.pdf\" target=\"_blank\" rel=\"noopener noreferrer\">67 ATA PLEN\u00c1RIA 20.02.2020 <\/a><a href=\"https:\/\/saude.ufpr.br\/dac\/wp-content\/uploads\/sites\/52\/2020\/07\/68-ATA-PLEN\u00c1RIA-EXTRAORDIN\u00c1RIA.pdf\" target=\"_blank\" rel=\"noopener noreferrer\">68 ATA PLEN\u00c1RIA EXTRAORDIN\u00c1RIA 03.03.2020 <\/a><a href=\"https:\/\/saude.ufpr.br\/dac\/wp-content\/uploads\/sites\/52\/2020\/07\/69-ATA-PLEN\u00c1RIA-EXTRAORDIN\u00c1RIA.pdf\" target=\"_blank\" rel=\"noopener noreferrer\">69 ATA PLEN\u00c1RIA EXTRAORDIN\u00c1RIA 06.03.2020 <\/a><a href=\"https:\/\/saude.ufpr.br\/dac\/wp-content\/uploads\/sites\/52\/2020\/07\/70-ATA-PLEN\u00c1RIA-EXTRAORDIN\u00c1RIA.pdf\" target=\"_blank\" rel=\"noopener noreferrer\">70 ATA PLEN\u00c1RIA EXTRAORDIN\u00c1RIA 18.03.2020 <\/a><a href=\"https:\/\/saude.ufpr.br\/dac\/wp-content\/uploads\/sites\/52\/2020\/07\/71-ATA-PLEN\u00c1RIA.pdf\" target=\"_blank\" rel=\"noopener noreferrer\">71 ATA PLEN\u00c1RIA 08.06.2020 <\/a> <a href=\"https:\/\/saude.ufpr.br\/dac\/wp-content\/uploads\/sites\/52\/2020\/09\/72-ATA-PLEN\u00c1RIA-17.06.2020.pdf\" target=\"_blank\" rel=\"noopener noreferrer\">72 ATA PLEN\u00c1RIA 17.06.2020<\/a> <a href=\"https:\/\/saude.ufpr.br\/dac\/wp-content\/uploads\/sites\/52\/2020\/09\/73-ATA-DA-REUNI\u00c3O-PLEN\u00c1RIA-ORDIN\u00c1RIA-14.08.2020.pdf\" target=\"_blank\" rel=\"noopener noreferrer\">73 ATA DA REUNI\u00c3O PLEN\u00c1RIA ORDIN\u00c1RIA 14.08.2020<\/a> <a href=\"https:\/\/saude.ufpr.br\/dac\/wp-content\/uploads\/sites\/52\/2020\/09\/74-ATA-DA-REUNI\u00c3O-PLEN\u00c1RIA-EXTRAORDIN\u00c1RIA-26.08.2020.pdf\" target=\"_blank\" rel=\"noopener noreferrer\">74 ATA DA REUNI\u00c3O PLEN\u00c1RIA EXTRAORDIN\u00c1RIA 26.08.2020 <\/a><a href=\"https:\/\/saude.ufpr.br\/dac\/wp-content\/uploads\/sites\/52\/2021\/08\/75-ATA-PLENARIA-REMOTA-14.09.2020.pdf\" target=\"_blank\" rel=\"noopener\">75 ATA PLEN\u00c1RIA REMOTA 14.09.2020 <\/a><a href=\"https:\/\/saude.ufpr.br\/dac\/wp-content\/uploads\/sites\/52\/2021\/08\/76-ATA-PLENARIA-REMOTA-15.10.2020.pdf\" target=\"_blank\" rel=\"noopener\">76 ATA PLEN\u00c1RIA REMOTA 15.10.2020 <\/a><a href=\"https:\/\/saude.ufpr.br\/dac\/wp-content\/uploads\/sites\/52\/2021\/08\/77-ATA-PLENARIA-REMOTA-19.11.2020.pdf\" target=\"_blank\" rel=\"noopener\">77 ATA PLEN\u00c1RIA REMOTA 19.11.2020 <\/a><a href=\"https:\/\/saude.ufpr.br\/dac\/wp-content\/uploads\/sites\/52\/2021\/08\/78-ATA-PLENARIA-REMOTA-09.12.2020.pdf\" target=\"_blank\" rel=\"noopener\">78 ATA PLEN\u00c1RIA REMOTA 09.12.2020 <\/a><a href=\"https:\/\/saude.ufpr.br\/dac\/wp-content\/uploads\/sites\/52\/2021\/08\/79-ATA-PLENARIA-EXTRAORDINARIA-15.12.2020-2.pdf\" target=\"_blank\" rel=\"noopener\">79 ATA PLEN\u00c1RIA EXTRAORDIN\u00c1RIA 15.12.2020\u00a0<\/a><\/p>\n<p>Ano 2019<\/p>\n<p><a href=\"https:\/\/saude.ufpr.br\/dac\/wp-content\/uploads\/sites\/52\/2019\/09\/53-ATA-PLEN\u00c1RIA-14.02.2019.pdf\" target=\"_blank\" rel=\"noopener noreferrer\">53 ATA PLEN\u00c1RIA 14.02.2019<\/a> <a href=\"https:\/\/saude.ufpr.br\/dac\/wp-content\/uploads\/sites\/52\/2019\/09\/54-ATA-PLEN\u00c1RIA-21.03.2019.pdf\" target=\"_blank\" rel=\"noopener noreferrer\">54 ATA PLEN\u00c1RIA 21.03.2019<\/a> <a href=\"https:\/\/saude.ufpr.br\/dac\/wp-content\/uploads\/sites\/52\/2019\/09\/55-ATA-PLEN\u00c1RIA-03.04.2019.pdf\" target=\"_blank\" rel=\"noopener noreferrer\">55 ATA PLEN\u00c1RIA 03.04.2019<\/a> <a href=\"https:\/\/saude.ufpr.br\/dac\/wp-content\/uploads\/sites\/52\/2019\/09\/56-ATA-PLEN\u00c1RIA-12.04.2019.pdf\" target=\"_blank\" rel=\"noopener noreferrer\">56 ATA PLEN\u00c1RIA 12.04.2019<\/a> <a href=\"https:\/\/saude.ufpr.br\/dac\/wp-content\/uploads\/sites\/52\/2019\/09\/57-ATA-PLEN\u00c1RIA-23.04.2019.pdf\" target=\"_blank\" rel=\"noopener noreferrer\">57 ATA PLEN\u00c1RIA 23.04.2019<\/a> <a href=\"https:\/\/saude.ufpr.br\/dac\/wp-content\/uploads\/sites\/52\/2019\/09\/58-ATA-PLEN\u00c1RIA-EXTRAORDIN\u00c1RIA-07.05.2019.pdf\" target=\"_blank\" rel=\"noopener noreferrer\">58 ATA PLEN\u00c1RIA EXTRAORDIN\u00c1RIA 07.05.2019<\/a> <a href=\"https:\/\/saude.ufpr.br\/dac\/wp-content\/uploads\/sites\/52\/2019\/09\/59-ATA-PLEN\u00c1RIA-28.05.2019.pdf\" target=\"_blank\" rel=\"noopener noreferrer\">59 ATA PLEN\u00c1RIA 28.05.2019<\/a> <a href=\"https:\/\/saude.ufpr.br\/dac\/wp-content\/uploads\/sites\/52\/2019\/09\/60-ATA-PLEN\u00c1RIA-26.06.2019.pdf\" target=\"_blank\" rel=\"noopener noreferrer\">60 ATA PLEN\u00c1RIA 26.06.2019\u00a0<\/a><a href=\"https:\/\/saude.ufpr.br\/dac\/wp-content\/uploads\/sites\/52\/2020\/03\/61-ATA-PLEN\u00c1RIA-07.08.2019.pdf\" target=\"_blank\" rel=\"noopener noreferrer\">61 ATA PLEN\u00c1RIA 07.08.2019<\/a><a href=\"https:\/\/saude.ufpr.br\/dac\/wp-content\/uploads\/sites\/52\/2020\/03\/62-ATA-PLEN\u00c1RIA-10.09.2019.pdf\" target=\"_blank\" rel=\"noopener noreferrer\">62 ATA PLEN\u00c1RIA 10.09.2019<\/a><a href=\"https:\/\/saude.ufpr.br\/dac\/wp-content\/uploads\/sites\/52\/2020\/03\/63-ATA-PLEN\u00c1RIA-08.10.2019.pdf\" target=\"_blank\" rel=\"noopener noreferrer\">63 ATA PLEN\u00c1RIA 08.10.2019<\/a><a href=\"https:\/\/saude.ufpr.br\/dac\/wp-content\/uploads\/sites\/52\/2020\/03\/64-ATA-PLEN\u00c1RIA-EXTRAORDIN\u00c1RIA-17.10.2019.pdf\" target=\"_blank\" rel=\"noopener noreferrer\">64 ATA PLEN\u00c1RIA EXTRAORDIN\u00c1RIA 17.10.2019<\/a><a href=\"https:\/\/saude.ufpr.br\/dac\/wp-content\/uploads\/sites\/52\/2020\/03\/65-ATA-PLEN\u00c1RIA-14.11.2019.pdf\" target=\"_blank\" rel=\"noopener noreferrer\">65 ATA PLEN\u00c1RIA 14.11.2019<\/a><a href=\"https:\/\/saude.ufpr.br\/dac\/wp-content\/uploads\/sites\/52\/2020\/03\/66-ATA-PLEN\u00c1RIA-04.12.2019.pdf\" target=\"_blank\" rel=\"noopener noreferrer\">66 ATA PLEN\u00c1RIA 04.12.2019<\/a><\/p>\n<p>Ano 2018<\/p>\n<p><a href=\"https:\/\/saude.ufpr.br\/dac\/wp-content\/uploads\/sites\/52\/2019\/09\/45-ATA-PLEN\u00c1RIA-06.03.2018.pdf\" target=\"_blank\" rel=\"noopener noreferrer\">45 ATA PLEN\u00c1RIA 06.03.2018<\/a> <a href=\"https:\/\/saude.ufpr.br\/dac\/wp-content\/uploads\/sites\/52\/2019\/09\/46-ATA-PLEN\u00c1RIA-17.04.2018.pdf\" target=\"_blank\" rel=\"noopener noreferrer\">46 ATA PLEN\u00c1RIA 17.04.2018<\/a><a href=\"https:\/\/saude.ufpr.br\/dac\/wp-content\/uploads\/sites\/52\/2019\/09\/47-ATA-PLEN\u00c1RIA-05.06.2018.pdf\" target=\"_blank\" rel=\"noopener noreferrer\">47 ATA PLEN\u00c1RIA 05.06.2018<\/a><a href=\"https:\/\/saude.ufpr.br\/dac\/wp-content\/uploads\/sites\/52\/2019\/09\/46-ATA-PLEN\u00c1RIA-17.04.2018.pdf\" target=\"_blank\" rel=\"noopener noreferrer\">\u00a0<\/a><a href=\"https:\/\/saude.ufpr.br\/dac\/wp-content\/uploads\/sites\/52\/2019\/09\/48-ATA-PLEN\u00c1RIA-03.08.2018.pdf\" target=\"_blank\" rel=\"noopener noreferrer\">48 ATA PLEN\u00c1RIA 03.08.2018<\/a> <a href=\"https:\/\/saude.ufpr.br\/dac\/wp-content\/uploads\/sites\/52\/2019\/09\/49-ATA-PLEN\u00c1RIA-04.09.2018.pdf\" target=\"_blank\" rel=\"noopener noreferrer\">49 ATA PLEN\u00c1RIA 04.09.2018<\/a> <a href=\"https:\/\/saude.ufpr.br\/dac\/wp-content\/uploads\/sites\/52\/2019\/09\/50-ATA-PLEN\u00c1RIA-13.11.2018.pdf\" target=\"_blank\" rel=\"noopener noreferrer\">50 ATA PLEN\u00c1RIA 13.11.2018<\/a> <a href=\"https:\/\/saude.ufpr.br\/dac\/wp-content\/uploads\/sites\/52\/2019\/09\/51-ATA-PLEN\u00c1RIA-03.12.2018.pdf\" target=\"_blank\" rel=\"noopener noreferrer\">51 ATA PLEN\u00c1RIA 03.12.2018<\/a> <a href=\"https:\/\/saude.ufpr.br\/dac\/wp-content\/uploads\/sites\/52\/2019\/09\/52-ATA-PLEN\u00c1RIA-13.12.2018.pdf\" target=\"_blank\" rel=\"noopener noreferrer\">52 ATA PLEN\u00c1RIA 13.12.2018<\/a><\/p>\n<p>Ano 2017<\/p>\n<p><a href=\"https:\/\/saude.ufpr.br\/dac\/wp-content\/uploads\/sites\/52\/2019\/09\/34-ATA-PLEN\u00c1RIA-17.02.2017.pdf\" target=\"_blank\" rel=\"noopener noreferrer\">34 ATA PLEN\u00c1RIA 17.02.2017<\/a> <a href=\"https:\/\/saude.ufpr.br\/dac\/wp-content\/uploads\/sites\/52\/2019\/09\/35-ATA-PLEN\u00c1RIA-17.03.2017.pdf\" target=\"_blank\" rel=\"noopener noreferrer\">35 ATA PLEN\u00c1RIA 17.03.2017<\/a> <a href=\"https:\/\/saude.ufpr.br\/dac\/wp-content\/uploads\/sites\/52\/2019\/09\/36-ATA-PLEN\u00c1RIA-12.04.2017.pdf\" target=\"_blank\" rel=\"noopener noreferrer\">36 ATA PLEN\u00c1RIA 12.04.2017<\/a> <a href=\"https:\/\/saude.ufpr.br\/dac\/wp-content\/uploads\/sites\/52\/2019\/09\/37-ATA-REUNI\u00c3O-PLEN\u00c1RIA-12.05.2017.pdf\" target=\"_blank\" rel=\"noopener noreferrer\">37 ATA REUNI\u00c3O PLEN\u00c1RIA 12.05.2017<\/a> <a href=\"https:\/\/saude.ufpr.br\/dac\/wp-content\/uploads\/sites\/52\/2019\/09\/38-REUNI\u00c3O-PLEN\u00c1RIA-EXTRAORDIN\u00c1RIA-19.05.2017.pdf\" target=\"_blank\" rel=\"noopener noreferrer\">38 REUNI\u00c3O PLEN\u00c1RIA EXTRAORDIN\u00c1RIA 19.05.2017<\/a> <a href=\"https:\/\/saude.ufpr.br\/dac\/wp-content\/uploads\/sites\/52\/2019\/09\/39-ATA-PLEN\u00c1RIA-29.06.2017.pdf\" target=\"_blank\" rel=\"noopener noreferrer\">39 ATA PLEN\u00c1RIA 29.06.2017<\/a> <a href=\"https:\/\/saude.ufpr.br\/dac\/wp-content\/uploads\/sites\/52\/2019\/09\/40-ATA-PLEN\u00c1RIA-31.08.2017.pdf\" target=\"_blank\" rel=\"noopener noreferrer\">40 ATA PLEN\u00c1RIA 31.08.2017<\/a> <a href=\"https:\/\/saude.ufpr.br\/dac\/wp-content\/uploads\/sites\/52\/2019\/09\/41-ATA-PLEN\u00c1RIA-26.09.2017.pdf\" target=\"_blank\" rel=\"noopener noreferrer\">41 ATA PLEN\u00c1RIA 26.09.2017<\/a> <a href=\"https:\/\/saude.ufpr.br\/dac\/wp-content\/uploads\/sites\/52\/2019\/09\/42-ATA-PLEN\u00c1RIA-24.10.2017.pdf\" target=\"_blank\" rel=\"noopener noreferrer\">42 ATA PLEN\u00c1RIA 24.10.2017<\/a> <a href=\"https:\/\/saude.ufpr.br\/dac\/wp-content\/uploads\/sites\/52\/2019\/09\/43-ATA-PLEN\u00c1RIA-EXTRA-09.11.2017.pdf\" target=\"_blank\" rel=\"noopener noreferrer\">43 ATA PLEN\u00c1RIA EXTRA 09.11.2017<\/a> <a href=\"https:\/\/saude.ufpr.br\/dac\/wp-content\/uploads\/sites\/52\/2019\/09\/44-ATA-PLEN\u00c1RIA-30.11.20172.pdf\" target=\"_blank\" rel=\"noopener noreferrer\">44 ATA PLEN\u00c1RIA 30.11.2017<\/a><\/p>\n<p>Ano 2016<\/p>\n<p><a href=\"https:\/\/saude.ufpr.br\/dac\/wp-content\/uploads\/sites\/52\/2019\/09\/26-ATA-PLEN\u00c1RIA-04.03.2016.pdf\" target=\"_blank\" rel=\"noopener noreferrer\">26 ATA PLEN\u00c1RIA 04.03.2016<\/a> <a href=\"https:\/\/saude.ufpr.br\/dac\/wp-content\/uploads\/sites\/52\/2019\/09\/27-ATA-PLEN\u00c1RIA-05.04.2016.pdf\" target=\"_blank\" rel=\"noopener noreferrer\">27 ATA PLEN\u00c1RIA 05.04.2016<\/a> <a href=\"https:\/\/saude.ufpr.br\/dac\/wp-content\/uploads\/sites\/52\/2019\/09\/28-ATA-Plen\u00e1ria-02.05.2016.pdf\" target=\"_blank\" rel=\"noopener noreferrer\">28 ATA Plen\u00e1ria 02.05.2016<\/a> <a href=\"https:\/\/saude.ufpr.br\/dac\/wp-content\/uploads\/sites\/52\/2019\/09\/29-ATA-PLEN\u00c1RIA-29.06.2016.pdf\" target=\"_blank\" rel=\"noopener noreferrer\">29 ATA PLEN\u00c1RIA 29.06.2016<\/a> <a href=\"https:\/\/saude.ufpr.br\/dac\/wp-content\/uploads\/sites\/52\/2019\/09\/30-ATA-Plen\u00e1ria-08.08.2016.pdf\" target=\"_blank\" rel=\"noopener noreferrer\">30 ATA Plen\u00e1ria 08.08.2016<\/a> <a href=\"https:\/\/saude.ufpr.br\/dac\/wp-content\/uploads\/sites\/52\/2019\/09\/31-ATA-PLEN\u00c1RIA-01.09.2016.pdf\" target=\"_blank\" rel=\"noopener noreferrer\">31 ATA PLEN\u00c1RIA 01.09.2016<\/a> <a href=\"https:\/\/saude.ufpr.br\/dac\/wp-content\/uploads\/sites\/52\/2019\/09\/32-ATA-PLEN\u00c1RIA-25.11.2016.pdf\" target=\"_blank\" rel=\"noopener noreferrer\">32 ATA PLEN\u00c1RIA 25.11.2016<\/a> <a href=\"https:\/\/saude.ufpr.br\/dac\/wp-content\/uploads\/sites\/52\/2019\/09\/33-ATA-PLEN\u00c1RIA-09.12.2016.pdf\" target=\"_blank\" rel=\"noopener noreferrer\">33 ATA PLEN\u00c1RIA 09.12.2016<\/a><\/p>\n<p>Ano 2015<\/p>\n<p><a href=\"https:\/\/saude.ufpr.br\/dac\/wp-content\/uploads\/sites\/52\/2019\/09\/14-ATA-Plen\u00e1ria-Extraordin\u00e1ria-12.02.2015.pdf\" target=\"_blank\" rel=\"noopener noreferrer\">14 ATA Plen\u00e1ria Extraordin\u00e1ria 12.02.2015<\/a> <a href=\"https:\/\/saude.ufpr.br\/dac\/wp-content\/uploads\/sites\/52\/2019\/09\/15-ATA-Plen\u00e1ria-10.04.2015.pdf\" target=\"_blank\" rel=\"noopener noreferrer\">15 ATA Plen\u00e1ria 10.04.2015<\/a> <a href=\"https:\/\/saude.ufpr.br\/dac\/wp-content\/uploads\/sites\/52\/2019\/09\/16-ATA-Plen\u00e1ria-15.05.2015.pdf\" target=\"_blank\" rel=\"noopener noreferrer\">16 ATA Plen\u00e1ria 15.05.2015<\/a>\u00a0<a href=\"https:\/\/saude.ufpr.br\/dac\/wp-content\/uploads\/sites\/52\/2019\/09\/17-ATA-Plen\u00e1ria-08.06.2015.pdf\" target=\"_blank\" rel=\"noopener noreferrer\">17 ATA Plen\u00e1ria 08.06.2015<\/a>\u00a0<a href=\"https:\/\/saude.ufpr.br\/dac\/wp-content\/uploads\/sites\/52\/2019\/09\/18-ata-plen\u00e1ria-16.06.2015.pdf\" target=\"_blank\" rel=\"noopener noreferrer\">18 ata plen\u00e1ria 16.06.2015<\/a> <a href=\"https:\/\/saude.ufpr.br\/dac\/wp-content\/uploads\/sites\/52\/2019\/09\/19-ATA-PLEN\u00c1RIA-25.06.2015.pdf\" target=\"_blank\" rel=\"noopener noreferrer\">19 ATA PLEN\u00c1RIA 25.06.2015<\/a> <a href=\"https:\/\/saude.ufpr.br\/dac\/7o-simposio-de-analises-clinicas-da-unidade-de-laboratorio-de-analises-clinicas-do-chc-ufpr\/\" target=\"_blank\" rel=\"noopener noreferrer\">20 ATA PLEN\u00c1RIA EXTRA 07.07.2015<\/a>\u00a0<a href=\"https:\/\/saude.ufpr.br\/dac\/wp-content\/uploads\/sites\/52\/2019\/09\/21-ATA-PLEN\u00c1RIA-10.09.2015.pdf\" target=\"_blank\" rel=\"noopener noreferrer\">21 ATA PLEN\u00c1RIA 10.09.2015<\/a>\u00a0<a href=\"https:\/\/saude.ufpr.br\/dac\/wp-content\/uploads\/sites\/52\/2019\/09\/22-ATA-Plen\u00e1ria-02.10.2015.pdf\" target=\"_blank\" rel=\"noopener noreferrer\">22 ATA Plen\u00e1ria 02.10.2015<\/a> <a href=\"https:\/\/saude.ufpr.br\/dac\/wp-content\/uploads\/sites\/52\/2019\/09\/23-ATA-PLEN\u00c1RIA-04.11.2015.pdf\" target=\"_blank\" rel=\"noopener noreferrer\">23 ATA PLEN\u00c1RIA 04.11.2015<\/a> <a href=\"https:\/\/saude.ufpr.br\/dac\/wp-content\/uploads\/sites\/52\/2019\/09\/24-ATA-PLEN\u00c1RIA-30.11.2015.pdf\" target=\"_blank\" rel=\"noopener noreferrer\">24 ATA PLEN\u00c1RIA 30.11.2015<\/a> <a href=\"https:\/\/saude.ufpr.br\/dac\/wp-content\/uploads\/sites\/52\/2019\/09\/25-ATA-PLEN\u00c1RIA-16.12.2015.pdf\" target=\"_blank\" rel=\"noopener noreferrer\">25 ATA PLEN\u00c1RIA 16.12.2015<\/a><\/p>\n<p>Ano 2014<\/p>\n<p><a href=\"https:\/\/saude.ufpr.br\/dac\/wp-content\/uploads\/sites\/52\/2019\/09\/9-ATA-Plen\u00e1ria-15.04.2014.pdf\" target=\"_blank\" rel=\"noopener noreferrer\">9 ATA Plen\u00e1ria 15.04.2014<\/a> <a href=\"https:\/\/saude.ufpr.br\/dac\/wp-content\/uploads\/sites\/52\/2019\/09\/10-ATA-Plen\u00e1ria-19.05.2014.pdf\" target=\"_blank\" rel=\"noopener noreferrer\">10 ATA Plen\u00e1ria 19.05.2014<\/a> <a href=\"https:\/\/saude.ufpr.br\/dac\/wp-content\/uploads\/sites\/52\/2019\/09\/11-ATA-Plen\u00e1ria-15.08.2014.pdf\" target=\"_blank\" rel=\"noopener noreferrer\">11 ATA Plen\u00e1ria 15.08.2014<\/a> <a href=\"https:\/\/saude.ufpr.br\/dac\/wp-content\/uploads\/sites\/52\/2019\/09\/12-ATA-Plen\u00e1ria-02.10.2014.pdf\" target=\"_blank\" rel=\"noopener noreferrer\">12 ATA Plen\u00e1ria 02.10.2014<\/a> <a href=\"https:\/\/saude.ufpr.br\/dac\/wp-content\/uploads\/sites\/52\/2019\/09\/13-AtaPlen\u00e1riaExtra-09.10.2014.pdf\" target=\"_blank\" rel=\"noopener noreferrer\">13 Ata Plen\u00e1ria Extra 09.10.2014<\/a><\/p>\n<p>Ano 2013<\/p>\n<p><a href=\"https:\/\/saude.ufpr.br\/dac\/wp-content\/uploads\/sites\/52\/2019\/09\/1-ATA-PLEN\u00c1RIA-19.04.2013.pdf\" target=\"_blank\" rel=\"noopener noreferrer\">1 ATA PLEN\u00c1RIA 19.04.2013<\/a> <a href=\"https:\/\/saude.ufpr.br\/dac\/wp-content\/uploads\/sites\/52\/2019\/09\/2-ATA-Plen\u00e1ria-05.06.2013.pdf\" target=\"_blank\" rel=\"noopener noreferrer\">2 ATA Plen\u00e1ria 05.06.2013<\/a> <a href=\"https:\/\/saude.ufpr.br\/dac\/wp-content\/uploads\/sites\/52\/2019\/09\/3-ATA-PLEN\u00c1RIA-17.07.2013.pdf\" target=\"_blank\" rel=\"noopener noreferrer\">3 ATA PLEN\u00c1RIA 17.07.2013<\/a> <a href=\"https:\/\/saude.ufpr.br\/dac\/wp-content\/uploads\/sites\/52\/2019\/09\/4-Ata-Plen\u00e1ria-06.08.2013.pdf\" target=\"_blank\" rel=\"noopener noreferrer\">4 Ata Plen\u00e1ria 06.08.2013<\/a> <a href=\"https:\/\/saude.ufpr.br\/dac\/wp-content\/uploads\/sites\/52\/2019\/09\/5-ATA-Plen\u00e1ria-26.09.2013.pdf\" target=\"_blank\" rel=\"noopener noreferrer\">5 ATA Plen\u00e1ria 26.09.2013<\/a> <a href=\"https:\/\/saude.ufpr.br\/dac\/wp-content\/uploads\/sites\/52\/2019\/09\/6-AtaPlenariaExtra-09.10.2013.pdf\" target=\"_blank\" rel=\"noopener noreferrer\">6 Ata Plen\u00e1ria Extra 09.10.2013<\/a> <a href=\"https:\/\/saude.ufpr.br\/dac\/wp-content\/uploads\/sites\/52\/2019\/09\/7-ATA-PLEN\u00c1RIA-14.11.2013.pdf\" target=\"_blank\" rel=\"noopener noreferrer\">7 ATA PLEN\u00c1RIA 14.11.2013<\/a> <a href=\"https:\/\/saude.ufpr.br\/dac\/wp-content\/uploads\/sites\/52\/2019\/09\/8-AtaPlen\u00e1ria-10.12.2013.pdf\" target=\"_blank\" rel=\"noopener noreferrer\">8 Ata Plen\u00e1ria 10.12.2013<\/a><\/p>\n","protected":false},"excerpt":{"rendered":"<p>Ano 2023 &nbsp; Ano 2022 90 ATAPLEN\u00c1RIA REMOTA 11.02.2022 91 ATA PLEN\u00c1RIA REMOTA 09.03.2022 92 ATA PLEN\u00c1RIA REMOTA 18.04.2022 93 ATA PLEN\u00c1RIA REMOTA (19.05.2022) 94 ATA PLEN\u00c1RIA REMOTA (24.08.2022) 95 ATA PLEN\u00c1RIA REMOTA (21.09.2022) 96 ATA PLEN\u00c1RIA EXTRAORDIN\u00c1RIA REMOTA (18.11.2022) 97 ATA PLEN\u00c1RIA REMOTA (21.11.2022)\u00a0 98 ATA PLEN\u00c1RIA REMOTA (19.12.2022) Ano 2021 80 ATA PLEN\u00c1RIA<br \/> <a href=\"https:\/\/saude.ufpr.br\/dac\/atas-das-reunioes-departamentais\/\" class=\"button success small readmore\">Leia mais<\/a><\/p>\n","protected":false},"author":1615,"featured_media":0,"parent":0,"menu_order":0,"comment_status":"closed","ping_status":"closed","template":"","meta":{"_acf_changed":false,"_uag_custom_page_level_css":"","footnotes":""},"class_list":["post-1099","page","type-page","status-publish","hentry"],"acf":[],"featured_image_src":null,"uagb_featured_image_src":{"full":false,"thumbnail":false,"medium":false,"medium_large":false,"large":false,"1536x1536":false,"2048x2048":false,"noticias-thumb":false,"banners-thumb":false,"maisnoticias-thumb":false,"post-thumbnail":false},"uagb_author_info":{"display_name":"Guilherme","author_link":"https:\/\/saude.ufpr.br\/dac\/author\/guilhermematos\/"},"uagb_comment_info":0,"uagb_excerpt":"Ano 2023 &nbsp; Ano 2022 90 ATAPLEN\u00c1RIA REMOTA 11.02.2022 91 ATA PLEN\u00c1RIA REMOTA 09.03.2022 92 ATA PLEN\u00c1RIA REMOTA 18.04.2022 93 ATA PLEN\u00c1RIA REMOTA (19.05.2022) 94 ATA PLEN\u00c1RIA REMOTA (24.08.2022) 95 ATA PLEN\u00c1RIA REMOTA (21.09.2022) 96 ATA PLEN\u00c1RIA EXTRAORDIN\u00c1RIA REMOTA (18.11.2022) 97 ATA PLEN\u00c1RIA REMOTA (21.11.2022)\u00a0 98 ATA PLEN\u00c1RIA REMOTA (19.12.2022) Ano 2021 80 ATA PLEN\u00c1RIA&hellip;","publishpress_future_action":{"enabled":false,"date":"2026-05-02 20:41:29","action":"change-status","newStatus":"draft","terms":[],"taxonomy":"","extraData":[]},"publishpress_future_workflow_manual_trigger":{"enabledWorkflows":[]},"_links":{"self":[{"href":"https:\/\/saude.ufpr.br\/dac\/wp-json\/wp\/v2\/pages\/1099","targetHints":{"allow":["GET"]}}],"collection":[{"href":"https:\/\/saude.ufpr.br\/dac\/wp-json\/wp\/v2\/pages"}],"about":[{"href":"https:\/\/saude.ufpr.br\/dac\/wp-json\/wp\/v2\/types\/page"}],"author":[{"embeddable":true,"href":"https:\/\/saude.ufpr.br\/dac\/wp-json\/wp\/v2\/users\/1615"}],"replies":[{"embeddable":true,"href":"https:\/\/saude.ufpr.br\/dac\/wp-json\/wp\/v2\/comments?post=1099"}],"version-history":[{"count":29,"href":"https:\/\/saude.ufpr.br\/dac\/wp-json\/wp\/v2\/pages\/1099\/revisions"}],"predecessor-version":[{"id":2710,"href":"https:\/\/saude.ufpr.br\/dac\/wp-json\/wp\/v2\/pages\/1099\/revisions\/2710"}],"wp:attachment":[{"href":"https:\/\/saude.ufpr.br\/dac\/wp-json\/wp\/v2\/media?parent=1099"}],"curies":[{"name":"wp","href":"https:\/\/api.w.org\/{rel}","templated":true}]}}