{"id":1110,"date":"2019-08-21T11:27:13","date_gmt":"2019-08-21T11:27:13","guid":{"rendered":"http:\/\/200.17.196.19\/dac\/?page_id=1110"},"modified":"2025-07-07T15:48:26","modified_gmt":"2025-07-07T15:48:26","slug":"estrutura","status":"publish","type":"page","link":"https:\/\/saude.ufpr.br\/dac\/estrutura\/","title":{"rendered":"Estrutura"},"content":{"rendered":"<p>&nbsp;<\/p>\n<p><strong><u>Laborat\u00f3rio Escola de An\u00e1lises Cl\u00ednicas<\/u><\/strong><\/p>\n<p><span data-olk-copy-source=\"MessageBody\">O Laborat\u00f3rio Escola de\u00a0An\u00e1lises Cl\u00ednicas (LEAC) atua como laborat\u00f3rio did\u00e1tico atrav\u00e9s das disciplinas de Pr\u00e1ticas Espec\u00edficas em An\u00e1lises Cl\u00ednicas e Est\u00e1gios Profissionalizantes em An\u00e1lises Cl\u00ednicas.<\/span><\/p>\n<p>Os exames s\u00e3o realizados pelos alunos, sob a orienta\u00e7\u00e3o dos professores, e liberados ap\u00f3s supervis\u00e3o da farmac\u00eautica,\u00a0mantendo o sigilo e o respeito no atendimento ao cliente.<\/p>\n<p><strong><u>Certifica\u00e7\u00e3o<\/u><\/strong><\/p>\n<p>O LEAC possui certifica\u00e7\u00e3o de qualidade da Sociedade Brasileira de An\u00e1lises Cl\u00ednicas (SBAC) atrav\u00e9s do Programa Nacional de Controle de Qualidade (PNCQ), tendo alcan\u00e7ado desempenho &#8220;Excelente&#8221; desde 2015.<\/p>\n<p><strong><u>Hist\u00f3rico<\/u><\/strong><\/p>\n<p>O Laborat\u00f3rio Escola de An\u00e1lises Cl\u00ednicas da Universidade Federal do Paran\u00e1 sempre foi um anseio do Curso de Farm\u00e1cia tendo nas \u00faltimas d\u00e9cadas o empenho de v\u00e1rios professores para sua implanta\u00e7\u00e3o. Desde 1999, sob a lideran\u00e7a principalmente dos Professores Carlos Augusto Albini e Shirley Ramos da Rosa Utiyama, v\u00e1rios projetos foram apresentados ao Setor de Ci\u00eancias da sa\u00fade da UFPR para a viabiliza\u00e7\u00e3o de um Laborat\u00f3rio de An\u00e1lises Cl\u00ednicas que atendesse a Comunidade Universit\u00e1ria.<\/p>\n<p>Em 2006, com a contrata\u00e7\u00e3o do Prof. Railson Henneberg, iniciou-se no LEAC a disciplina de Est\u00e1gio de Viv\u00eancia Profissional em An\u00e1lises Cl\u00ednicas e a partir deste ano v\u00e1rias a\u00e7\u00f5es foram realizadas destacando-se a inscri\u00e7\u00e3o do LEAC no Conselho Regional de Farm\u00e1cia, contrata\u00e7\u00e3o da farmac\u00eautica Aline Emmer como respons\u00e1vel t\u00e9cnica, obten\u00e7\u00e3o da licen\u00e7a sanit\u00e1ria do LAEC e a participa\u00e7\u00e3o do LEAC em programas externos de qualidade.<\/p>\n<p>Em 2009 a cria\u00e7\u00e3o do LEAC foi reconhecida oficialmente atrav\u00e9s da resolu\u00e7\u00e3o n\u00b035\/09- COPLAD.<\/p>\n<p>Em 2011 a Professora Aline Borsato Hauser foi contratada\u00a0como docente e para dar suporte nas quest\u00f5es acad\u00eamicas.<\/p>\n<p>&#8220;Atualmente, o LEAC atende aos cursos de Farm\u00e1cia e Biomedicina da UFPR,\u00a0com aulas no modelo de pr\u00e1ticas espec\u00edficas em An\u00e1lises Cl\u00ednicas, podendo eventualmente fornecer campo de est\u00e1gio,\u00a0al\u00e9m de fornecer estrutura para projetos de pesquisa e extens\u00e3o.&#8221;<\/p>\n<div class=\"x_elementToProof\"><b><u data-olk-copy-source=\"MessageBody\">Hor\u00e1rio de funcionamento:<\/u><\/b><\/div>\n<div class=\"x_elementToProof\">Segunda a Sexta-feira, das 07 \u00e0s 19h<\/div>\n<div><\/div>\n<div class=\"x_elementToProof\"><b><u>Hor\u00e1rio de coleta de material:<\/u><\/b><\/div>\n<div class=\"x_elementToProof\">Segunda a Sexta-feira, das 07:30 \u00e0s 9:30h<\/div>\n<p><strong><u>Telefone para contato:<\/u><\/strong><\/p>\n<p>41-3360-4084<\/p>\n","protected":false},"excerpt":{"rendered":"<p>&nbsp; Laborat\u00f3rio Escola de An\u00e1lises Cl\u00ednicas O Laborat\u00f3rio Escola de\u00a0An\u00e1lises Cl\u00ednicas (LEAC) atua como laborat\u00f3rio did\u00e1tico atrav\u00e9s das disciplinas de Pr\u00e1ticas Espec\u00edficas em An\u00e1lises Cl\u00ednicas e Est\u00e1gios Profissionalizantes em An\u00e1lises Cl\u00ednicas. Os exames s\u00e3o realizados pelos alunos, sob a orienta\u00e7\u00e3o dos professores, e liberados ap\u00f3s supervis\u00e3o da farmac\u00eautica,\u00a0mantendo o sigilo e o respeito no atendimento<br \/> <a href=\"https:\/\/saude.ufpr.br\/dac\/estrutura\/\" class=\"button success small readmore\">Leia mais<\/a><\/p>\n","protected":false},"author":1615,"featured_media":0,"parent":0,"menu_order":0,"comment_status":"closed","ping_status":"closed","template":"","meta":{"_acf_changed":false,"_uag_custom_page_level_css":"","footnotes":""},"class_list":["post-1110","page","type-page","status-publish","hentry"],"acf":[],"featured_image_src":null,"uagb_featured_image_src":{"full":false,"thumbnail":false,"medium":false,"medium_large":false,"large":false,"1536x1536":false,"2048x2048":false,"noticias-thumb":false,"banners-thumb":false,"maisnoticias-thumb":false,"post-thumbnail":false},"uagb_author_info":{"display_name":"Guilherme","author_link":"https:\/\/saude.ufpr.br\/dac\/author\/guilhermematos\/"},"uagb_comment_info":0,"uagb_excerpt":"&nbsp; Laborat\u00f3rio Escola de An\u00e1lises Cl\u00ednicas O Laborat\u00f3rio Escola de\u00a0An\u00e1lises Cl\u00ednicas (LEAC) atua como laborat\u00f3rio did\u00e1tico atrav\u00e9s das disciplinas de Pr\u00e1ticas Espec\u00edficas em An\u00e1lises Cl\u00ednicas e Est\u00e1gios Profissionalizantes em An\u00e1lises Cl\u00ednicas. Os exames s\u00e3o realizados pelos alunos, sob a orienta\u00e7\u00e3o dos professores, e liberados ap\u00f3s supervis\u00e3o da farmac\u00eautica,\u00a0mantendo o sigilo e o respeito no atendimento&hellip;","publishpress_future_action":{"enabled":false,"date":"2026-05-03 13:19:19","action":"change-status","newStatus":"draft","terms":[],"taxonomy":"","extraData":[]},"publishpress_future_workflow_manual_trigger":{"enabledWorkflows":[]},"_links":{"self":[{"href":"https:\/\/saude.ufpr.br\/dac\/wp-json\/wp\/v2\/pages\/1110","targetHints":{"allow":["GET"]}}],"collection":[{"href":"https:\/\/saude.ufpr.br\/dac\/wp-json\/wp\/v2\/pages"}],"about":[{"href":"https:\/\/saude.ufpr.br\/dac\/wp-json\/wp\/v2\/types\/page"}],"author":[{"embeddable":true,"href":"https:\/\/saude.ufpr.br\/dac\/wp-json\/wp\/v2\/users\/1615"}],"replies":[{"embeddable":true,"href":"https:\/\/saude.ufpr.br\/dac\/wp-json\/wp\/v2\/comments?post=1110"}],"version-history":[{"count":6,"href":"https:\/\/saude.ufpr.br\/dac\/wp-json\/wp\/v2\/pages\/1110\/revisions"}],"predecessor-version":[{"id":3068,"href":"https:\/\/saude.ufpr.br\/dac\/wp-json\/wp\/v2\/pages\/1110\/revisions\/3068"}],"wp:attachment":[{"href":"https:\/\/saude.ufpr.br\/dac\/wp-json\/wp\/v2\/media?parent=1110"}],"curies":[{"name":"wp","href":"https:\/\/api.w.org\/{rel}","templated":true}]}}

<p>&nbsp;</p>
<p><strong><u>Laboratório Escola de Análises Clínicas</u></strong></p>
<p><span data-olk-copy-source="MessageBody">O Laboratório Escola de Análises Clínicas (LEAC) atua como laboratório didático através das disciplinas de Práticas Específicas em Análises Clínicas e Estágios Profissionalizantes em Análises Clínicas.</span></p>
<p>Os exames são realizados pelos alunos, sob a orientação dos professores, e liberados após supervisão da farmacêutica, mantendo o sigilo e o respeito no atendimento ao cliente.</p>
<p><strong><u>Certificação</u></strong></p>
<p>O LEAC possui certificação de qualidade da Sociedade Brasileira de Análises Clínicas (SBAC) através do Programa Nacional de Controle de Qualidade (PNCQ), tendo alcançado desempenho &#8220;Excelente&#8221; desde 2015.</p>
<p><strong><u>Histórico</u></strong></p>
<p>O Laboratório Escola de Análises Clínicas da Universidade Federal do Paraná sempre foi um anseio do Curso de Farmácia tendo nas últimas décadas o empenho de vários professores para sua implantação. Desde 1999, sob a liderança principalmente dos Professores Carlos Augusto Albini e Shirley Ramos da Rosa Utiyama, vários projetos foram apresentados ao Setor de Ciências da saúde da UFPR para a viabilização de um Laboratório de Análises Clínicas que atendesse a Comunidade Universitária.</p>
<p>Em 2006, com a contratação do Prof. Railson Henneberg, iniciou-se no LEAC a disciplina de Estágio de Vivência Profissional em Análises Clínicas e a partir deste ano várias ações foram realizadas destacando-se a inscrição do LEAC no Conselho Regional de Farmácia, contratação da farmacêutica Aline Emmer como responsável técnica, obtenção da licença sanitária do LAEC e a participação do LEAC em programas externos de qualidade.</p>
<p>Em 2009 a criação do LEAC foi reconhecida oficialmente através da resolução n°35/09- COPLAD.</p>
<p>Em 2011 a Professora Aline Borsato Hauser foi contratada como docente e para dar suporte nas questões acadêmicas.</p>
<p>&#8220;Atualmente, o LEAC atende aos cursos de Farmácia e Biomedicina da UFPR, com aulas no modelo de práticas específicas em Análises Clínicas, podendo eventualmente fornecer campo de estágio, além de fornecer estrutura para projetos de pesquisa e extensão.&#8221;</p>
<div class="x_elementToProof"><b><u data-olk-copy-source="MessageBody">Horário de funcionamento:</u></b></div>
<div class="x_elementToProof">Segunda a Sexta-feira, das 07 às 19h</div>
<div></div>
<div class="x_elementToProof"><b><u>Horário de coleta de material:</u></b></div>
<div class="x_elementToProof">Segunda a Sexta-feira, das 07:30 às 9:30h</div>
<p><strong><u>Telefone para contato:</u></strong></p>
<p>41-3360-4084</p>

<p>&nbsp; Laboratório Escola de Análises Clínicas O Laboratório Escola de Análises Clínicas (LEAC) atua como laboratório didático através das disciplinas de Práticas Específicas em Análises Clínicas e Estágios Profissionalizantes em Análises Clínicas. Os exames são realizados pelos alunos, sob a orientação dos professores, e liberados após supervisão da farmacêutica, mantendo o sigilo e o respeito no atendimento<br /> <a href="https://saude.ufpr.br/dac/estrutura/" class="button success small readmore">Leia mais</a></p>

&nbsp; Laboratório Escola de Análises Clínicas O Laboratório Escola de Análises Clínicas (LEAC) atua como laboratório didático através das disciplinas de Práticas Específicas em Análises Clínicas e Estágios Profissionalizantes em Análises Clínicas. Os exames são realizados pelos alunos, sob a orientação dos professores, e liberados após supervisão da farmacêutica, mantendo o sigilo e o respeito no atendimento&hellip;
