{"id":1114,"date":"2019-08-21T11:27:28","date_gmt":"2019-08-21T11:27:28","guid":{"rendered":"http:\/\/200.17.196.19\/dac\/?page_id=1114"},"modified":"2024-09-24T14:19:14","modified_gmt":"2024-09-24T14:19:14","slug":"contato","status":"publish","type":"page","link":"https:\/\/saude.ufpr.br\/dac\/contato\/","title":{"rendered":"Contato"},"content":{"rendered":"<h4><strong>Departamento<\/strong><\/h4>\n<p>Chefe: Prof\u00aa Dr\u00aa Aline Borsato Hauser<\/p>\n<p>Vice\/Suplente: Prof\u00aa Dr\u00aa Meri Bordignon Nogueira<\/p>\n<p>Telefone: 3360-4146<\/p>\n<p>e-mail: dac.ufpr@ufpr.br<\/p>\n<p>Assistente em Administra\u00e7\u00e3o: Walderlei Eder de Oliveira<\/p>\n<p>Hor\u00e1rio de Atendimento &#8211; Segunda a Sexta-feira: 9h00 \u00e0s 12h00\/ 14h00 \u00e0s 19h00<\/p>\n<p>&nbsp;<\/p>\n<p>&nbsp;<\/p>\n","protected":false},"excerpt":{"rendered":"<p>Departamento Chefe: Prof\u00aa Dr\u00aa Aline Borsato Hauser Vice\/Suplente: Prof\u00aa Dr\u00aa Meri Bordignon Nogueira Telefone: 3360-4146 e-mail: dac.ufpr@ufpr.br Assistente em Administra\u00e7\u00e3o: Walderlei Eder de Oliveira Hor\u00e1rio de Atendimento &#8211; Segunda a Sexta-feira: 9h00 \u00e0s 12h00\/ 14h00 \u00e0s 19h00 &nbsp; &nbsp;<\/p>\n","protected":false},"author":1615,"featured_media":0,"parent":0,"menu_order":0,"comment_status":"closed","ping_status":"closed","template":"","meta":{"_acf_changed":false,"_uag_custom_page_level_css":"","footnotes":""},"class_list":["post-1114","page","type-page","status-publish","hentry"],"acf":[],"featured_image_src":null,"uagb_featured_image_src":{"full":false,"thumbnail":false,"medium":false,"medium_large":false,"large":false,"1536x1536":false,"2048x2048":false,"noticias-thumb":false,"banners-thumb":false,"maisnoticias-thumb":false,"post-thumbnail":false},"uagb_author_info":{"display_name":"Guilherme","author_link":"https:\/\/saude.ufpr.br\/dac\/author\/guilhermematos\/"},"uagb_comment_info":0,"uagb_excerpt":"Departamento Chefe: Prof\u00aa Dr\u00aa Aline Borsato Hauser Vice\/Suplente: Prof\u00aa Dr\u00aa Meri Bordignon Nogueira Telefone: 3360-4146 e-mail: dac.ufpr@ufpr.br Assistente em Administra\u00e7\u00e3o: Walderlei Eder de Oliveira Hor\u00e1rio de Atendimento &#8211; Segunda a Sexta-feira: 9h00 \u00e0s 12h00\/ 14h00 \u00e0s 19h00 &nbsp; &nbsp;","publishpress_future_action":{"enabled":false,"date":"2026-05-04 01:47:39","action":"change-status","newStatus":"draft","terms":[],"taxonomy":"","extraData":[]},"publishpress_future_workflow_manual_trigger":{"enabledWorkflows":[]},"_links":{"self":[{"href":"https:\/\/saude.ufpr.br\/dac\/wp-json\/wp\/v2\/pages\/1114","targetHints":{"allow":["GET"]}}],"collection":[{"href":"https:\/\/saude.ufpr.br\/dac\/wp-json\/wp\/v2\/pages"}],"about":[{"href":"https:\/\/saude.ufpr.br\/dac\/wp-json\/wp\/v2\/types\/page"}],"author":[{"embeddable":true,"href":"https:\/\/saude.ufpr.br\/dac\/wp-json\/wp\/v2\/users\/1615"}],"replies":[{"embeddable":true,"href":"https:\/\/saude.ufpr.br\/dac\/wp-json\/wp\/v2\/comments?post=1114"}],"version-history":[{"count":7,"href":"https:\/\/saude.ufpr.br\/dac\/wp-json\/wp\/v2\/pages\/1114\/revisions"}],"predecessor-version":[{"id":3022,"href":"https:\/\/saude.ufpr.br\/dac\/wp-json\/wp\/v2\/pages\/1114\/revisions\/3022"}],"wp:attachment":[{"href":"https:\/\/saude.ufpr.br\/dac\/wp-json\/wp\/v2\/media?parent=1114"}],"curies":[{"name":"wp","href":"https:\/\/api.w.org\/{rel}","templated":true}]}}

<h4><strong>Departamento</strong></h4>
<p>Chefe: Profª Drª Aline Borsato Hauser</p>
<p>Vice/Suplente: Profª Drª Meri Bordignon Nogueira</p>
<p>Telefone: 3360-4146</p>
<p>e-mail: dac.ufpr@ufpr.br</p>
<p>Assistente em Administração: Walderlei Eder de Oliveira</p>
<p>Horário de Atendimento &#8211; Segunda a Sexta-feira: 9h00 às 12h00/ 14h00 às 19h00</p>
<p>&nbsp;</p>
<p>&nbsp;</p>

<p>Departamento Chefe: Profª Drª Aline Borsato Hauser Vice/Suplente: Profª Drª Meri Bordignon Nogueira Telefone: 3360-4146 e-mail: dac.ufpr@ufpr.br Assistente em Administração: Walderlei Eder de Oliveira Horário de Atendimento &#8211; Segunda a Sexta-feira: 9h00 às 12h00/ 14h00 às 19h00 &nbsp; &nbsp;</p>

Departamento Chefe: Profª Drª Aline Borsato Hauser Vice/Suplente: Profª Drª Meri Bordignon Nogueira Telefone: 3360-4146 e-mail: dac.ufpr@ufpr.br Assistente em Administração: Walderlei Eder de Oliveira Horário de Atendimento &#8211; Segunda a Sexta-feira: 9h00 às 12h00/ 14h00 às 19h00 &nbsp; &nbsp;
