{"id":12,"date":"2015-02-26T18:56:50","date_gmt":"2015-02-26T18:56:50","guid":{"rendered":"http:\/\/saude.local\/gmpi\/?page_id=12"},"modified":"2025-06-04T19:29:19","modified_gmt":"2025-06-04T19:29:19","slug":"historico","status":"publish","type":"page","link":"https:\/\/saude.ufpr.br\/dac\/historico\/","title":{"rendered":"Hist\u00f3rico"},"content":{"rendered":"<p style=\"text-align: left\">O Departamento de An\u00e1lises Cl\u00ednicas (DAC), vinculado a Setor de Ci\u00eancias da Sa\u00fade da Universidade Federal do Paran\u00e1, \u00e9 compostos por docentes que ministram disciplinas profissionalizantes das \u00c1reas de An\u00e1lises Cl\u00ednicas e Toxicol\u00f3gicas para o Curso de Farm\u00e1cia da UFPR.<\/p>\n<p style=\"text-align: left\">O DAC foi originado da separa\u00e7\u00e3o do Departamento de Patologia M\u00e9dica que albergava docentes Farmac\u00eauticos e M\u00e9dicos. Em <u>outubro de 2011<\/u>, o ent\u00e3o Departamento de Patologia M\u00e9dica por unanimidade, decide pela separa\u00e7\u00e3o, propondo o novo Departamento de An\u00e1lises Cl\u00ednicas a ser composto pelos docentes Farmac\u00eauticos, sendo que os docentes m\u00e9dicos permaneceriam com a denomina\u00e7\u00e3o Patologia M\u00e9dica. O processo de separa\u00e7\u00e3o departamental (processo SEI n\u00ba 23075.027179\/2012-12) foi efetivamente aberto em 25\/06\/2012, onde a sede do DAC ficaria estabelecida na subsede do Setor de Ci\u00eancias da Sa\u00fade da UFPR, sendo aprovado em reuni\u00e3o do Conselho Setorial em 20\/07\/2012.<\/p>\n<p style=\"text-align: left\">A Resolu\u00e7\u00e3o n\u00ba 04\/13 &#8211; COUN de 12 de mar\u00e7o de 2013 formaliza a cria\u00e7\u00e3o do Departamento de An\u00e1lises Cl\u00ednicas.<\/p>\n<p style=\"text-align: left\"><strong>Primeiros membros do Departamento de An\u00e1lises Cl\u00ednicas<\/strong>: Aline Borsato Hauser, Almeriane Maria Weffort Santos, Cyntia Maria Telles Fadel Picheth, Dayane Alberton, Fabiane Gomes de Moraes Rego, Geraldo Picheth, Gisele Pesquero Fernandes, Maria Suely Soares, Meri Bordignon Nogueira, Paulo Henrique da Siva, Paulo Roberto Wunder, Railson Henneberg, Rog\u00e9rio Luiz Kopp, Sandro Germano, Shirley Ramos da Rosa Utiyama, Sofia Joana Terlecki Hanke, Wesley Maur\u00edcio de Souza e Val\u00e9ria Pereira Ferrer (substituta), bem como dos servidores t\u00e9cnicos administrativos: Aline Emmer Ferreira, C\u00e9lia Rocio Silva Villas Boas, Clari Terezinha Cavilhuka, Irene Ermelino do Santos, Marina Lacerda Mazanek, Monica Surek, Sidnei Strapa\u00e7\u00e3o e Walderlei Eder de Oliveira.<\/p>\n<p style=\"text-align: left\"><strong>Chefias do Departamento de An\u00e1lises Cl\u00ednicas (hist\u00f3rico):<\/strong><\/p>\n<ul>\n<li>2012-2013 \u2013 Prof. Geraldo Picheth (Chefe) e Prof. Paulo Henrique da Silva (Vice-Chefe), conduziram o processo de separa\u00e7\u00e3o departamental, ainda lotados no Departamento de Patologia M\u00e9dica.<\/li>\n<li>2013-2015 \u2013 Prof. Sandro Germano (Chefe) e Prof. Railson Henneberg (Vice-Chefe), que ficam registrados como os primeiros a ocupar formalmente a chefia do DAC.<\/li>\n<li>2015-2017 \u2013 Prof. Railson Henneberg (Chefe) e Prof. Wesley Maur\u00edcio de Souza (Vice-Chefe).<\/li>\n<li>2017-2019 \u2013 Prof. Paulo Roberto Wunder (Chefe) e Prof. Ricardo Wagner (Vice-Chefe).<\/li>\n<li>2019-2021 \u2013 Profa. Izabella Castilhos Ribeiro dos Santos Weiss (Chefe) e Profa. Mauren Isfer Anghebem (Vice-Chefe).<\/li>\n<li>2021-2022 \u2013 Profa. Izabella Castilhos Ribeiro dos Santos Weiss (Chefe) e Profa. Mauren Isfer Anghebem (Vice-Chefe).<\/li>\n<li>2022-2024 &#8211; Profa. Karina Bettega Felipe (Chefe) e Prof. Wesley Maur\u00edcio de Souza (Vice-Chefe)<\/li>\n<li>2024-2026 &#8211; Profa. Aline Borsato Hauser (Chefe) e Profa. Meri Bordignon Nogueira (Vice-Chefe) Atual Chefia<\/li>\n<\/ul>\n","protected":false},"excerpt":{"rendered":"<p>O Departamento de An\u00e1lises Cl\u00ednicas (DAC), vinculado a Setor de Ci\u00eancias da Sa\u00fade da Universidade Federal do Paran\u00e1, \u00e9 compostos por docentes que ministram disciplinas profissionalizantes das \u00c1reas de An\u00e1lises Cl\u00ednicas e Toxicol\u00f3gicas para o Curso de Farm\u00e1cia da UFPR. O DAC foi originado da separa\u00e7\u00e3o do Departamento de Patologia M\u00e9dica que albergava docentes Farmac\u00eauticos<br \/> <a href=\"https:\/\/saude.ufpr.br\/dac\/historico\/\" class=\"button success small readmore\">Leia mais<\/a><\/p>\n","protected":false},"author":1615,"featured_media":0,"parent":0,"menu_order":0,"comment_status":"open","ping_status":"open","template":"","meta":{"_acf_changed":false,"_uag_custom_page_level_css":"","footnotes":""},"class_list":["post-12","page","type-page","status-publish","hentry"],"acf":[],"featured_image_src":null,"uagb_featured_image_src":{"full":false,"thumbnail":false,"medium":false,"medium_large":false,"large":false,"1536x1536":false,"2048x2048":false,"noticias-thumb":false,"banners-thumb":false,"maisnoticias-thumb":false,"post-thumbnail":false},"uagb_author_info":{"display_name":"Guilherme","author_link":"https:\/\/saude.ufpr.br\/dac\/author\/guilhermematos\/"},"uagb_comment_info":0,"uagb_excerpt":"O Departamento de An\u00e1lises Cl\u00ednicas (DAC), vinculado a Setor de Ci\u00eancias da Sa\u00fade da Universidade Federal do Paran\u00e1, \u00e9 compostos por docentes que ministram disciplinas profissionalizantes das \u00c1reas de An\u00e1lises Cl\u00ednicas e Toxicol\u00f3gicas para o Curso de Farm\u00e1cia da UFPR. O DAC foi originado da separa\u00e7\u00e3o do Departamento de Patologia M\u00e9dica que albergava docentes Farmac\u00eauticos&hellip;","publishpress_future_action":{"enabled":false,"date":"2026-05-03 03:23:26","action":"change-status","newStatus":"draft","terms":[],"taxonomy":"","extraData":[]},"publishpress_future_workflow_manual_trigger":{"enabledWorkflows":[]},"_links":{"self":[{"href":"https:\/\/saude.ufpr.br\/dac\/wp-json\/wp\/v2\/pages\/12","targetHints":{"allow":["GET"]}}],"collection":[{"href":"https:\/\/saude.ufpr.br\/dac\/wp-json\/wp\/v2\/pages"}],"about":[{"href":"https:\/\/saude.ufpr.br\/dac\/wp-json\/wp\/v2\/types\/page"}],"author":[{"embeddable":true,"href":"https:\/\/saude.ufpr.br\/dac\/wp-json\/wp\/v2\/users\/1615"}],"replies":[{"embeddable":true,"href":"https:\/\/saude.ufpr.br\/dac\/wp-json\/wp\/v2\/comments?post=12"}],"version-history":[{"count":8,"href":"https:\/\/saude.ufpr.br\/dac\/wp-json\/wp\/v2\/pages\/12\/revisions"}],"predecessor-version":[{"id":3032,"href":"https:\/\/saude.ufpr.br\/dac\/wp-json\/wp\/v2\/pages\/12\/revisions\/3032"}],"wp:attachment":[{"href":"https:\/\/saude.ufpr.br\/dac\/wp-json\/wp\/v2\/media?parent=12"}],"curies":[{"name":"wp","href":"https:\/\/api.w.org\/{rel}","templated":true}]}}