{"id":2424,"date":"2020-03-12T17:12:41","date_gmt":"2020-03-12T17:12:41","guid":{"rendered":"https:\/\/saude.ufpr.br\/dac\/?page_id=2424"},"modified":"2025-06-04T19:35:27","modified_gmt":"2025-06-04T19:35:27","slug":"concursos","status":"publish","type":"page","link":"https:\/\/saude.ufpr.br\/dac\/em-andamento\/concursos\/","title":{"rendered":"Concursos"},"content":{"rendered":"<p>Informa\u00e7\u00e3o:<\/p>\n<p><strong>&#8220;Cabe ao candidato, sob sua inteira responsabilidade, acompanhar a publica\u00e7\u00e3o de todos os atos, editais e comunicados referentes ao Concurso P\u00fablico, por meio do endere\u00e7o eletr\u00f4nico do Departamento de An\u00e1lises Cl\u00ednicas e do Edital do Curso de Farm\u00e1cia da UFPR, principalmente no que se refere a altera\u00e7\u00f5es no cronograma, bem como a publica\u00e7\u00e3o dos candidatos &#8220;n\u00e3o eliminados&#8221; de cada etapa do certame&#8221;.<\/strong><\/p>\n<p>Endere\u00e7o eletr\u00f4nico: <a href=\"https:\/\/saude.ufpr.br\/dac\/em-andamento\/\" target=\"_blank\" rel=\"noopener\">https:\/\/saude.ufpr.br\/dac\/em-andamento\/<\/a><\/p>\n<p>&nbsp;<\/p>\n","protected":false},"excerpt":{"rendered":"<p>Informa\u00e7\u00e3o: &#8220;Cabe ao candidato, sob sua inteira responsabilidade, acompanhar a publica\u00e7\u00e3o de todos os atos, editais e comunicados referentes ao Concurso P\u00fablico, por meio do endere\u00e7o eletr\u00f4nico do Departamento de An\u00e1lises Cl\u00ednicas e do Edital do Curso de Farm\u00e1cia da UFPR, principalmente no que se refere a altera\u00e7\u00f5es no cronograma, bem como a publica\u00e7\u00e3o dos<br \/> <a href=\"https:\/\/saude.ufpr.br\/dac\/em-andamento\/concursos\/\" class=\"button success small readmore\">Leia mais<\/a><\/p>\n","protected":false},"author":1615,"featured_media":0,"parent":2453,"menu_order":0,"comment_status":"closed","ping_status":"closed","template":"","meta":{"_acf_changed":false,"_uag_custom_page_level_css":"","footnotes":""},"class_list":["post-2424","page","type-page","status-publish","hentry"],"acf":[],"featured_image_src":null,"uagb_featured_image_src":{"full":false,"thumbnail":false,"medium":false,"medium_large":false,"large":false,"1536x1536":false,"2048x2048":false,"noticias-thumb":false,"banners-thumb":false,"maisnoticias-thumb":false,"post-thumbnail":false},"uagb_author_info":{"display_name":"Guilherme","author_link":"https:\/\/saude.ufpr.br\/dac\/author\/guilhermematos\/"},"uagb_comment_info":0,"uagb_excerpt":"Informa\u00e7\u00e3o: &#8220;Cabe ao candidato, sob sua inteira responsabilidade, acompanhar a publica\u00e7\u00e3o de todos os atos, editais e comunicados referentes ao Concurso P\u00fablico, por meio do endere\u00e7o eletr\u00f4nico do Departamento de An\u00e1lises Cl\u00ednicas e do Edital do Curso de Farm\u00e1cia da UFPR, principalmente no que se refere a altera\u00e7\u00f5es no cronograma, bem como a publica\u00e7\u00e3o dos&hellip;","publishpress_future_action":{"enabled":false,"date":"2026-05-03 16:50:28","action":"change-status","newStatus":"draft","terms":[],"taxonomy":"","extraData":[]},"publishpress_future_workflow_manual_trigger":{"enabledWorkflows":[]},"_links":{"self":[{"href":"https:\/\/saude.ufpr.br\/dac\/wp-json\/wp\/v2\/pages\/2424","targetHints":{"allow":["GET"]}}],"collection":[{"href":"https:\/\/saude.ufpr.br\/dac\/wp-json\/wp\/v2\/pages"}],"about":[{"href":"https:\/\/saude.ufpr.br\/dac\/wp-json\/wp\/v2\/types\/page"}],"author":[{"embeddable":true,"href":"https:\/\/saude.ufpr.br\/dac\/wp-json\/wp\/v2\/users\/1615"}],"replies":[{"embeddable":true,"href":"https:\/\/saude.ufpr.br\/dac\/wp-json\/wp\/v2\/comments?post=2424"}],"version-history":[{"count":5,"href":"https:\/\/saude.ufpr.br\/dac\/wp-json\/wp\/v2\/pages\/2424\/revisions"}],"predecessor-version":[{"id":3035,"href":"https:\/\/saude.ufpr.br\/dac\/wp-json\/wp\/v2\/pages\/2424\/revisions\/3035"}],"up":[{"embeddable":true,"href":"https:\/\/saude.ufpr.br\/dac\/wp-json\/wp\/v2\/pages\/2453"}],"wp:attachment":[{"href":"https:\/\/saude.ufpr.br\/dac\/wp-json\/wp\/v2\/media?parent=2424"}],"curies":[{"name":"wp","href":"https:\/\/api.w.org\/{rel}","templated":true}]}}

<p>Informação:</p>
<p><strong>&#8220;Cabe ao candidato, sob sua inteira responsabilidade, acompanhar a publicação de todos os atos, editais e comunicados referentes ao Concurso Público, por meio do endereço eletrônico do Departamento de Análises Clínicas e do Edital do Curso de Farmácia da UFPR, principalmente no que se refere a alterações no cronograma, bem como a publicação dos candidatos &#8220;não eliminados&#8221; de cada etapa do certame&#8221;.</strong></p>
<p>Endereço eletrônico: <a href="https://saude.ufpr.br/dac/em-andamento/" target="_blank" rel="noopener">https://saude.ufpr.br/dac/em-andamento/</a></p>
<p>&nbsp;</p>

<p>Informação: &#8220;Cabe ao candidato, sob sua inteira responsabilidade, acompanhar a publicação de todos os atos, editais e comunicados referentes ao Concurso Público, por meio do endereço eletrônico do Departamento de Análises Clínicas e do Edital do Curso de Farmácia da UFPR, principalmente no que se refere a alterações no cronograma, bem como a publicação dos<br /> <a href="https://saude.ufpr.br/dac/em-andamento/concursos/" class="button success small readmore">Leia mais</a></p>

Informação: &#8220;Cabe ao candidato, sob sua inteira responsabilidade, acompanhar a publicação de todos os atos, editais e comunicados referentes ao Concurso Público, por meio do endereço eletrônico do Departamento de Análises Clínicas e do Edital do Curso de Farmácia da UFPR, principalmente no que se refere a alterações no cronograma, bem como a publicação dos&hellip;
