{"id":1108,"date":"2020-09-14T17:35:59","date_gmt":"2020-09-14T17:35:59","guid":{"rendered":"https:\/\/saude.ufpr.br\/departamentocirurgia\/?page_id=1108"},"modified":"2024-10-15T14:10:02","modified_gmt":"2024-10-15T14:10:02","slug":"apresentacao","status":"publish","type":"page","link":"https:\/\/saude.ufpr.br\/departamentocirurgia\/apresentacao\/","title":{"rendered":"III Jornada Cient\u00edfica do Departamento de Cirurgia 2024 da UFPR"},"content":{"rendered":"<div class=\"flex-shrink-0 flex flex-col relative items-end\">\n<div class=\"pt-0\">\n<div class=\"gizmo-bot-avatar flex h-8 w-8 items-center justify-center overflow-hidden rounded-full\">\n<div class=\"relative p-1 rounded-sm flex items-center justify-center bg-token-main-surface-primary text-token-text-primary h-8 w-8\">\n<div class=\"flex-shrink-0 flex flex-col relative items-end\">\n<div>\n<div class=\"pt-0\">\n<div class=\"gizmo-bot-avatar flex h-8 w-8 items-center justify-center overflow-hidden rounded-full\">\n<div class=\"relative p-1 rounded-sm flex items-center justify-center bg-token-main-surface-primary text-token-text-primary h-8 w-8\">A III Jornada Cient\u00edfica do Departamento de Cirurgia 2024 da UFPR, acontecer\u00e1 nos dias 8 e 9 de novembro de 2024 no Audit\u00f3rio do Setor de Ci\u00eancias da Sa\u00fade. O evento contar\u00e1 com palestras e confer\u00eancias sobre os avan\u00e7os no tratamento cir\u00fargico do c\u00e2ncer, com a presen\u00e7a de renomados especialistas, como o Prof. Dr. Ulysses Ribeiro J\u00fanior (USP) e o Prof. Dr. Matthias Siebeck (Universidade de Munique). Haver\u00e1 tamb\u00e9m apresenta\u00e7\u00e3o de trabalhos cient\u00edficos e temas livres. Inscreva-se e participe para compartilhar conhecimento e inova\u00e7\u00f5es!<\/div>\n<\/div>\n<\/div>\n<\/div>\n<\/div>\n<\/div>\n<div><\/div>\n<\/div>\n<\/div>\n<\/div>\n<div><\/div>\n<div class=\"flex-shrink-0 flex flex-col relative items-end\">\n<div class=\"pt-0\">\n<div class=\"gizmo-bot-avatar flex h-8 w-8 items-center justify-center overflow-hidden rounded-full\">\n<div><\/div>\n<div><\/div>\n<\/div>\n<\/div>\n<\/div>\n","protected":false},"excerpt":{"rendered":"<p>A III Jornada Cient\u00edfica do Departamento de Cirurgia 2024 da UFPR, acontecer\u00e1 nos dias 8 e 9 de novembro de 2024 no Audit\u00f3rio do Setor de Ci\u00eancias da Sa\u00fade. O evento contar\u00e1 com palestras e confer\u00eancias sobre os avan\u00e7os no tratamento cir\u00fargico do c\u00e2ncer, com a presen\u00e7a de renomados especialistas, como o Prof. Dr. Ulysses<br \/> <a href=\"https:\/\/saude.ufpr.br\/departamentocirurgia\/apresentacao\/\" class=\"button success small readmore\">Leia mais<\/a><\/p>\n","protected":false},"author":1615,"featured_media":0,"parent":0,"menu_order":0,"comment_status":"closed","ping_status":"closed","template":"","meta":{"_acf_changed":false,"_uag_custom_page_level_css":"","footnotes":""},"class_list":["post-1108","page","type-page","status-publish","hentry"],"acf":[],"featured_image_src":null,"uagb_featured_image_src":{"full":false,"thumbnail":false,"medium":false,"medium_large":false,"large":false,"1536x1536":false,"2048x2048":false,"noticias-thumb":false,"banners-thumb":false,"maisnoticias-thumb":false,"post-thumbnail":false},"uagb_author_info":{"display_name":"Guilherme","author_link":"https:\/\/saude.ufpr.br\/departamentocirurgia\/author\/guilhermematos\/"},"uagb_comment_info":0,"uagb_excerpt":"A III Jornada Cient\u00edfica do Departamento de Cirurgia 2024 da UFPR, acontecer\u00e1 nos dias 8 e 9 de novembro de 2024 no Audit\u00f3rio do Setor de Ci\u00eancias da Sa\u00fade. O evento contar\u00e1 com palestras e confer\u00eancias sobre os avan\u00e7os no tratamento cir\u00fargico do c\u00e2ncer, com a presen\u00e7a de renomados especialistas, como o Prof. Dr. Ulysses&hellip;","publishpress_future_action":{"enabled":false,"date":"2026-05-06 07:46:45","action":"change-status","newStatus":"draft","terms":[],"taxonomy":"","extraData":[]},"publishpress_future_workflow_manual_trigger":{"enabledWorkflows":[]},"_links":{"self":[{"href":"https:\/\/saude.ufpr.br\/departamentocirurgia\/wp-json\/wp\/v2\/pages\/1108","targetHints":{"allow":["GET"]}}],"collection":[{"href":"https:\/\/saude.ufpr.br\/departamentocirurgia\/wp-json\/wp\/v2\/pages"}],"about":[{"href":"https:\/\/saude.ufpr.br\/departamentocirurgia\/wp-json\/wp\/v2\/types\/page"}],"author":[{"embeddable":true,"href":"https:\/\/saude.ufpr.br\/departamentocirurgia\/wp-json\/wp\/v2\/users\/1615"}],"replies":[{"embeddable":true,"href":"https:\/\/saude.ufpr.br\/departamentocirurgia\/wp-json\/wp\/v2\/comments?post=1108"}],"version-history":[{"count":18,"href":"https:\/\/saude.ufpr.br\/departamentocirurgia\/wp-json\/wp\/v2\/pages\/1108\/revisions"}],"predecessor-version":[{"id":1706,"href":"https:\/\/saude.ufpr.br\/departamentocirurgia\/wp-json\/wp\/v2\/pages\/1108\/revisions\/1706"}],"wp:attachment":[{"href":"https:\/\/saude.ufpr.br\/departamentocirurgia\/wp-json\/wp\/v2\/media?parent=1108"}],"curies":[{"name":"wp","href":"https:\/\/api.w.org\/{rel}","templated":true}]}}

III Jornada Científica do Departamento de Cirurgia 2024 da UFPR

<div class="flex-shrink-0 flex flex-col relative items-end">
<div class="pt-0">
<div class="gizmo-bot-avatar flex h-8 w-8 items-center justify-center overflow-hidden rounded-full">
<div class="relative p-1 rounded-sm flex items-center justify-center bg-token-main-surface-primary text-token-text-primary h-8 w-8">
<div class="flex-shrink-0 flex flex-col relative items-end">
<div>
<div class="pt-0">
<div class="gizmo-bot-avatar flex h-8 w-8 items-center justify-center overflow-hidden rounded-full">
<div class="relative p-1 rounded-sm flex items-center justify-center bg-token-main-surface-primary text-token-text-primary h-8 w-8">A III Jornada Científica do Departamento de Cirurgia 2024 da UFPR, acontecerá nos dias 8 e 9 de novembro de 2024 no Auditório do Setor de Ciências da Saúde. O evento contará com palestras e conferências sobre os avanços no tratamento cirúrgico do câncer, com a presença de renomados especialistas, como o Prof. Dr. Ulysses Ribeiro Júnior (USP) e o Prof. Dr. Matthias Siebeck (Universidade de Munique). Haverá também apresentação de trabalhos científicos e temas livres. Inscreva-se e participe para compartilhar conhecimento e inovações!</div>
</div>
</div>
</div>
</div>
</div>
<div></div>
</div>
</div>
</div>
<div></div>
<div class="flex-shrink-0 flex flex-col relative items-end">
<div class="pt-0">
<div class="gizmo-bot-avatar flex h-8 w-8 items-center justify-center overflow-hidden rounded-full">
<div></div>
<div></div>
</div>
</div>
</div>

<p>A III Jornada Científica do Departamento de Cirurgia 2024 da UFPR, acontecerá nos dias 8 e 9 de novembro de 2024 no Auditório do Setor de Ciências da Saúde. O evento contará com palestras e conferências sobre os avanços no tratamento cirúrgico do câncer, com a presença de renomados especialistas, como o Prof. Dr. Ulysses<br /> <a href="https://saude.ufpr.br/departamentocirurgia/apresentacao/" class="button success small readmore">Leia mais</a></p>

A III Jornada Científica do Departamento de Cirurgia 2024 da UFPR, acontecerá nos dias 8 e 9 de novembro de 2024 no Auditório do Setor de Ciências da Saúde. O evento contará com palestras e conferências sobre os avanços no tratamento cirúrgico do câncer, com a presença de renomados especialistas, como o Prof. Dr. Ulysses&hellip;
