{"id":1132,"date":"2020-09-14T17:41:20","date_gmt":"2020-09-14T17:41:20","guid":{"rendered":"https:\/\/saude.ufpr.br\/departamentocirurgia\/?page_id=1132"},"modified":"2024-01-11T16:57:32","modified_gmt":"2024-01-11T16:57:32","slug":"contatos","status":"publish","type":"page","link":"https:\/\/saude.ufpr.br\/departamentocirurgia\/contatos\/","title":{"rendered":"Contatos"},"content":{"rendered":"<p><a href=\"departamentodecirurgia@ufpr.br\">Departamento de Cirurgia:<\/a><br \/>\n<a href=\"departamentodecirurgia@ufpr.br\">departamentodecirurgia@ufpr.br<\/a><\/p>\n<p><a href=\"http:\/\/www.pgclinicacirurgica.ufpr.br\/\">P\u00f3s-Gradua\u00e7\u00e3o em Cl\u00ednica Cir\u00fargica<\/a>:<br \/>\n<a href=\"mailto:pgclinicacirurgica@ufpr.br\">pgclinicacirurgica@ufpr.br<\/a><\/p>\n<p><a href=\"https:\/\/saude.ufpr.br\/medicina\/\" target=\"_blank\" rel=\"noopener noreferrer\">Coordena\u00e7\u00e3o do Curso de Medicina<\/a><br \/>\n<a href=\"mailto:medicina@ufpr.br\">medicina@ufpr.br<\/a><\/p>\n<p><a href=\"https:\/\/saude.ufpr.br\/\" target=\"_blank\" rel=\"noopener noreferrer\">Setor de Ci\u00eancias da Sa\u00fade<\/a><br \/>\n<a href=\"mailto:direcaosaude@ufpr.br\">direcaosaude@ufpr.br<\/a><\/p>\n","protected":false},"excerpt":{"rendered":"<p>Departamento de Cirurgia: departamentodecirurgia@ufpr.br P\u00f3s-Gradua\u00e7\u00e3o em Cl\u00ednica Cir\u00fargica: pgclinicacirurgica@ufpr.br Coordena\u00e7\u00e3o do Curso de Medicina medicina@ufpr.br Setor de Ci\u00eancias da Sa\u00fade direcaosaude@ufpr.br<\/p>\n","protected":false},"author":1615,"featured_media":0,"parent":0,"menu_order":0,"comment_status":"closed","ping_status":"closed","template":"","meta":{"_acf_changed":false,"_uag_custom_page_level_css":"","footnotes":""},"class_list":["post-1132","page","type-page","status-publish","hentry"],"acf":[],"featured_image_src":null,"uagb_featured_image_src":{"full":false,"thumbnail":false,"medium":false,"medium_large":false,"large":false,"1536x1536":false,"2048x2048":false,"noticias-thumb":false,"banners-thumb":false,"maisnoticias-thumb":false,"post-thumbnail":false},"uagb_author_info":{"display_name":"Guilherme","author_link":"https:\/\/saude.ufpr.br\/departamentocirurgia\/author\/guilhermematos\/"},"uagb_comment_info":0,"uagb_excerpt":"Departamento de Cirurgia: departamentodecirurgia@ufpr.br P\u00f3s-Gradua\u00e7\u00e3o em Cl\u00ednica Cir\u00fargica: pgclinicacirurgica@ufpr.br Coordena\u00e7\u00e3o do Curso de Medicina medicina@ufpr.br Setor de Ci\u00eancias da Sa\u00fade direcaosaude@ufpr.br","publishpress_future_action":{"enabled":false,"date":"2026-05-06 07:50:53","action":"change-status","newStatus":"draft","terms":[],"taxonomy":"","extraData":[]},"publishpress_future_workflow_manual_trigger":{"enabledWorkflows":[]},"_links":{"self":[{"href":"https:\/\/saude.ufpr.br\/departamentocirurgia\/wp-json\/wp\/v2\/pages\/1132","targetHints":{"allow":["GET"]}}],"collection":[{"href":"https:\/\/saude.ufpr.br\/departamentocirurgia\/wp-json\/wp\/v2\/pages"}],"about":[{"href":"https:\/\/saude.ufpr.br\/departamentocirurgia\/wp-json\/wp\/v2\/types\/page"}],"author":[{"embeddable":true,"href":"https:\/\/saude.ufpr.br\/departamentocirurgia\/wp-json\/wp\/v2\/users\/1615"}],"replies":[{"embeddable":true,"href":"https:\/\/saude.ufpr.br\/departamentocirurgia\/wp-json\/wp\/v2\/comments?post=1132"}],"version-history":[{"count":5,"href":"https:\/\/saude.ufpr.br\/departamentocirurgia\/wp-json\/wp\/v2\/pages\/1132\/revisions"}],"predecessor-version":[{"id":1572,"href":"https:\/\/saude.ufpr.br\/departamentocirurgia\/wp-json\/wp\/v2\/pages\/1132\/revisions\/1572"}],"wp:attachment":[{"href":"https:\/\/saude.ufpr.br\/departamentocirurgia\/wp-json\/wp\/v2\/media?parent=1132"}],"curies":[{"name":"wp","href":"https:\/\/api.w.org\/{rel}","templated":true}]}}

<p><a href="departamentodecirurgia@ufpr.br">Departamento de Cirurgia:</a><br />
<a href="departamentodecirurgia@ufpr.br">departamentodecirurgia@ufpr.br</a></p>
<p><a href="http://www.pgclinicacirurgica.ufpr.br/">Pós-Graduação em Clínica Cirúrgica</a>:<br />
<a href="mailto:pgclinicacirurgica@ufpr.br">pgclinicacirurgica@ufpr.br</a></p>
<p><a href="https://saude.ufpr.br/medicina/" target="_blank" rel="noopener noreferrer">Coordenação do Curso de Medicina</a><br />
<a href="mailto:medicina@ufpr.br">medicina@ufpr.br</a></p>
<p><a href="https://saude.ufpr.br/" target="_blank" rel="noopener noreferrer">Setor de Ciências da Saúde</a><br />
<a href="mailto:direcaosaude@ufpr.br">direcaosaude@ufpr.br</a></p>

<p>Departamento de Cirurgia: departamentodecirurgia@ufpr.br Pós-Graduação em Clínica Cirúrgica: pgclinicacirurgica@ufpr.br Coordenação do Curso de Medicina medicina@ufpr.br Setor de Ciências da Saúde direcaosaude@ufpr.br</p>

Departamento de Cirurgia: departamentodecirurgia@ufpr.br Pós-Graduação em Clínica Cirúrgica: pgclinicacirurgica@ufpr.br Coordenação do Curso de Medicina medicina@ufpr.br Setor de Ciências da Saúde direcaosaude@ufpr.br
