{"id":72,"date":"2015-03-03T18:24:28","date_gmt":"2015-03-03T18:24:28","guid":{"rendered":"http:\/\/saude.local\/gmpi\/?page_id=72"},"modified":"2026-06-12T14:31:36","modified_gmt":"2026-06-12T14:31:36","slug":"informativos","status":"publish","type":"page","link":"https:\/\/saude.ufpr.br\/departamentocirurgia\/informativos\/","title":{"rendered":"Informativos"},"content":{"rendered":"<p>A <strong>V Jornada Cient\u00edfica do Departamento de Cirurgia<\/strong> ocorrer\u00e1 nos dias <strong>06 e 07 de novembro de 2026<\/strong>.<\/p>\n<p>Informa\u00e7\u00f5es sobre inscri\u00e7\u00f5es e submiss\u00f5es de trabalhos <a href=\"https:\/\/www.even3.com.br\/v-jornada-cientifica-do-departamento-de-cirurgia-747407\">https:\/\/www.even3.com.br\/v-jornada-cientifica-do-departamento-de-cirurgia-747407.<\/a><\/p>\n<h4>Anais dos eventos anteriores <a href=\"https:\/\/saude.ufpr.br\/departamentocirurgia\/eventos-de-extensao\/\">dispon\u00edveis.<\/a><\/h4>\n<p>&nbsp;<\/p>\n","protected":false},"excerpt":{"rendered":"<p>A V Jornada Cient\u00edfica do Departamento de Cirurgia ocorrer\u00e1 nos dias 06 e 07 de novembro de 2026. Informa\u00e7\u00f5es sobre inscri\u00e7\u00f5es e submiss\u00f5es de trabalhos https:\/\/www.even3.com.br\/v-jornada-cientifica-do-departamento-de-cirurgia-747407. Anais dos eventos anteriores dispon\u00edveis. &nbsp;<\/p>\n","protected":false},"author":1615,"featured_media":0,"parent":0,"menu_order":0,"comment_status":"open","ping_status":"open","template":"informativos.php","meta":{"footnotes":""},"class_list":["post-72","page","type-page","status-publish","hentry"],"_links":{"self":[{"href":"https:\/\/saude.ufpr.br\/departamentocirurgia\/wp-json\/wp\/v2\/pages\/72","targetHints":{"allow":["GET"]}}],"collection":[{"href":"https:\/\/saude.ufpr.br\/departamentocirurgia\/wp-json\/wp\/v2\/pages"}],"about":[{"href":"https:\/\/saude.ufpr.br\/departamentocirurgia\/wp-json\/wp\/v2\/types\/page"}],"author":[{"embeddable":true,"href":"https:\/\/saude.ufpr.br\/departamentocirurgia\/wp-json\/wp\/v2\/users\/1615"}],"replies":[{"embeddable":true,"href":"https:\/\/saude.ufpr.br\/departamentocirurgia\/wp-json\/wp\/v2\/comments?post=72"}],"version-history":[{"count":9,"href":"https:\/\/saude.ufpr.br\/departamentocirurgia\/wp-json\/wp\/v2\/pages\/72\/revisions"}],"predecessor-version":[{"id":1814,"href":"https:\/\/saude.ufpr.br\/departamentocirurgia\/wp-json\/wp\/v2\/pages\/72\/revisions\/1814"}],"wp:attachment":[{"href":"https:\/\/saude.ufpr.br\/departamentocirurgia\/wp-json\/wp\/v2\/media?parent=72"}],"curies":[{"name":"wp","href":"https:\/\/api.w.org\/{rel}","templated":true}]}}

<p>A <strong>V Jornada Científica do Departamento de Cirurgia</strong> ocorrerá nos dias <strong>06 e 07 de novembro de 2026</strong>.</p>
<p>Informações sobre inscrições e submissões de trabalhos <a href="https://www.even3.com.br/v-jornada-cientifica-do-departamento-de-cirurgia-747407">https://www.even3.com.br/v-jornada-cientifica-do-departamento-de-cirurgia-747407.</a></p>
<h4>Anais dos eventos anteriores <a href="https://saude.ufpr.br/departamentocirurgia/eventos-de-extensao/">disponíveis.</a></h4>
<p>&nbsp;</p>

<p>A V Jornada Científica do Departamento de Cirurgia ocorrerá nos dias 06 e 07 de novembro de 2026. Informações sobre inscrições e submissões de trabalhos https://www.even3.com.br/v-jornada-cientifica-do-departamento-de-cirurgia-747407. Anais dos eventos anteriores disponíveis. &nbsp;</p>
