{"id":1511,"date":"2024-07-31T05:30:52","date_gmt":"2024-07-31T05:30:52","guid":{"rendered":"https:\/\/saude.ufpr.br\/departamentodefarmacia\/?page_id=1511"},"modified":"2025-01-15T19:02:13","modified_gmt":"2025-01-15T19:02:13","slug":"legislacao-universitaria","status":"publish","type":"page","link":"https:\/\/saude.ufpr.br\/departamentodefarmacia\/legislacao-universitaria\/","title":{"rendered":"Legisla\u00e7\u00e3o Universit\u00e1ria"},"content":{"rendered":"<ul>\n<li><strong><a href=\"http:\/\/www4.planalto.gov.br\/legislacao\/\" target=\"_blank\" rel=\"noopener noreferrer\">Portal Legisla\u00e7\u00e3o do Governo Federal<\/a><\/strong><\/li>\n<li><strong><a href=\"http:\/\/www.soc.ufpr.br\/\" target=\"_blank\" rel=\"noopener noreferrer\">Secretaria dos \u00d3rg\u00e3os Colegiados\u00a0<\/a> \u2013 TODAS AS RESOLU\u00c7\u00d5ES E REGIMENTOS DA UFPR<\/strong><\/li>\n<li><strong><a href=\"https:\/\/saude.ufpr.br\/wp-content\/uploads\/2022\/04\/resolucao-no-08-22-coplad.pdf\" target=\"_blank\" rel=\"noopener\">Regimento do Setor de Ci\u00eancias da Sa\u00fade \u2013 Resolu\u00e7\u00e3o 08\/22 \u2013 COPLAD<\/a><\/strong><\/li>\n<li><strong><a href=\"https:\/\/saude.ufpr.br\/wp-content\/uploads\/2022\/04\/resolucao-no-07-22-coplad.pdf\" target=\"_blank\" rel=\"noopener\">Regimento do Setor de Ci\u00eancias da Sa\u00fade \u2013 Resolu\u00e7\u00e3o 07\/22 \u2013 COPLAD<\/a><\/strong><\/li>\n<li><strong><a href=\"https:\/\/saude.ufpr.br\/wp-content\/uploads\/2021\/10\/res-27-21-coplad-altera-a-28-19.pdf\" target=\"_blank\" rel=\"noopener\">Regimento do Setor de Ci\u00eancias da Sa\u00fade \u2013 Resolu\u00e7\u00e3o 27\/21 \u2013 COPLAD\u00a0<\/a><\/strong><\/li>\n<li><a href=\"http:\/\/www.soc.ufpr.br\/portal\/wp-content\/uploads\/2019\/08\/Res-28-19-COPLAD-regimento-Sa%C3%BAde-alterada-pela-Res.-27-21-COPLAD-07-22-COPLAD-08-22-COPLAD-e-11-23-COPLAD..pdf\" target=\"_blank\" rel=\"noopener\"><strong>Regimento do Setor de Ci\u00eancias da Sa\u00fade \u2013 Resolu\u00e7\u00e3o 28\/19 \u2013 COPLAD<\/strong><\/a><\/li>\n<li><strong><a href=\"https:\/\/saude.ufpr.br\/wp-content\/uploads\/2024\/04\/resolucao-01_1995-eleicoes-de-chefia-e-coordenadores-1.pdf\" target=\"_blank\" rel=\"noopener\">Resolu\u00e7\u00e3o 01\/95 \u2013 SD \u2013\u00a0 Elei\u00e7\u00f5es para escolha de chefias e coordena\u00e7\u00f5es<\/a><\/strong><\/li>\n<li><strong><a href=\"https:\/\/soc.ufpr.br\/wp-content\/uploads\/2016\/07\/Res.-37-97-CEPE.pdf\">Normas b\u00e1sicas das atividades acad\u00eamicas dos cursos de gradua\u00e7\u00e3o da UFPR<\/a><\/strong><\/li>\n<\/ul>\n","protected":false},"excerpt":{"rendered":"<p>Portal Legisla\u00e7\u00e3o do Governo Federal Secretaria dos \u00d3rg\u00e3os Colegiados\u00a0 \u2013 TODAS AS RESOLU\u00c7\u00d5ES E REGIMENTOS DA UFPR Regimento do Setor de Ci\u00eancias da Sa\u00fade \u2013 Resolu\u00e7\u00e3o 08\/22 \u2013 COPLAD Regimento do Setor de Ci\u00eancias da Sa\u00fade \u2013 Resolu\u00e7\u00e3o 07\/22 \u2013 COPLAD Regimento do Setor de Ci\u00eancias da Sa\u00fade \u2013 Resolu\u00e7\u00e3o 27\/21 \u2013 COPLAD\u00a0 Regimento do<br \/> <a href=\"https:\/\/saude.ufpr.br\/departamentodefarmacia\/legislacao-universitaria\/\" class=\"button success small readmore\">Leia mais<\/a><\/p>\n","protected":false},"author":1615,"featured_media":0,"parent":0,"menu_order":0,"comment_status":"closed","ping_status":"closed","template":"","meta":{"_acf_changed":false,"_uag_custom_page_level_css":"","footnotes":""},"class_list":["post-1511","page","type-page","status-publish","hentry"],"acf":[],"featured_image_src":null,"uagb_featured_image_src":{"full":false,"thumbnail":false,"medium":false,"medium_large":false,"large":false,"1536x1536":false,"2048x2048":false,"noticias-thumb":false,"banners-thumb":false,"maisnoticias-thumb":false,"post-thumbnail":false},"uagb_author_info":{"display_name":"Guilherme","author_link":"https:\/\/saude.ufpr.br\/departamentodefarmacia\/author\/guilhermematos\/"},"uagb_comment_info":0,"uagb_excerpt":"Portal Legisla\u00e7\u00e3o do Governo Federal Secretaria dos \u00d3rg\u00e3os Colegiados\u00a0 \u2013 TODAS AS RESOLU\u00c7\u00d5ES E REGIMENTOS DA UFPR Regimento do Setor de Ci\u00eancias da Sa\u00fade \u2013 Resolu\u00e7\u00e3o 08\/22 \u2013 COPLAD Regimento do Setor de Ci\u00eancias da Sa\u00fade \u2013 Resolu\u00e7\u00e3o 07\/22 \u2013 COPLAD Regimento do Setor de Ci\u00eancias da Sa\u00fade \u2013 Resolu\u00e7\u00e3o 27\/21 \u2013 COPLAD\u00a0 Regimento do&hellip;","publishpress_future_action":{"enabled":false,"date":"2026-05-10 12:21:23","action":"change-status","newStatus":"draft","terms":[],"taxonomy":"","extraData":[]},"publishpress_future_workflow_manual_trigger":{"enabledWorkflows":[]},"_links":{"self":[{"href":"https:\/\/saude.ufpr.br\/departamentodefarmacia\/wp-json\/wp\/v2\/pages\/1511","targetHints":{"allow":["GET"]}}],"collection":[{"href":"https:\/\/saude.ufpr.br\/departamentodefarmacia\/wp-json\/wp\/v2\/pages"}],"about":[{"href":"https:\/\/saude.ufpr.br\/departamentodefarmacia\/wp-json\/wp\/v2\/types\/page"}],"author":[{"embeddable":true,"href":"https:\/\/saude.ufpr.br\/departamentodefarmacia\/wp-json\/wp\/v2\/users\/1615"}],"replies":[{"embeddable":true,"href":"https:\/\/saude.ufpr.br\/departamentodefarmacia\/wp-json\/wp\/v2\/comments?post=1511"}],"version-history":[{"count":4,"href":"https:\/\/saude.ufpr.br\/departamentodefarmacia\/wp-json\/wp\/v2\/pages\/1511\/revisions"}],"predecessor-version":[{"id":1653,"href":"https:\/\/saude.ufpr.br\/departamentodefarmacia\/wp-json\/wp\/v2\/pages\/1511\/revisions\/1653"}],"wp:attachment":[{"href":"https:\/\/saude.ufpr.br\/departamentodefarmacia\/wp-json\/wp\/v2\/media?parent=1511"}],"curies":[{"name":"wp","href":"https:\/\/api.w.org\/{rel}","templated":true}]}}

Legislação Universitária

<ul>
<li><strong><a href="http://www4.planalto.gov.br/legislacao/" target="_blank" rel="noopener noreferrer">Portal Legislação do Governo Federal</a></strong></li>
<li><strong><a href="http://www.soc.ufpr.br/" target="_blank" rel="noopener noreferrer">Secretaria dos Órgãos Colegiados </a> – TODAS AS RESOLUÇÕES E REGIMENTOS DA UFPR</strong></li>
<li><strong><a href="https://saude.ufpr.br/wp-content/uploads/2022/04/resolucao-no-08-22-coplad.pdf" target="_blank" rel="noopener">Regimento do Setor de Ciências da Saúde – Resolução 08/22 – COPLAD</a></strong></li>
<li><strong><a href="https://saude.ufpr.br/wp-content/uploads/2022/04/resolucao-no-07-22-coplad.pdf" target="_blank" rel="noopener">Regimento do Setor de Ciências da Saúde – Resolução 07/22 – COPLAD</a></strong></li>
<li><strong><a href="https://saude.ufpr.br/wp-content/uploads/2021/10/res-27-21-coplad-altera-a-28-19.pdf" target="_blank" rel="noopener">Regimento do Setor de Ciências da Saúde – Resolução 27/21 – COPLAD </a></strong></li>
<li><a href="http://www.soc.ufpr.br/portal/wp-content/uploads/2019/08/Res-28-19-COPLAD-regimento-Sa%C3%BAde-alterada-pela-Res.-27-21-COPLAD-07-22-COPLAD-08-22-COPLAD-e-11-23-COPLAD..pdf" target="_blank" rel="noopener"><strong>Regimento do Setor de Ciências da Saúde – Resolução 28/19 – COPLAD</strong></a></li>
<li><strong><a href="https://saude.ufpr.br/wp-content/uploads/2024/04/resolucao-01_1995-eleicoes-de-chefia-e-coordenadores-1.pdf" target="_blank" rel="noopener">Resolução 01/95 – SD –  Eleições para escolha de chefias e coordenações</a></strong></li>
<li><strong><a href="https://soc.ufpr.br/wp-content/uploads/2016/07/Res.-37-97-CEPE.pdf">Normas básicas das atividades acadêmicas dos cursos de graduação da UFPR</a></strong></li>
</ul>

<p>Portal Legislação do Governo Federal Secretaria dos Órgãos Colegiados  – TODAS AS RESOLUÇÕES E REGIMENTOS DA UFPR Regimento do Setor de Ciências da Saúde – Resolução 08/22 – COPLAD Regimento do Setor de Ciências da Saúde – Resolução 07/22 – COPLAD Regimento do Setor de Ciências da Saúde – Resolução 27/21 – COPLAD  Regimento do<br /> <a href="https://saude.ufpr.br/departamentodefarmacia/legislacao-universitaria/" class="button success small readmore">Leia mais</a></p>

Portal Legislação do Governo Federal Secretaria dos Órgãos Colegiados  – TODAS AS RESOLUÇÕES E REGIMENTOS DA UFPR Regimento do Setor de Ciências da Saúde – Resolução 08/22 – COPLAD Regimento do Setor de Ciências da Saúde – Resolução 07/22 – COPLAD Regimento do Setor de Ciências da Saúde – Resolução 27/21 – COPLAD  Regimento do&hellip;
