{"id":1464,"date":"2020-08-11T20:20:41","date_gmt":"2020-08-11T23:20:41","guid":{"rendered":"https:\/\/saude.ufpr.br\/departamentodenutricao\/?page_id=1464"},"modified":"2025-07-31T09:27:39","modified_gmt":"2025-07-31T12:27:39","slug":"tecnologia-de-alimentos","status":"publish","type":"page","link":"https:\/\/saude.ufpr.br\/departamentodenutricao\/laboratorios\/tecnologia-de-alimentos\/","title":{"rendered":"Tecnologia de Alimentos"},"content":{"rendered":"<h4 style=\"text-align: center;\"><strong>Laborat\u00f3rio de Tecnologia de Alimentos<\/strong><\/h4>\n<p><strong>Prof\u00aa. Respons\u00e1vel:<\/strong> Sila Mary Rodrigues Ferreira<\/p>\n<p><strong>T\u00e9cnica:<\/strong> Jaqueline Leobet<\/p>\n<p><strong>Hor\u00e1rio de atendimento:<\/strong> 07:00 \u00e0s 12:00 \u2013 13:00 \u00e0s 16:00<\/p>\n<hr \/>\n<h4 style=\"text-align: center;\"><strong>Solicita\u00e7\u00e3o de Uso do Laborat\u00f3rio de Tecnologia de Alimentos<\/strong><\/h4>\n<p>Para solicitar o uso do Laborat\u00f3rio de Tecnologia de Alimentos do Departamento de Nutri\u00e7\u00e3o da UFPR, siga as seguintes etapas:<\/p>\n<ol>\n<li><strong>Verifica\u00e7\u00e3o de Disponibilidade:<\/strong> Consulte o calend\u00e1rio do laborat\u00f3rio para confirmar as datas dispon\u00edveis.<br \/>\n<a href=\"https:\/\/outlook.office365.com\/calendar\/published\/627ada3b126d46239bdc8134ca01e0e1@ufpr.br\/78fca9fd387c46ce818850b1369decdf487923590213358965\/calendar.html\" target=\"_blank\" rel=\"noopener\">Acessar Calend\u00e1rio do Laborat\u00f3rio<\/a><\/li>\n<li><strong>Normas e Boas Pr\u00e1ticas:<\/strong> Leia atentamente as Normas de Uso e Boas Pr\u00e1ticas do laborat\u00f3rio, dispon\u00edveis no <a href=\"https:\/\/saude.ufpr.br\/departamentodenutricao\/wp-content\/uploads\/sites\/53\/2025\/07\/Normas-do-laboratorio-de-tecnologia-2025.pdf\" target=\"_blank\" rel=\"noopener\">link<\/a>.<\/li>\n<li><strong>Preenchimento do Formul\u00e1rio:<\/strong> Acesse o formul\u00e1rio de solicita\u00e7\u00e3o atrav\u00e9s do link abaixo e preencha todos os campos obrigat\u00f3rios.<br \/>\n<a href=\"https:\/\/forms.office.com\/r\/Zn85jHdjFz\" target=\"_blank\" rel=\"noopener\">Formul\u00e1rio de Solicita\u00e7\u00e3o<\/a><br \/>\nN\u00e3o esque\u00e7a de assinalar a confirma\u00e7\u00e3o de leitura das normas e boas pr\u00e1ticas do laborat\u00f3rio.<\/li>\n<\/ol>\n<p>A solicita\u00e7\u00e3o ser\u00e1 analisada pela equipe respons\u00e1vel, e o agendamento ser\u00e1 confirmado mediante disponibilidade e conformidade com os requisitos.<\/p>\n<p>Em caso de d\u00favidas, entre em contato com a coordena\u00e7\u00e3o do laborat\u00f3rio pelo telefone <strong>(41) 3360-4017<\/strong> ou pelo e-mail <a href=\"mailto:jaqueline.leobet@ufpr.br\">jaqueline.leobet@ufpr.br<\/a>.<\/p>\n<hr \/>\n<h4 style=\"text-align: center;\"><strong>Calend\u00e1rio do Laborat\u00f3rio<\/strong><\/h4>\n<div style=\"text-align: center;\"><iframe src=\"https:\/\/outlook.office365.com\/calendar\/published\/627ada3b126d46239bdc8134ca01e0e1@ufpr.br\/78fca9fd387c46ce818850b1369decdf487923590213358965\/calendar.html\" width=\"100%\" height=\"600\" frameborder=\"0\" scrolling=\"no\"><br \/>\n<\/iframe><\/div>\n","protected":false},"excerpt":{"rendered":"<p>Laborat\u00f3rio de Tecnologia de Alimentos Prof\u00aa. Respons\u00e1vel: Sila Mary Rodrigues Ferreira T\u00e9cnica: Jaqueline Leobet Hor\u00e1rio de atendimento: 07:00 \u00e0s 12:00 \u2013 13:00 \u00e0s 16:00 Solicita\u00e7\u00e3o de Uso do Laborat\u00f3rio de Tecnologia de Alimentos Para solicitar o uso do Laborat\u00f3rio de Tecnologia de Alimentos do Departamento de Nutri\u00e7\u00e3o da UFPR, siga as seguintes etapas: Verifica\u00e7\u00e3o de<br \/> <a href=\"https:\/\/saude.ufpr.br\/departamentodenutricao\/laboratorios\/tecnologia-de-alimentos\/\" class=\"button success small readmore\">Leia mais<\/a><\/p>\n","protected":false},"author":1676,"featured_media":0,"parent":1113,"menu_order":0,"comment_status":"closed","ping_status":"closed","template":"","meta":{"_acf_changed":false,"_uag_custom_page_level_css":"","footnotes":""},"class_list":["post-1464","page","type-page","status-publish","hentry"],"acf":[],"featured_image_src":null,"uagb_featured_image_src":{"full":false,"thumbnail":false,"medium":false,"medium_large":false,"large":false,"1536x1536":false,"2048x2048":false,"noticias-thumb":false,"banners-thumb":false,"maisnoticias-thumb":false,"post-thumbnail":false},"uagb_author_info":{"display_name":"Luiz","author_link":"https:\/\/saude.ufpr.br\/departamentodenutricao\/author\/luiz\/"},"uagb_comment_info":0,"uagb_excerpt":"Laborat\u00f3rio de Tecnologia de Alimentos Prof\u00aa. Respons\u00e1vel: Sila Mary Rodrigues Ferreira T\u00e9cnica: Jaqueline Leobet Hor\u00e1rio de atendimento: 07:00 \u00e0s 12:00 \u2013 13:00 \u00e0s 16:00 Solicita\u00e7\u00e3o de Uso do Laborat\u00f3rio de Tecnologia de Alimentos Para solicitar o uso do Laborat\u00f3rio de Tecnologia de Alimentos do Departamento de Nutri\u00e7\u00e3o da UFPR, siga as seguintes etapas: Verifica\u00e7\u00e3o de&hellip;","publishpress_future_action":{"enabled":false,"date":"2026-04-30 05:51:41","action":"change-status","newStatus":"draft","terms":[],"taxonomy":"","extraData":[]},"publishpress_future_workflow_manual_trigger":{"enabledWorkflows":[]},"_links":{"self":[{"href":"https:\/\/saude.ufpr.br\/departamentodenutricao\/wp-json\/wp\/v2\/pages\/1464","targetHints":{"allow":["GET"]}}],"collection":[{"href":"https:\/\/saude.ufpr.br\/departamentodenutricao\/wp-json\/wp\/v2\/pages"}],"about":[{"href":"https:\/\/saude.ufpr.br\/departamentodenutricao\/wp-json\/wp\/v2\/types\/page"}],"author":[{"embeddable":true,"href":"https:\/\/saude.ufpr.br\/departamentodenutricao\/wp-json\/wp\/v2\/users\/1676"}],"replies":[{"embeddable":true,"href":"https:\/\/saude.ufpr.br\/departamentodenutricao\/wp-json\/wp\/v2\/comments?post=1464"}],"version-history":[{"count":13,"href":"https:\/\/saude.ufpr.br\/departamentodenutricao\/wp-json\/wp\/v2\/pages\/1464\/revisions"}],"predecessor-version":[{"id":2982,"href":"https:\/\/saude.ufpr.br\/departamentodenutricao\/wp-json\/wp\/v2\/pages\/1464\/revisions\/2982"}],"up":[{"embeddable":true,"href":"https:\/\/saude.ufpr.br\/departamentodenutricao\/wp-json\/wp\/v2\/pages\/1113"}],"wp:attachment":[{"href":"https:\/\/saude.ufpr.br\/departamentodenutricao\/wp-json\/wp\/v2\/media?parent=1464"}],"curies":[{"name":"wp","href":"https:\/\/api.w.org\/{rel}","templated":true}]}}