{"id":1472,"date":"2020-08-11T20:22:15","date_gmt":"2020-08-11T23:22:15","guid":{"rendered":"https:\/\/saude.ufpr.br\/departamentodenutricao\/?page_id=1472"},"modified":"2026-02-19T16:57:31","modified_gmt":"2026-02-19T19:57:31","slug":"tecnica-dietetica","status":"publish","type":"page","link":"https:\/\/saude.ufpr.br\/departamentodenutricao\/laboratorios\/tecnica-dietetica\/","title":{"rendered":"T\u00e9cnica Diet\u00e9tica"},"content":{"rendered":"<h4 style=\"text-align: center;\">Laborat\u00f3rio de T\u00e9cnica Diet\u00e9tica<\/h4>\n<p><strong>Prof\u00aa. Respons\u00e1vel:<\/strong> Ang\u00e9lica Aparecida Maur\u00edcio<\/p>\n<p><strong>T\u00e9cnica:<\/strong> Gislaine Juk Santos \u2013 Nutricionista CRN8 16462<\/p>\n<p><strong>Hor\u00e1rio de atendimento:<\/strong> 07:00 \u00e0s 16:00<\/p>\n<hr \/>\n<h4 style=\"text-align: center;\">Solicita\u00e7\u00e3o de Uso do Laborat\u00f3rio de T\u00e9cnica Diet\u00e9tica<\/h4>\n<p>Para solicitar o uso do Laborat\u00f3rio de T\u00e9cnica Diet\u00e9tica do Departamento de Nutri\u00e7\u00e3o da UFPR, siga as seguintes etapas:<\/p>\n<ol>\n<li><strong>Verifica\u00e7\u00e3o de Disponibilidade:<\/strong> Consulte o calend\u00e1rio do laborat\u00f3rio para confirmar as datas dispon\u00edveis. <a href=\"https:\/\/outlook.office365.com\/calendar\/published\/056637213e7b41dc949bdda8c1424c46@ufpr.br\/8e694922a3e04d73ad82fbb292ddf9a03015614747412532848\/calendar.html\" target=\"_blank\" rel=\"noopener\">Acessar Calend\u00e1rio do Laborat\u00f3rio<\/a><\/li>\n<li><strong>Normas e Boas Pr\u00e1ticas:<\/strong> Leia atentamente as Normas de Uso e Boas Pr\u00e1ticas do laborat\u00f3rio, dispon\u00edveis no <a href=\"https:\/\/saude.ufpr.br\/departamentodenutricao\/wp-content\/uploads\/sites\/53\/2026\/02\/Normas-do-laboratorio-de-tecnica-dietetica.pdf\">link<\/a>.<\/li>\n<li><strong>Preenchimento do Formul\u00e1rio:<\/strong> Acesse o formul\u00e1rio de solicita\u00e7\u00e3o atrav\u00e9s do link abaixo e preencha todos os campos obrigat\u00f3rios. <a href=\"https:\/\/forms.office.com\/r\/CC0pVX7MKD?origin=lprLink\" target=\"_blank\" rel=\"noopener\">Formul\u00e1rio de Solicita\u00e7\u00e3o<\/a>.<\/li>\n<\/ol>\n<p>A solicita\u00e7\u00e3o ser\u00e1 analisada pela equipe respons\u00e1vel, e o agendamento ser\u00e1 confirmado mediante disponibilidade e conformidade com os requisitos.<br \/>\nEm caso de d\u00favidas, entre em contato com a coordena\u00e7\u00e3o do laborat\u00f3rio pelo telefone (41) 3360-4018 ou pelo e-mail gislainejuk@ufpr.br<\/p>\n<hr \/>\n<h4 style=\"text-align: center;\"><strong>Calend\u00e1rio do Laborat\u00f3rio<\/strong><\/h4>\n<div style=\"text-align: center;\"><iframe src=\"https:\/\/outlook.office365.com\/calendar\/published\/056637213e7b41dc949bdda8c1424c46@ufpr.br\/8e694922a3e04d73ad82fbb292ddf9a03015614747412532848\/calendar.html\" width=\"100%\" height=\"600\" frameborder=\"0\" scrolling=\"no\"><span data-mce-type=\"bookmark\" style=\"display: inline-block; width: 0px; overflow: hidden; line-height: 0;\" class=\"mce_SELRES_start\">\ufeff<\/span><\/iframe><\/div>\n","protected":false},"excerpt":{"rendered":"<p>Laborat\u00f3rio de T\u00e9cnica Diet\u00e9tica Prof\u00aa. Respons\u00e1vel: Ang\u00e9lica Aparecida Maur\u00edcio T\u00e9cnica: Gislaine Juk Santos \u2013 Nutricionista CRN8 16462 Hor\u00e1rio de atendimento: 07:00 \u00e0s 16:00 Solicita\u00e7\u00e3o de Uso do Laborat\u00f3rio de T\u00e9cnica Diet\u00e9tica Para solicitar o uso do Laborat\u00f3rio de T\u00e9cnica Diet\u00e9tica do Departamento de Nutri\u00e7\u00e3o da UFPR, siga as seguintes etapas: Verifica\u00e7\u00e3o de Disponibilidade: Consulte o<br \/> <a href=\"https:\/\/saude.ufpr.br\/departamentodenutricao\/laboratorios\/tecnica-dietetica\/\" class=\"button success small readmore\">Leia mais<\/a><\/p>\n","protected":false},"author":1676,"featured_media":0,"parent":1113,"menu_order":0,"comment_status":"closed","ping_status":"closed","template":"","meta":{"_acf_changed":false,"_uag_custom_page_level_css":"","footnotes":""},"class_list":["post-1472","page","type-page","status-publish","hentry"],"acf":[],"featured_image_src":null,"uagb_featured_image_src":{"full":false,"thumbnail":false,"medium":false,"medium_large":false,"large":false,"1536x1536":false,"2048x2048":false,"noticias-thumb":false,"banners-thumb":false,"maisnoticias-thumb":false,"post-thumbnail":false},"uagb_author_info":{"display_name":"Luiz","author_link":"https:\/\/saude.ufpr.br\/departamentodenutricao\/author\/luiz\/"},"uagb_comment_info":0,"uagb_excerpt":"Laborat\u00f3rio de T\u00e9cnica Diet\u00e9tica Prof\u00aa. Respons\u00e1vel: Ang\u00e9lica Aparecida Maur\u00edcio T\u00e9cnica: Gislaine Juk Santos \u2013 Nutricionista CRN8 16462 Hor\u00e1rio de atendimento: 07:00 \u00e0s 16:00 Solicita\u00e7\u00e3o de Uso do Laborat\u00f3rio de T\u00e9cnica Diet\u00e9tica Para solicitar o uso do Laborat\u00f3rio de T\u00e9cnica Diet\u00e9tica do Departamento de Nutri\u00e7\u00e3o da UFPR, siga as seguintes etapas: Verifica\u00e7\u00e3o de Disponibilidade: Consulte o&hellip;","publishpress_future_action":{"enabled":false,"date":"2026-05-17 20:44:21","action":"change-status","newStatus":"draft","terms":[],"taxonomy":"","extraData":[]},"publishpress_future_workflow_manual_trigger":{"enabledWorkflows":[]},"_links":{"self":[{"href":"https:\/\/saude.ufpr.br\/departamentodenutricao\/wp-json\/wp\/v2\/pages\/1472","targetHints":{"allow":["GET"]}}],"collection":[{"href":"https:\/\/saude.ufpr.br\/departamentodenutricao\/wp-json\/wp\/v2\/pages"}],"about":[{"href":"https:\/\/saude.ufpr.br\/departamentodenutricao\/wp-json\/wp\/v2\/types\/page"}],"author":[{"embeddable":true,"href":"https:\/\/saude.ufpr.br\/departamentodenutricao\/wp-json\/wp\/v2\/users\/1676"}],"replies":[{"embeddable":true,"href":"https:\/\/saude.ufpr.br\/departamentodenutricao\/wp-json\/wp\/v2\/comments?post=1472"}],"version-history":[{"count":17,"href":"https:\/\/saude.ufpr.br\/departamentodenutricao\/wp-json\/wp\/v2\/pages\/1472\/revisions"}],"predecessor-version":[{"id":2997,"href":"https:\/\/saude.ufpr.br\/departamentodenutricao\/wp-json\/wp\/v2\/pages\/1472\/revisions\/2997"}],"up":[{"embeddable":true,"href":"https:\/\/saude.ufpr.br\/departamentodenutricao\/wp-json\/wp\/v2\/pages\/1113"}],"wp:attachment":[{"href":"https:\/\/saude.ufpr.br\/departamentodenutricao\/wp-json\/wp\/v2\/media?parent=1472"}],"curies":[{"name":"wp","href":"https:\/\/api.w.org\/{rel}","templated":true}]}}