{"id":2025,"date":"2022-09-28T10:21:05","date_gmt":"2022-09-28T13:21:05","guid":{"rendered":"https:\/\/saude.ufpr.br\/departamentodenutricao\/?page_id=2025"},"modified":"2022-09-28T11:03:25","modified_gmt":"2022-09-28T14:03:25","slug":"estagios","status":"publish","type":"page","link":"https:\/\/saude.ufpr.br\/departamentodenutricao\/estagios\/","title":{"rendered":"Est\u00e1gios"},"content":{"rendered":"<p>Normativas relacionadas:<\/p>\n<p>01 &#8211;\u00a0<a href=\"http:\/\/www.planalto.gov.br\/ccivil_03\/_ato2007-2010\/2008\/lei\/l11788.htm\" target=\"_blank\" rel=\"noopener\">Lei n. 11.788\/08 &#8211; Lei do Est\u00e1gio<\/a><\/p>\n<p>02 &#8211;\u00a0<a href=\"http:\/\/www.soc.ufpr.br\/wp-content\/uploads\/2016\/07\/cepe-70-04-CEPE-alterada-pela-resolu%C3%A7%C3%A3o-21.18.pdf\" target=\"_blank\" rel=\"noopener\">Resolu\u00e7\u00e3o n. 70\/04-CEPE\/UFPR &#8211; Atividades Formativas na UFPR<\/a><\/p>\n<p>03 &#8211; <a href=\"http:\/\/www.cppd.ufpr.br\/wp-content\/uploads\/2019\/08\/resolucao_46_10_cepe_disposicao_sobre_os_estagios.pdf\" target=\"_blank\" rel=\"noopener\">Resolu\u00e7\u00e3o n. 46\/10-CEPE\/UFPR &#8211; Est\u00e1gios na UFPR<\/a><\/p>\n<p>04 &#8211; <a href=\"http:\/\/www.proec.ufpr.br\/download\/extensao\/2021\/RESOLUcaO-N-86-2020-CEPE.pdf\" target=\"_blank\" rel=\"noopener\">Resolu\u00e7\u00e3o n. 86\/20-CEPE\/UFPR &#8211; Credita\u00e7\u00e3o Atividades Curriculares de Extens\u00e3o<\/a><\/p>\n<p>05 &#8211; <a href=\"http:\/\/www.soc.ufpr.br\/wp-content\/uploads\/2016\/07\/resolucao_in_30032012-707.pdf\" target=\"_blank\" rel=\"noopener\">Instru\u00e7\u00e3o Normativa n. 01\/12 &#8211; CEPE\/UFPR &#8211; Est\u00e1gios n\u00e3o-obrigat\u00f3rios<\/a><\/p>\n<p>06 &#8211; <a href=\"http:\/\/www.soc.ufpr.br\/wp-content\/uploads\/2016\/07\/resolucao_in_30032012-708.pdf\" target=\"_blank\" rel=\"noopener\">Instru\u00e7\u00e3o Normativa n. 02 12 &#8211; CEPE UFPR &#8211; Est\u00e1gios obrigat\u00f3rios e n\u00e3o-obrigat\u00f3rios no exterior<\/a><\/p>\n","protected":false},"excerpt":{"rendered":"<p>Normativas relacionadas: 01 &#8211;\u00a0Lei n. 11.788\/08 &#8211; Lei do Est\u00e1gio 02 &#8211;\u00a0Resolu\u00e7\u00e3o n. 70\/04-CEPE\/UFPR &#8211; Atividades Formativas na UFPR 03 &#8211; Resolu\u00e7\u00e3o n. 46\/10-CEPE\/UFPR &#8211; Est\u00e1gios na UFPR 04 &#8211; Resolu\u00e7\u00e3o n. 86\/20-CEPE\/UFPR &#8211; Credita\u00e7\u00e3o Atividades Curriculares de Extens\u00e3o 05 &#8211; Instru\u00e7\u00e3o Normativa n. 01\/12 &#8211; CEPE\/UFPR &#8211; Est\u00e1gios n\u00e3o-obrigat\u00f3rios 06 &#8211; Instru\u00e7\u00e3o Normativa n.<br \/> <a href=\"https:\/\/saude.ufpr.br\/departamentodenutricao\/estagios\/\" class=\"button success small readmore\">Leia mais<\/a><\/p>\n","protected":false},"author":1694,"featured_media":0,"parent":0,"menu_order":0,"comment_status":"closed","ping_status":"closed","template":"","meta":{"_acf_changed":false,"_uag_custom_page_level_css":"","footnotes":""},"class_list":["post-2025","page","type-page","status-publish","hentry"],"acf":[],"featured_image_src":null,"uagb_featured_image_src":{"full":false,"thumbnail":false,"medium":false,"medium_large":false,"large":false,"1536x1536":false,"2048x2048":false,"noticias-thumb":false,"banners-thumb":false,"maisnoticias-thumb":false,"post-thumbnail":false},"uagb_author_info":{"display_name":"erica","author_link":"https:\/\/saude.ufpr.br\/departamentodenutricao\/author\/erica\/"},"uagb_comment_info":0,"uagb_excerpt":"Normativas relacionadas: 01 &#8211;\u00a0Lei n. 11.788\/08 &#8211; Lei do Est\u00e1gio 02 &#8211;\u00a0Resolu\u00e7\u00e3o n. 70\/04-CEPE\/UFPR &#8211; Atividades Formativas na UFPR 03 &#8211; Resolu\u00e7\u00e3o n. 46\/10-CEPE\/UFPR &#8211; Est\u00e1gios na UFPR 04 &#8211; Resolu\u00e7\u00e3o n. 86\/20-CEPE\/UFPR &#8211; Credita\u00e7\u00e3o Atividades Curriculares de Extens\u00e3o 05 &#8211; Instru\u00e7\u00e3o Normativa n. 01\/12 &#8211; CEPE\/UFPR &#8211; Est\u00e1gios n\u00e3o-obrigat\u00f3rios 06 &#8211; Instru\u00e7\u00e3o Normativa n.&hellip;","publishpress_future_action":{"enabled":false,"date":"2026-05-09 05:21:45","action":"change-status","newStatus":"draft","terms":[],"taxonomy":"","extraData":[]},"publishpress_future_workflow_manual_trigger":{"enabledWorkflows":[]},"_links":{"self":[{"href":"https:\/\/saude.ufpr.br\/departamentodenutricao\/wp-json\/wp\/v2\/pages\/2025","targetHints":{"allow":["GET"]}}],"collection":[{"href":"https:\/\/saude.ufpr.br\/departamentodenutricao\/wp-json\/wp\/v2\/pages"}],"about":[{"href":"https:\/\/saude.ufpr.br\/departamentodenutricao\/wp-json\/wp\/v2\/types\/page"}],"author":[{"embeddable":true,"href":"https:\/\/saude.ufpr.br\/departamentodenutricao\/wp-json\/wp\/v2\/users\/1694"}],"replies":[{"embeddable":true,"href":"https:\/\/saude.ufpr.br\/departamentodenutricao\/wp-json\/wp\/v2\/comments?post=2025"}],"version-history":[{"count":3,"href":"https:\/\/saude.ufpr.br\/departamentodenutricao\/wp-json\/wp\/v2\/pages\/2025\/revisions"}],"predecessor-version":[{"id":2041,"href":"https:\/\/saude.ufpr.br\/departamentodenutricao\/wp-json\/wp\/v2\/pages\/2025\/revisions\/2041"}],"wp:attachment":[{"href":"https:\/\/saude.ufpr.br\/departamentodenutricao\/wp-json\/wp\/v2\/media?parent=2025"}],"curies":[{"name":"wp","href":"https:\/\/api.w.org\/{rel}","templated":true}]}}

Estágios

<p>Normativas relacionadas:</p>
<p>01 &#8211; <a href="http://www.planalto.gov.br/ccivil_03/_ato2007-2010/2008/lei/l11788.htm" target="_blank" rel="noopener">Lei n. 11.788/08 &#8211; Lei do Estágio</a></p>
<p>02 &#8211; <a href="http://www.soc.ufpr.br/wp-content/uploads/2016/07/cepe-70-04-CEPE-alterada-pela-resolu%C3%A7%C3%A3o-21.18.pdf" target="_blank" rel="noopener">Resolução n. 70/04-CEPE/UFPR &#8211; Atividades Formativas na UFPR</a></p>
<p>03 &#8211; <a href="http://www.cppd.ufpr.br/wp-content/uploads/2019/08/resolucao_46_10_cepe_disposicao_sobre_os_estagios.pdf" target="_blank" rel="noopener">Resolução n. 46/10-CEPE/UFPR &#8211; Estágios na UFPR</a></p>
<p>04 &#8211; <a href="http://www.proec.ufpr.br/download/extensao/2021/RESOLUcaO-N-86-2020-CEPE.pdf" target="_blank" rel="noopener">Resolução n. 86/20-CEPE/UFPR &#8211; Creditação Atividades Curriculares de Extensão</a></p>
<p>05 &#8211; <a href="http://www.soc.ufpr.br/wp-content/uploads/2016/07/resolucao_in_30032012-707.pdf" target="_blank" rel="noopener">Instrução Normativa n. 01/12 &#8211; CEPE/UFPR &#8211; Estágios não-obrigatórios</a></p>
<p>06 &#8211; <a href="http://www.soc.ufpr.br/wp-content/uploads/2016/07/resolucao_in_30032012-708.pdf" target="_blank" rel="noopener">Instrução Normativa n. 02 12 &#8211; CEPE UFPR &#8211; Estágios obrigatórios e não-obrigatórios no exterior</a></p>

<p>Normativas relacionadas: 01 &#8211; Lei n. 11.788/08 &#8211; Lei do Estágio 02 &#8211; Resolução n. 70/04-CEPE/UFPR &#8211; Atividades Formativas na UFPR 03 &#8211; Resolução n. 46/10-CEPE/UFPR &#8211; Estágios na UFPR 04 &#8211; Resolução n. 86/20-CEPE/UFPR &#8211; Creditação Atividades Curriculares de Extensão 05 &#8211; Instrução Normativa n. 01/12 &#8211; CEPE/UFPR &#8211; Estágios não-obrigatórios 06 &#8211; Instrução Normativa n.<br /> <a href="https://saude.ufpr.br/departamentodenutricao/estagios/" class="button success small readmore">Leia mais</a></p>

Normativas relacionadas: 01 &#8211; Lei n. 11.788/08 &#8211; Lei do Estágio 02 &#8211; Resolução n. 70/04-CEPE/UFPR &#8211; Atividades Formativas na UFPR 03 &#8211; Resolução n. 46/10-CEPE/UFPR &#8211; Estágios na UFPR 04 &#8211; Resolução n. 86/20-CEPE/UFPR &#8211; Creditação Atividades Curriculares de Extensão 05 &#8211; Instrução Normativa n. 01/12 &#8211; CEPE/UFPR &#8211; Estágios não-obrigatórios 06 &#8211; Instrução Normativa n.&hellip;
