{"id":2447,"date":"2024-06-03T12:38:52","date_gmt":"2024-06-03T15:38:52","guid":{"rendered":"https:\/\/saude.ufpr.br\/departamentodenutricao\/?page_id=2447"},"modified":"2024-06-03T12:38:52","modified_gmt":"2024-06-03T15:38:52","slug":"teste-seletivo-area-de-conhecimento-nutricao-em-saude-coletiva","status":"publish","type":"page","link":"https:\/\/saude.ufpr.br\/departamentodenutricao\/teste-seletivo-area-de-conhecimento-nutricao-em-saude-coletiva\/","title":{"rendered":"Teste Seletivo: \u00c1rea de Conhecimento: Nutri\u00e7\u00e3o em Sa\u00fade Coletiva."},"content":{"rendered":"<p class=\"Texto_Justificado\"><strong>Mat\u00e9ria Espec\u00edfica:\u00a0<\/strong>Sociologia da Nutri\u00e7\u00e3o; Alimenta\u00e7\u00e3o Escolar; Alimenta\u00e7\u00e3o, Nutri\u00e7\u00e3o e Cultura; Extens\u00e3o Universit\u00e1ria e Transforma\u00e7\u00e3o Social II; Est\u00e1gio Obrigat\u00f3rio de Nutri\u00e7\u00e3o em Sa\u00fade Coletiva.<\/p>\n<p class=\"Texto_Justificado\"><strong>N\u00famero de vagas:<\/strong>\u00a001 (uma vaga);<\/p>\n<p class=\"Texto_Justificado\"><strong>Crit\u00e9rio de sele\u00e7\u00e3o:<\/strong>\u00a0An\u00e1lise de Curr\u00edculo e Prova Did\u00e1tica. Sendo a prova did\u00e1tica realizada de forma presencial.<\/p>\n<p class=\"Texto_Justificado\"><strong>Titula\u00e7\u00e3o m\u00ednima exigida:\u00a0<\/strong>Gradua\u00e7\u00e3o em Nutri\u00e7\u00e3o com Mestrado em Nutri\u00e7\u00e3o, ou Alimenta\u00e7\u00e3o e Nutri\u00e7\u00e3o, ou Nutri\u00e7\u00e3o e Sa\u00fade, ou Ci\u00eancias da Sa\u00fade, ou Ci\u00eancias da Nutri\u00e7\u00e3o, ou Sa\u00fade P\u00fablica, ou Sa\u00fade Coletiva, ou Nutri\u00e7\u00e3o Humana, ou Sa\u00fade P\u00fablica, ou Sa\u00fade Coletiva, ou Seguran\u00e7a Alimentar e Nutricional, ou Pol\u00edticas P\u00fablicas, ou Enfermagem, ou Educa\u00e7\u00e3o, ou Nutri\u00e7\u00e3o em Sa\u00fade P\u00fablica, ou Antropologia, ou Sociologia, ou Geografia obtidos na forma da lei.<\/p>\n<p class=\"Texto_Justificado\"><strong>Regime de trabalho:\u00a0<\/strong>40 (quarenta) horas semanais.<\/p>\n<p class=\"Texto_Justificado\"><strong>Per\u00edodo das inscri\u00e7\u00f5es:<\/strong>\u00a05 (cinco) dias \u00fateis a partir da data de publica\u00e7\u00e3o do presente edital em Di\u00e1rio Oficial da Uni\u00e3o.<\/p>\n<p class=\"Texto_Justificado\"><strong>Recebimento das inscri\u00e7\u00f5es:\u00a0<\/strong>E\u2010mail: seletivonutricao@ufpr.br, at\u00e9 \u00e0s 14h00min do \u00faltimo dia de inscri\u00e7\u00e3o, contendo o seguinte t\u00edtulo:<br \/>\nINSCRI\u00c7\u00c3O PARA O PROCESSO SELETIVO NUTRI\u00c7\u00c3O EM SA\u00daDE COLETIVA \u2013 Obs.: a documenta\u00e7\u00e3o deve ser entregue em um \u00fanico documento em formato .pdf e deve ser ordenada de acordo com a Resolu\u00e7\u00e3o 70\/2016 \u2013 CEPE UFPR.<\/p>\n<p class=\"Texto_Justificado\"><strong>Pontos da prova did\u00e1tica:<\/strong><\/p>\n<p class=\"Texto_Justificado\">1) Determina\u00e7\u00e3o e reprodu\u00e7\u00e3o social da fome e da inseguran\u00e7a alimentar e nutricional no Brasil na perspectiva de g\u00eanero, ra\u00e7a e etnia;<\/p>\n<p class=\"Texto_Justificado\">2) Evolu\u00e7\u00e3o do sistema agroalimentar mundial e situa\u00e7\u00e3o alimentar no mundo;<\/p>\n<p class=\"Texto_Justificado\">3) Sistemas Alimentares Sustent\u00e1veis Saud\u00e1veis e Agroecologia;<\/p>\n<p class=\"Texto_Justificado\">4) A fome como quest\u00e3o pol\u00edtica e como viola\u00e7\u00e3o do direito humano \u00e0 alimenta\u00e7\u00e3o e nutri\u00e7\u00e3o adequadas e a constru\u00e7\u00e3o do conceito de Seguran\u00e7a Alimentar e Nutricional ;<\/p>\n<p class=\"Texto_Justificado\">5) O papel da Sociologia na forma\u00e7\u00e3o e na pr\u00e1tica profissional do e da nutricionista;<\/p>\n<p class=\"Texto_Justificado\">6) Pol\u00edticas P\u00fablicas de Alimenta\u00e7\u00e3o Escolar na garantia do Direito Humano \u00e0 Alimenta\u00e7\u00e3o e Nutri\u00e7\u00e3o Adequadas;<\/p>\n<p class=\"Texto_Justificado\">7) O papel da e do nutricionista junto ao Programa Nacional de Alimenta\u00e7\u00e3o Escolar.<\/p>\n<p class=\"Texto_Justificado\"><strong>Banca de homologa\u00e7\u00e3o das inscri\u00e7\u00f5es: Titulares:\u00a0<\/strong><\/p>\n<p class=\"Texto_Justificado\">1. Prof\u00aa Dr\u00aa Marcia Regina Messaggi Gomes Dias (Departamento de Nutri\u00e7\u00e3o\/UFPR);<\/p>\n<p class=\"Texto_Justificado\">2. Prof\u00aa Dr\u00aa Caroline Opolski Medeiros (Departamento de Nutri\u00e7\u00e3o\/UFPR);<\/p>\n<p class=\"Texto_Justificado\">3. Prof\u00aa Dr\u00aa Karla Suzana Moresco (Departamento de Nutri\u00e7\u00e3o\/UFPR).<\/p>\n<p class=\"Texto_Justificado\"><strong>Banca examinadora:<\/strong><\/p>\n<p class=\"Texto_Justificado\"><strong>Titulares:<\/strong><\/p>\n<p class=\"Texto_Justificado\">1. Prof\u00ba Dr Jonas Augusto Cardoso da Silveira (Departamento de Nutri\u00e7\u00e3o\/UFPR);<\/p>\n<p class=\"Texto_Justificado\">2. Prof\u00aa Dr\u00aa Rubia Daniela Thieme (Departamento de Nutri\u00e7\u00e3o\/UFPR);<\/p>\n<p class=\"Texto_Justificado\">3. Prof\u00aa Dr\u00aa Rubia Carla Formighieri Giordani (Departamento de Nutri\u00e7\u00e3o\/UFPR).<\/p>\n<p class=\"Texto_Justificado\"><strong>Suplentes:<\/strong><\/p>\n<p class=\"Texto_Justificado\">1. Prof\u00aa Dr\u00aa Anabelle Retondario (Departamento de Nutri\u00e7\u00e3o\/UFPR);<\/p>\n<p class=\"Texto_Justificado\">2. Prof\u00aa Dr\u00aa Sandra Patricia Crispim (Departamento de Nutri\u00e7\u00e3o\/UFPR);<\/p>\n<p class=\"Texto_Justificado\">3. Prof\u00aa Dr\u00aa Doroteia Aparecida Hofelmann (Departamento de Nutri\u00e7\u00e3o\/UFPR).<\/p>\n","protected":false},"excerpt":{"rendered":"<p>Mat\u00e9ria Espec\u00edfica:\u00a0Sociologia da Nutri\u00e7\u00e3o; Alimenta\u00e7\u00e3o Escolar; Alimenta\u00e7\u00e3o, Nutri\u00e7\u00e3o e Cultura; Extens\u00e3o Universit\u00e1ria e Transforma\u00e7\u00e3o Social II; Est\u00e1gio Obrigat\u00f3rio de Nutri\u00e7\u00e3o em Sa\u00fade Coletiva. N\u00famero de vagas:\u00a001 (uma vaga); Crit\u00e9rio de sele\u00e7\u00e3o:\u00a0An\u00e1lise de Curr\u00edculo e Prova Did\u00e1tica. Sendo a prova did\u00e1tica realizada de forma presencial. Titula\u00e7\u00e3o m\u00ednima exigida:\u00a0Gradua\u00e7\u00e3o em Nutri\u00e7\u00e3o com Mestrado em Nutri\u00e7\u00e3o, ou Alimenta\u00e7\u00e3o<br \/> <a href=\"https:\/\/saude.ufpr.br\/departamentodenutricao\/teste-seletivo-area-de-conhecimento-nutricao-em-saude-coletiva\/\" class=\"button success small readmore\">Leia mais<\/a><\/p>\n","protected":false},"author":1713,"featured_media":0,"parent":0,"menu_order":0,"comment_status":"closed","ping_status":"closed","template":"","meta":{"_acf_changed":false,"_uag_custom_page_level_css":"","footnotes":""},"class_list":["post-2447","page","type-page","status-publish","hentry"],"acf":[],"featured_image_src":null,"uagb_featured_image_src":{"full":false,"thumbnail":false,"medium":false,"medium_large":false,"large":false,"1536x1536":false,"2048x2048":false,"noticias-thumb":false,"banners-thumb":false,"maisnoticias-thumb":false,"post-thumbnail":false},"uagb_author_info":{"display_name":"marcia","author_link":"https:\/\/saude.ufpr.br\/departamentodenutricao\/author\/marcia\/"},"uagb_comment_info":0,"uagb_excerpt":"Mat\u00e9ria Espec\u00edfica:\u00a0Sociologia da Nutri\u00e7\u00e3o; Alimenta\u00e7\u00e3o Escolar; Alimenta\u00e7\u00e3o, Nutri\u00e7\u00e3o e Cultura; Extens\u00e3o Universit\u00e1ria e Transforma\u00e7\u00e3o Social II; Est\u00e1gio Obrigat\u00f3rio de Nutri\u00e7\u00e3o em Sa\u00fade Coletiva. N\u00famero de vagas:\u00a001 (uma vaga); Crit\u00e9rio de sele\u00e7\u00e3o:\u00a0An\u00e1lise de Curr\u00edculo e Prova Did\u00e1tica. Sendo a prova did\u00e1tica realizada de forma presencial. Titula\u00e7\u00e3o m\u00ednima exigida:\u00a0Gradua\u00e7\u00e3o em Nutri\u00e7\u00e3o com Mestrado em Nutri\u00e7\u00e3o, ou Alimenta\u00e7\u00e3o&hellip;","publishpress_future_action":{"enabled":false,"date":"2026-05-07 16:02:45","action":"change-status","newStatus":"draft","terms":[],"taxonomy":"","extraData":[]},"publishpress_future_workflow_manual_trigger":{"enabledWorkflows":[]},"_links":{"self":[{"href":"https:\/\/saude.ufpr.br\/departamentodenutricao\/wp-json\/wp\/v2\/pages\/2447","targetHints":{"allow":["GET"]}}],"collection":[{"href":"https:\/\/saude.ufpr.br\/departamentodenutricao\/wp-json\/wp\/v2\/pages"}],"about":[{"href":"https:\/\/saude.ufpr.br\/departamentodenutricao\/wp-json\/wp\/v2\/types\/page"}],"author":[{"embeddable":true,"href":"https:\/\/saude.ufpr.br\/departamentodenutricao\/wp-json\/wp\/v2\/users\/1713"}],"replies":[{"embeddable":true,"href":"https:\/\/saude.ufpr.br\/departamentodenutricao\/wp-json\/wp\/v2\/comments?post=2447"}],"version-history":[{"count":1,"href":"https:\/\/saude.ufpr.br\/departamentodenutricao\/wp-json\/wp\/v2\/pages\/2447\/revisions"}],"predecessor-version":[{"id":2448,"href":"https:\/\/saude.ufpr.br\/departamentodenutricao\/wp-json\/wp\/v2\/pages\/2447\/revisions\/2448"}],"wp:attachment":[{"href":"https:\/\/saude.ufpr.br\/departamentodenutricao\/wp-json\/wp\/v2\/media?parent=2447"}],"curies":[{"name":"wp","href":"https:\/\/api.w.org\/{rel}","templated":true}]}}

Teste Seletivo: Área de Conhecimento: Nutrição em Saúde Coletiva.

<p class="Texto_Justificado"><strong>Matéria Específica: </strong>Sociologia da Nutrição; Alimentação Escolar; Alimentação, Nutrição e Cultura; Extensão Universitária e Transformação Social II; Estágio Obrigatório de Nutrição em Saúde Coletiva.</p>
<p class="Texto_Justificado"><strong>Número de vagas:</strong> 01 (uma vaga);</p>
<p class="Texto_Justificado"><strong>Critério de seleção:</strong> Análise de Currículo e Prova Didática. Sendo a prova didática realizada de forma presencial.</p>
<p class="Texto_Justificado"><strong>Titulação mínima exigida: </strong>Graduação em Nutrição com Mestrado em Nutrição, ou Alimentação e Nutrição, ou Nutrição e Saúde, ou Ciências da Saúde, ou Ciências da Nutrição, ou Saúde Pública, ou Saúde Coletiva, ou Nutrição Humana, ou Saúde Pública, ou Saúde Coletiva, ou Segurança Alimentar e Nutricional, ou Políticas Públicas, ou Enfermagem, ou Educação, ou Nutrição em Saúde Pública, ou Antropologia, ou Sociologia, ou Geografia obtidos na forma da lei.</p>
<p class="Texto_Justificado"><strong>Regime de trabalho: </strong>40 (quarenta) horas semanais.</p>
<p class="Texto_Justificado"><strong>Período das inscrições:</strong> 5 (cinco) dias úteis a partir da data de publicação do presente edital em Diário Oficial da União.</p>
<p class="Texto_Justificado"><strong>Recebimento das inscrições: </strong>E‐mail: seletivonutricao@ufpr.br, até às 14h00min do último dia de inscrição, contendo o seguinte título:<br />
INSCRIÇÃO PARA O PROCESSO SELETIVO NUTRIÇÃO EM SAÚDE COLETIVA – Obs.: a documentação deve ser entregue em um único documento em formato .pdf e deve ser ordenada de acordo com a Resolução 70/2016 – CEPE UFPR.</p>
<p class="Texto_Justificado"><strong>Pontos da prova didática:</strong></p>
<p class="Texto_Justificado">1) Determinação e reprodução social da fome e da insegurança alimentar e nutricional no Brasil na perspectiva de gênero, raça e etnia;</p>
<p class="Texto_Justificado">2) Evolução do sistema agroalimentar mundial e situação alimentar no mundo;</p>
<p class="Texto_Justificado">3) Sistemas Alimentares Sustentáveis Saudáveis e Agroecologia;</p>
<p class="Texto_Justificado">4) A fome como questão política e como violação do direito humano à alimentação e nutrição adequadas e a construção do conceito de Segurança Alimentar e Nutricional ;</p>
<p class="Texto_Justificado">5) O papel da Sociologia na formação e na prática profissional do e da nutricionista;</p>
<p class="Texto_Justificado">6) Políticas Públicas de Alimentação Escolar na garantia do Direito Humano à Alimentação e Nutrição Adequadas;</p>
<p class="Texto_Justificado">7) O papel da e do nutricionista junto ao Programa Nacional de Alimentação Escolar.</p>
<p class="Texto_Justificado"><strong>Banca de homologação das inscrições: Titulares: </strong></p>
<p class="Texto_Justificado">1. Profª Drª Marcia Regina Messaggi Gomes Dias (Departamento de Nutrição/UFPR);</p>
<p class="Texto_Justificado">2. Profª Drª Caroline Opolski Medeiros (Departamento de Nutrição/UFPR);</p>
<p class="Texto_Justificado">3. Profª Drª Karla Suzana Moresco (Departamento de Nutrição/UFPR).</p>
<p class="Texto_Justificado"><strong>Banca examinadora:</strong></p>
<p class="Texto_Justificado"><strong>Titulares:</strong></p>
<p class="Texto_Justificado">1. Profº Dr Jonas Augusto Cardoso da Silveira (Departamento de Nutrição/UFPR);</p>
<p class="Texto_Justificado">2. Profª Drª Rubia Daniela Thieme (Departamento de Nutrição/UFPR);</p>
<p class="Texto_Justificado">3. Profª Drª Rubia Carla Formighieri Giordani (Departamento de Nutrição/UFPR).</p>
<p class="Texto_Justificado"><strong>Suplentes:</strong></p>
<p class="Texto_Justificado">1. Profª Drª Anabelle Retondario (Departamento de Nutrição/UFPR);</p>
<p class="Texto_Justificado">2. Profª Drª Sandra Patricia Crispim (Departamento de Nutrição/UFPR);</p>
<p class="Texto_Justificado">3. Profª Drª Doroteia Aparecida Hofelmann (Departamento de Nutrição/UFPR).</p>

<p>Matéria Específica: Sociologia da Nutrição; Alimentação Escolar; Alimentação, Nutrição e Cultura; Extensão Universitária e Transformação Social II; Estágio Obrigatório de Nutrição em Saúde Coletiva. Número de vagas: 01 (uma vaga); Critério de seleção: Análise de Currículo e Prova Didática. Sendo a prova didática realizada de forma presencial. Titulação mínima exigida: Graduação em Nutrição com Mestrado em Nutrição, ou Alimentação<br /> <a href="https://saude.ufpr.br/departamentodenutricao/teste-seletivo-area-de-conhecimento-nutricao-em-saude-coletiva/" class="button success small readmore">Leia mais</a></p>

Matéria Específica: Sociologia da Nutrição; Alimentação Escolar; Alimentação, Nutrição e Cultura; Extensão Universitária e Transformação Social II; Estágio Obrigatório de Nutrição em Saúde Coletiva. Número de vagas: 01 (uma vaga); Critério de seleção: Análise de Currículo e Prova Didática. Sendo a prova didática realizada de forma presencial. Titulação mínima exigida: Graduação em Nutrição com Mestrado em Nutrição, ou Alimentação&hellip;
