{"id":1110,"date":"2020-06-03T16:59:46","date_gmt":"2020-06-03T16:59:46","guid":{"rendered":"https:\/\/saude.ufpr.br\/departamentodetocoginecologia\/?page_id=1110"},"modified":"2020-06-04T20:40:28","modified_gmt":"2020-06-04T20:40:28","slug":"formularios","status":"publish","type":"page","link":"https:\/\/saude.ufpr.br\/departamentodetocoginecologia\/formularios\/","title":{"rendered":"Formul\u00e1rios"},"content":{"rendered":"\n<table id=\"tablepress-5\" class=\"tablepress tablepress-id-5\">\n<tbody class=\"row-striping row-hover\">\n<tr class=\"row-1\">\n\t<td class=\"column-1\"><a href=\"https:\/\/saude.ufpr.br\/medicina\/wp-content\/uploads\/sites\/10\/2018\/11\/REQUERIMENTO-PARA-2%C2%AA-CHAMADA.pdf\" rel=\"noopener noreferrer\" target=\"_blank\">Requerimento para 2\u00aa chamada de avalia\u00e7\u00e3o.<\/a><\/td><td class=\"column-2\">O aluno ou seu representante dever\u00e1 requerer ao departamento a segunda chamada no<strong> prazo de at\u00e9 cinco (05) dias \u00fateis<\/strong>, contados a partir da data da realiza\u00e7\u00e3o da avalia\u00e7\u00e3o do rendimento escolar, apresentando a documenta\u00e7\u00e3o comprobat\u00f3ria.<\/td>\n<\/tr>\n<tr class=\"row-2\">\n\t<td class=\"column-1\"><a href=\"https:\/\/saude.ufpr.br\/medicina\/wp-content\/uploads\/sites\/10\/2017\/07\/REQUERIMENTO-PARA-SOLICITA%C3%87%C3%83O-DE-VISTA-%C3%80-PROVA-CORRGIDA.pdf\" rel=\"noopener noreferrer\" target=\"_blank\">Requerimento para solicita\u00e7\u00e3o de vista de prova corrigida.<\/a><\/td><td class=\"column-2\">Todos os alunos t\u00eam direito de vista \u00e0 sua prova corrigida, entendendo-se por vista a possibilidade de o aluno ter acesso efetivo \u00e0 sua prova de forma a esclarecer quest\u00f5es relativas \u00e0 sua avalia\u00e7\u00e3o<\/td>\n<\/tr>\n<tr class=\"row-3\">\n\t<td class=\"column-1\"><a href=\"https:\/\/saude.ufpr.br\/medicina\/wp-content\/uploads\/sites\/10\/2017\/07\/REQUERIMENTO-PARA-REVIS%C3%83O-DO-RESULTADO-DA-AVALIA%C3%87%C3%83O-ESCRITA.pdf\" rel=\"noopener noreferrer\" target=\"_blank\">Requerimento de Revis\u00e3o do Resultado de Avalia\u00e7\u00e3o Escrita.<\/a><\/td><td class=\"column-2\">Ap\u00f3s a vista da prova, pode o aluno apresentar, no <strong>prazo de tr\u00eas (03) dias \u00fateis<\/strong>, requerimento justificado de revis\u00e3o das quest\u00f5es que considere terem sido indevidamente corrigidas.<\/td>\n<\/tr>\n<tr class=\"row-4\">\n\t<td class=\"column-1\"><a href=\"http:\/\/www.prograd.ufpr.br\/copap\/wp-content\/uploads\/sites\/2\/2018\/06\/8-Revis%C3%A3o-de-Notas.pdf\" rel=\"noopener noreferrer\" target=\"_blank\">Formul\u00e1rio de Revis\u00e3o de Notas.<\/a><\/td><td class=\"column-2\"><strong>Para docentes.<\/strong> Boletim de Notas e Frequencias para uso do docente que necessita alterar a nota e\/ou frequ\u00eancia para o aluno. O formul\u00e1rio deve ser assinado pelo professor respons\u00e1vel pela disciplina e pelo Chefe do Departamento. Favor seguir as determina\u00e7\u00f5es da Res. n\u00ba 37\/97 \u2013 CEPE, art. 105 e 107.<\/td>\n<\/tr>\n<tr class=\"row-5\">\n\t<td class=\"column-1\"><a href=\"http:\/\/www.prograd.ufpr.br\/copap\/wp-content\/uploads\/sites\/2\/2019\/08\/3-Disciplina-Eletiva.pdf\" rel=\"noopener noreferrer\" target=\"_blank\">Requerimento de Disciplina Eletiva.<\/a><\/td><td class=\"column-2\"><strong>Para alunos da UFPR.<\/strong> No requerimento deve constar carimbo e assinatura do chefe de Departamento, bem como do Coordenador de Curso, ap\u00f3s entregar na Unidade de Atendimento da PROGRAD. Solicita\u00e7\u00e3o m\u00e1xima de tr\u00eas disciplinas. (Res. n\u00ba 37\/97 \u2013 CEPE, arts. 55 a 59). Aten\u00e7\u00e3o ao prazo no calend\u00e1rio acad\u00eamico vigente.<\/td>\n<\/tr>\n<tr class=\"row-6\">\n\t<td class=\"column-1\"><a href=\"http:\/\/www.prograd.ufpr.br\/copap\/wp-content\/uploads\/sites\/2\/2019\/08\/4-Disciplina-Isolada.pdf\" rel=\"noopener noreferrer\" target=\"_blank\">Requerimento Disciplina Isolada.<\/a><\/td><td class=\"column-2\"><strong>Pessoas n\u00e3o integrantes do corpo discente regular da UFPR, com Ensino M\u00e9dio conclu\u00eddo.<\/strong> Preencher o requerimento constando carimbo de assinatura do Chefe do Departamento, ap\u00f3s entregar na Unidade de Atendimento da PROGRAD com c\u00f3pia do RG, CPF e comprovante de conclus\u00e3o do ensino m\u00e9dio. Solicita\u00e7\u00e3o m\u00e1xima de tr\u00eas disciplinas. Aten\u00e7\u00e3o ao prazo no calend\u00e1rio acad\u00eamico vigente.<\/td>\n<\/tr>\n<\/tbody>\n<\/table>\n\n","protected":false},"excerpt":{"rendered":"","protected":false},"author":1615,"featured_media":0,"parent":0,"menu_order":0,"comment_status":"closed","ping_status":"closed","template":"","meta":{"_acf_changed":false,"_uag_custom_page_level_css":"","footnotes":""},"class_list":["post-1110","page","type-page","status-publish","hentry"],"acf":[],"featured_image_src":null,"uagb_featured_image_src":{"full":false,"thumbnail":false,"medium":false,"medium_large":false,"large":false,"1536x1536":false,"2048x2048":false,"noticias-thumb":false,"banners-thumb":false,"maisnoticias-thumb":false,"post-thumbnail":false},"uagb_author_info":{"display_name":"Guilherme","author_link":"https:\/\/saude.ufpr.br\/departamentodetocoginecologia\/author\/guilhermematos\/"},"uagb_comment_info":0,"uagb_excerpt":null,"publishpress_future_action":{"enabled":false,"date":"2026-05-02 22:15:41","action":"change-status","newStatus":"draft","terms":[],"taxonomy":"","extraData":[]},"publishpress_future_workflow_manual_trigger":{"enabledWorkflows":[]},"_links":{"self":[{"href":"https:\/\/saude.ufpr.br\/departamentodetocoginecologia\/wp-json\/wp\/v2\/pages\/1110","targetHints":{"allow":["GET"]}}],"collection":[{"href":"https:\/\/saude.ufpr.br\/departamentodetocoginecologia\/wp-json\/wp\/v2\/pages"}],"about":[{"href":"https:\/\/saude.ufpr.br\/departamentodetocoginecologia\/wp-json\/wp\/v2\/types\/page"}],"author":[{"embeddable":true,"href":"https:\/\/saude.ufpr.br\/departamentodetocoginecologia\/wp-json\/wp\/v2\/users\/1615"}],"replies":[{"embeddable":true,"href":"https:\/\/saude.ufpr.br\/departamentodetocoginecologia\/wp-json\/wp\/v2\/comments?post=1110"}],"version-history":[{"count":3,"href":"https:\/\/saude.ufpr.br\/departamentodetocoginecologia\/wp-json\/wp\/v2\/pages\/1110\/revisions"}],"predecessor-version":[{"id":1202,"href":"https:\/\/saude.ufpr.br\/departamentodetocoginecologia\/wp-json\/wp\/v2\/pages\/1110\/revisions\/1202"}],"wp:attachment":[{"href":"https:\/\/saude.ufpr.br\/departamentodetocoginecologia\/wp-json\/wp\/v2\/media?parent=1110"}],"curies":[{"name":"wp","href":"https:\/\/api.w.org\/{rel}","templated":true}]}}