{"id":1096,"date":"2019-08-21T11:24:52","date_gmt":"2019-08-21T11:24:52","guid":{"rendered":"http:\/\/200.17.196.19\/dac\/?page_id=1090"},"modified":"2026-01-13T13:39:04","modified_gmt":"2026-01-13T13:39:04","slug":"posgraduacao","status":"publish","type":"page","link":"https:\/\/saude.ufpr.br\/departamentoestomatologia\/posgraduacao\/","title":{"rendered":"P\u00f3s-Gradua\u00e7\u00e3o"},"content":{"rendered":"<ul>\n<li><strong>Resid\u00eancia em Patologia Bucal<\/strong><\/li>\n<\/ul>\n<p>Coordenadora: Pra. Dra. Juliana Schussel<\/p>\n<p>E-mail: juliana.schussel@ufpr.br<\/p>\n<p><a href=\"https:\/\/saude.ufpr.br\/departamentoestomatologia\/residencia-em-patologia-bucal-oral-e-maxilofacial\/\">https:\/\/saude.ufpr.br\/departamentoestomatologia\/residencia-em-patologia-bucal-oral-e-maxilofacial\/<\/a><\/p>\n<p>&nbsp;<\/p>\n<ul>\n<li><strong>Resid\u00eancia em Cirurgia e Traumatologia Buco Maxilo Faciais<\/strong><\/li>\n<\/ul>\n<p>Coordenador: Prof. Dr. Delson Jo\u00e3o da Costa<\/p>\n<p>E-mail: <a href=\"mailto:delsoncosta@ufpr.br\">\u00a0delsoncosta@ufpr.br<\/a><\/p>\n<p><a href=\"https:\/\/saude.ufpr.br\/cirurgia\">https:\/\/saude.ufpr.br\/cirurgia<\/a><\/p>\n<p><em>TEL: (41) 3360-4020 \/\u00a0 3360-4050\u00a0\/ 3360-4130<\/em><\/p>\n<p>&nbsp;<\/p>\n<ul>\n<li><strong>Resid\u00eancia Multiprofissional em Aten\u00e7\u00e3o Hospitalar &#8211; Onco Hematologia<\/strong><\/li>\n<\/ul>\n<p><a href=\"https:\/\/www.gov.br\/ebserh\/pt-br\/hospitais-universitarios\/regiao-sul\/chc-ufpr\/ensino-e-pesquisa\/ensino\/residencia-multiprofissional\">https:\/\/www.gov.br\/ebserh\/pt-br\/hospitais-universitarios\/regiao-sul\/chc-ufpr\/ensino-e-pesquisa\/ensino\/residencia-multiprofissional<\/a><\/p>\n<p>&nbsp;<\/p>\n<ul>\n<li><strong>Curso de Especializa\u00e7\u00e3o em Odontopediatria<\/strong><\/li>\n<\/ul>\n<p>Coordenadora: Prof\u00aa. Dr\u00aa. Juliana Feltrin de Souza Caparroz<\/p>\n<p>E-mail: <a href=\"mailto:julianafeltrin@ufpr.br\">julianafeltrin@ufpr.br<\/a><\/p>\n<p><a href=\"https:\/\/saude.ufpr.br\/odontologia\/curso-de-especializacao-em-odontopediatria\/\">https:\/\/saude.ufpr.br\/odontologia\/curso-de-especializacao-em-odontopediatria\/<\/a><\/p>\n<p>&nbsp;<\/p>\n<ul>\n<li><strong>Programa de P\u00f3s-Gradua\u00e7\u00e3o em Odontologia &#8211; Mestrado e Doutorado<\/strong><\/li>\n<\/ul>\n<p>Coordenadora: Prof. Dr. Bruno Cavalini Cavenago<\/p>\n<p>E-mail: <a href=\"mailto:posodontoufpr@gmail.com\">posodontoufpr@gmail.com<\/a><\/p>\n<p><a href=\"https:\/\/www.prppg.ufpr.br\/site\/ppgodonto\/pb\/\">https:\/\/www.prppg.ufpr.br\/site\/ppgodonto\/pb\/<\/a><\/p>\n<p>&nbsp;<\/p>\n","protected":false},"excerpt":{"rendered":"<p>Resid\u00eancia em Patologia Bucal Coordenadora: Pra. Dra. Juliana Schussel E-mail: juliana.schussel@ufpr.br https:\/\/saude.ufpr.br\/departamentoestomatologia\/residencia-em-patologia-bucal-oral-e-maxilofacial\/ &nbsp; Resid\u00eancia em Cirurgia e Traumatologia Buco Maxilo Faciais Coordenador: Prof. Dr. Delson Jo\u00e3o da Costa E-mail: \u00a0delsoncosta@ufpr.br https:\/\/saude.ufpr.br\/cirurgia TEL: (41) 3360-4020 \/\u00a0 3360-4050\u00a0\/ 3360-4130 &nbsp; Resid\u00eancia Multiprofissional em Aten\u00e7\u00e3o Hospitalar &#8211; Onco Hematologia https:\/\/www.gov.br\/ebserh\/pt-br\/hospitais-universitarios\/regiao-sul\/chc-ufpr\/ensino-e-pesquisa\/ensino\/residencia-multiprofissional &nbsp; Curso de Especializa\u00e7\u00e3o em Odontopediatria Coordenadora: Prof\u00aa.<br \/> <a href=\"https:\/\/saude.ufpr.br\/departamentoestomatologia\/posgraduacao\/\" class=\"button success small readmore\">Leia mais<\/a><\/p>\n","protected":false},"author":1615,"featured_media":0,"parent":0,"menu_order":0,"comment_status":"closed","ping_status":"closed","template":"","meta":{"_acf_changed":false,"_uag_custom_page_level_css":"","footnotes":""},"class_list":["post-1096","page","type-page","status-publish","hentry"],"acf":[],"featured_image_src":null,"uagb_featured_image_src":{"full":false,"thumbnail":false,"medium":false,"medium_large":false,"large":false,"1536x1536":false,"2048x2048":false,"noticias-thumb":false,"banners-thumb":false,"maisnoticias-thumb":false,"post-thumbnail":false},"uagb_author_info":{"display_name":"Guilherme","author_link":"https:\/\/saude.ufpr.br\/departamentoestomatologia\/author\/guilhermematos\/"},"uagb_comment_info":0,"uagb_excerpt":"Resid\u00eancia em Patologia Bucal Coordenadora: Pra. Dra. Juliana Schussel E-mail: juliana.schussel@ufpr.br https:\/\/saude.ufpr.br\/departamentoestomatologia\/residencia-em-patologia-bucal-oral-e-maxilofacial\/ &nbsp; Resid\u00eancia em Cirurgia e Traumatologia Buco Maxilo Faciais Coordenador: Prof. Dr. Delson Jo\u00e3o da Costa E-mail: \u00a0delsoncosta@ufpr.br https:\/\/saude.ufpr.br\/cirurgia TEL: (41) 3360-4020 \/\u00a0 3360-4050\u00a0\/ 3360-4130 &nbsp; Resid\u00eancia Multiprofissional em Aten\u00e7\u00e3o Hospitalar &#8211; Onco Hematologia https:\/\/www.gov.br\/ebserh\/pt-br\/hospitais-universitarios\/regiao-sul\/chc-ufpr\/ensino-e-pesquisa\/ensino\/residencia-multiprofissional &nbsp; Curso de Especializa\u00e7\u00e3o em Odontopediatria Coordenadora: Prof\u00aa.&hellip;","publishpress_future_action":{"enabled":false,"date":"2026-05-02 08:15:21","action":"change-status","newStatus":"draft","terms":[],"taxonomy":"","extraData":[]},"publishpress_future_workflow_manual_trigger":{"enabledWorkflows":[]},"_links":{"self":[{"href":"https:\/\/saude.ufpr.br\/departamentoestomatologia\/wp-json\/wp\/v2\/pages\/1096","targetHints":{"allow":["GET"]}}],"collection":[{"href":"https:\/\/saude.ufpr.br\/departamentoestomatologia\/wp-json\/wp\/v2\/pages"}],"about":[{"href":"https:\/\/saude.ufpr.br\/departamentoestomatologia\/wp-json\/wp\/v2\/types\/page"}],"author":[{"embeddable":true,"href":"https:\/\/saude.ufpr.br\/departamentoestomatologia\/wp-json\/wp\/v2\/users\/1615"}],"replies":[{"embeddable":true,"href":"https:\/\/saude.ufpr.br\/departamentoestomatologia\/wp-json\/wp\/v2\/comments?post=1096"}],"version-history":[{"count":22,"href":"https:\/\/saude.ufpr.br\/departamentoestomatologia\/wp-json\/wp\/v2\/pages\/1096\/revisions"}],"predecessor-version":[{"id":3071,"href":"https:\/\/saude.ufpr.br\/departamentoestomatologia\/wp-json\/wp\/v2\/pages\/1096\/revisions\/3071"}],"wp:attachment":[{"href":"https:\/\/saude.ufpr.br\/departamentoestomatologia\/wp-json\/wp\/v2\/media?parent=1096"}],"curies":[{"name":"wp","href":"https:\/\/api.w.org\/{rel}","templated":true}]}}

Pós-Graduação

<ul>
<li><strong>Residência em Patologia Bucal</strong></li>
</ul>
<p>Coordenadora: Pra. Dra. Juliana Schussel</p>
<p>E-mail: juliana.schussel@ufpr.br</p>
<p><a href="https://saude.ufpr.br/departamentoestomatologia/residencia-em-patologia-bucal-oral-e-maxilofacial/">https://saude.ufpr.br/departamentoestomatologia/residencia-em-patologia-bucal-oral-e-maxilofacial/</a></p>
<p>&nbsp;</p>
<ul>
<li><strong>Residência em Cirurgia e Traumatologia Buco Maxilo Faciais</strong></li>
</ul>
<p>Coordenador: Prof. Dr. Delson João da Costa</p>
<p>E-mail: <a href="mailto:delsoncosta@ufpr.br"> delsoncosta@ufpr.br</a></p>
<p><a href="https://saude.ufpr.br/cirurgia">https://saude.ufpr.br/cirurgia</a></p>
<p><em>TEL: (41) 3360-4020 /  3360-4050 / 3360-4130</em></p>
<p>&nbsp;</p>
<ul>
<li><strong>Residência Multiprofissional em Atenção Hospitalar &#8211; Onco Hematologia</strong></li>
</ul>
<p><a href="https://www.gov.br/ebserh/pt-br/hospitais-universitarios/regiao-sul/chc-ufpr/ensino-e-pesquisa/ensino/residencia-multiprofissional">https://www.gov.br/ebserh/pt-br/hospitais-universitarios/regiao-sul/chc-ufpr/ensino-e-pesquisa/ensino/residencia-multiprofissional</a></p>
<p>&nbsp;</p>
<ul>
<li><strong>Curso de Especialização em Odontopediatria</strong></li>
</ul>
<p>Coordenadora: Profª. Drª. Juliana Feltrin de Souza Caparroz</p>
<p>E-mail: <a href="mailto:julianafeltrin@ufpr.br">julianafeltrin@ufpr.br</a></p>
<p><a href="https://saude.ufpr.br/odontologia/curso-de-especializacao-em-odontopediatria/">https://saude.ufpr.br/odontologia/curso-de-especializacao-em-odontopediatria/</a></p>
<p>&nbsp;</p>
<ul>
<li><strong>Programa de Pós-Graduação em Odontologia &#8211; Mestrado e Doutorado</strong></li>
</ul>
<p>Coordenadora: Prof. Dr. Bruno Cavalini Cavenago</p>
<p>E-mail: <a href="mailto:posodontoufpr@gmail.com">posodontoufpr@gmail.com</a></p>
<p><a href="https://www.prppg.ufpr.br/site/ppgodonto/pb/">https://www.prppg.ufpr.br/site/ppgodonto/pb/</a></p>
<p>&nbsp;</p>

<p>Residência em Patologia Bucal Coordenadora: Pra. Dra. Juliana Schussel E-mail: juliana.schussel@ufpr.br https://saude.ufpr.br/departamentoestomatologia/residencia-em-patologia-bucal-oral-e-maxilofacial/ &nbsp; Residência em Cirurgia e Traumatologia Buco Maxilo Faciais Coordenador: Prof. Dr. Delson João da Costa E-mail:  delsoncosta@ufpr.br https://saude.ufpr.br/cirurgia TEL: (41) 3360-4020 /  3360-4050 / 3360-4130 &nbsp; Residência Multiprofissional em Atenção Hospitalar &#8211; Onco Hematologia https://www.gov.br/ebserh/pt-br/hospitais-universitarios/regiao-sul/chc-ufpr/ensino-e-pesquisa/ensino/residencia-multiprofissional &nbsp; Curso de Especialização em Odontopediatria Coordenadora: Profª.<br /> <a href="https://saude.ufpr.br/departamentoestomatologia/posgraduacao/" class="button success small readmore">Leia mais</a></p>

Residência em Patologia Bucal Coordenadora: Pra. Dra. Juliana Schussel E-mail: juliana.schussel@ufpr.br https://saude.ufpr.br/departamentoestomatologia/residencia-em-patologia-bucal-oral-e-maxilofacial/ &nbsp; Residência em Cirurgia e Traumatologia Buco Maxilo Faciais Coordenador: Prof. Dr. Delson João da Costa E-mail:  delsoncosta@ufpr.br https://saude.ufpr.br/cirurgia TEL: (41) 3360-4020 /  3360-4050 / 3360-4130 &nbsp; Residência Multiprofissional em Atenção Hospitalar &#8211; Onco Hematologia https://www.gov.br/ebserh/pt-br/hospitais-universitarios/regiao-sul/chc-ufpr/ensino-e-pesquisa/ensino/residencia-multiprofissional &nbsp; Curso de Especialização em Odontopediatria Coordenadora: Profª.&hellip;
