{"id":1420,"date":"2025-02-18T17:23:46","date_gmt":"2025-02-18T17:23:46","guid":{"rendered":"https:\/\/saude.ufpr.br\/departamentopatologiamedica\/?page_id=1420"},"modified":"2026-01-30T15:03:04","modified_gmt":"2026-01-30T18:03:04","slug":"monitoria","status":"publish","type":"page","link":"https:\/\/saude.ufpr.br\/departamentopatologiamedica\/monitoria\/","title":{"rendered":"MONITORIA"},"content":{"rendered":"<h2>Edital de Monitoria n\u00ba 10\/2025 &#8211; 1\u00ba Semestre de 2026<\/h2>\r\n<h2><!-- \/wp:post-content -->\r\n\r\n<!-- wp:paragraph --><\/h2>\r\n<p><strong>Monitoria para Anatomia Patol\u00f3gica (MP029):\u00a0<\/strong><br \/>Inscri\u00e7\u00f5es at\u00e9 02 de fevereiro de 2026.<\/p>\r\n<p>Leia o edital para maiores informa\u00e7\u00f5es: <a href=\"https:\/\/saude.ufpr.br\/departamentopatologiamedica\/wp-content\/uploads\/sites\/61\/2026\/01\/Edital-de-Abertura-MP029-26.1.pdf\">Edital de Abertura MP029 26.1<\/a><\/p>\r\n<p>Link para inscri\u00e7\u00e3o: <a href=\"http:\/\/bit.ly\/anatopato\" target=\"_blank\" rel=\"noreferrer noopener\">Clique aqui.<\/a><\/p>\r\n<p>Resultado: aguardando sele\u00e7\u00e3o.<\/p>\r\n<p>Para maiores informa\u00e7\u00f5es, entre em contato com a Profa Rafaela P Erthal Michelato: rafaela.erthal@ufpr.br.<\/p>\r\n<h2><!-- \/wp:paragraph -->\r\n\r\n<!-- wp:paragraph --><\/h2>\r\n<p>&nbsp;<\/p>\r\n<p><strong>Monitoria para Pr\u00e1ticas M\u00e9dicas Baseadas em Evid\u00eancia (MP324):\u00a0<\/strong><\/p>\r\n<p><!-- \/wp:paragraph -->\r\n\r\n<!-- wp:paragraph --><\/p>\r\n<p>Inscri\u00e7\u00f5es at\u00e9 05 de fevereiro de 2026.<br \/>Leia o edital para maiores informa\u00e7\u00f5es: <a href=\"https:\/\/saude.ufpr.br\/departamentopatologiamedica\/wp-content\/uploads\/sites\/61\/2026\/01\/Edital-de-Abertura-Monitoria-MP324-26.1.pdf\">Edital de Abertura Monitoria &#8211; MP324 26.1<\/a><\/p>\r\n<p><!-- \/wp:paragraph -->\r\n\r\n<!-- wp:file {\"id\":1646,\"href\":\"https:\/\/saude.ufpr.br\/departamentopatologiamedica\/wp-content\/uploads\/sites\/61\/2025\/03\/Edital-de-Abertura-MP324-25.1.pdf\",\"displayPreview\":true,\"previewHeight\":330} --><\/p>\r\n<p><!-- \/wp:file -->\r\n\r\n<!-- wp:paragraph --><\/p>\r\n<p>Link para inscri\u00e7\u00e3o: <a href=\"https:\/\/forms.gle\/WN7s2QwegLuM5cYQ7\" target=\"_blank\" rel=\"noreferrer noopener\">Clique aqui.<\/a><\/p>\r\n<p>Resultado: aguardando sele\u00e7\u00e3o.<\/p>\r\n<p>Para maiores informa\u00e7\u00f5es, entre em contato com a Profa Fernanda Tomiotto Pellissier: fernandatomiotto@ufpr.br<\/p>\r\n<p>&nbsp;<\/p>\r\n<h2>Edital de Monitoria n\u00ba 05\/2025 &#8211; 2\u00ba Semestre<\/h2>\r\n<h2><!-- \/wp:paragraph -->\r\n\r\n<!-- wp:paragraph --><\/h2>\r\n<p><strong>Monitoria para Anatomia Patol\u00f3gica:\u00a0<\/strong><br \/>Inscri\u00e7\u00f5es at\u00e9 08 de agosto de 2025.<br \/>Leia o edital para maiores informa\u00e7\u00f5es:<\/p>\r\n<p><a href=\"https:\/\/saude.ufpr.br\/departamentopatologiamedica\/wp-content\/uploads\/sites\/61\/2025\/08\/Edital_Monitoria_Anatopato_2025.2.pdf\">Edital_Monitoria_Anatopato_2025.2<\/a><\/p>\r\n<p>Link para inscri\u00e7\u00e3o: <a href=\"http:\/\/bit.ly\/anatopato\" target=\"_blank\" rel=\"noreferrer noopener\">Clique aqui.<\/a><\/p>\r\n<p>Resultado: <a href=\"https:\/\/saude.ufpr.br\/departamentopatologiamedica\/wp-content\/uploads\/sites\/61\/2025\/08\/Edital_Resultado_Monitoria_Anatopato_2025.2.pdf\">Clique aqui.<\/a><\/p>\r\n<p>Para maiores informa\u00e7\u00f5es, entre em contato com a Profa Rafaela P Erthal Michelato: rafaela.erthal@ufpr.br<\/p>\r\n<h2><!-- \/wp:paragraph -->\r\n\r\n<!-- wp:paragraph --><\/h2>\r\n<p>&nbsp;<\/p>\r\n<p><strong>Monitoria para Pr\u00e1ticas M\u00e9dicas Baseadas em Evid\u00eancia:\u00a0<\/strong><\/p>\r\n<p><!-- \/wp:paragraph -->\r\n\r\n<!-- wp:paragraph --><\/p>\r\n<p>Inscri\u00e7\u00f5es at\u00e9 08 de agosto de 2025.<br \/>Leia o edital para maiores informa\u00e7\u00f5es:<\/p>\r\n<p><!-- \/wp:paragraph -->\r\n\r\n<!-- wp:file {\"id\":1646,\"href\":\"https:\/\/saude.ufpr.br\/departamentopatologiamedica\/wp-content\/uploads\/sites\/61\/2025\/03\/Edital-de-Abertura-MP324-25.1.pdf\",\"displayPreview\":true,\"previewHeight\":330} --><\/p>\r\n<p><a href=\"https:\/\/saude.ufpr.br\/departamentopatologiamedica\/wp-content\/uploads\/sites\/61\/2025\/08\/Edital-de-Abertura-Monitoria-MP324-25.2.pdf\">Edital de Abertura Monitoria &#8211; MP324 25.2<\/a><\/p>\r\n<p><!-- \/wp:file -->\r\n\r\n<!-- wp:paragraph --><\/p>\r\n<p>Link para inscri\u00e7\u00e3o: <a href=\"https:\/\/forms.gle\/CaJAyATWQhX7bo5h7\" target=\"_blank\" rel=\"noreferrer noopener\">Clique aqui.<\/a><\/p>\r\n<p>Para maiores informa\u00e7\u00f5es, entre em contato com a Profa Fernanda Tomiotto Pellissier: fernandatomiotto@ufpr.br<\/p>\r\n<p>&nbsp;<\/p>\r\n<h2>Edital de Monitoria n\u00ba 01\/2025 &#8211; 1\u00ba Semestre<\/h2>\r\n<p><!-- \/wp:paragraph -->\r\n\r\n<!-- wp:paragraph --><\/p>\r\n<p><strong>Monitoria para Anatomia Patol\u00f3gica:\u00a0<\/strong><br \/>Inscri\u00e7\u00f5es entre 17 de fevereiro e 18 de mar\u00e7o de 2025.<br \/>Leia o edital para maiores informa\u00e7\u00f5es:<\/p>\r\n<p><!-- \/wp:paragraph -->\r\n\r\n<!-- wp:file {\"id\":1525,\"href\":\"https:\/\/saude.ufpr.br\/departamentopatologiamedica\/wp-content\/uploads\/sites\/61\/2025\/02\/Edital_Monitoria_Anatopato_2025.1-3.pdf\",\"displayPreview\":true,\"previewHeight\":280} --><\/p>\r\n<p><a id=\"wp-block-file--media-45cc40a9-a8d3-4e6f-82f7-e596a9079756\" href=\"https:\/\/saude.ufpr.br\/departamentopatologiamedica\/wp-content\/uploads\/sites\/61\/2025\/02\/Edital_Monitoria_Anatopato_2025.1-3.pdf\">Edital_Monitoria_Anatopato_2025.1-3<\/a><a href=\"https:\/\/saude.ufpr.br\/departamentopatologiamedica\/wp-content\/uploads\/sites\/61\/2025\/02\/Edital_Monitoria_Anatopato_2025.1-3.pdf\" aria-describedby=\"wp-block-file--media-45cc40a9-a8d3-4e6f-82f7-e596a9079756\">Baixar<\/a><\/p>\r\n<p><!-- \/wp:file -->\r\n\r\n<!-- wp:paragraph --><\/p>\r\n<p>Link para inscri\u00e7\u00e3o: <a href=\"http:\/\/bit.ly\/anatopato\" target=\"_blank\" rel=\"noreferrer noopener\">Clique aqui.<\/a><\/p>\r\n<p>Resultado: <a href=\"https:\/\/saude.ufpr.br\/departamentopatologiamedica\/wp-content\/uploads\/sites\/61\/2025\/03\/Edital_Resultado_Monitoria_Anatopato_2025.1-.pdf\">Clique aqui.<\/a><\/p>\r\n<p><!-- \/wp:paragraph -->\r\n\r\n<!-- wp:paragraph --><\/p>\r\n<p>Para maiores informa\u00e7\u00f5es, entre em contato com a Profa Rafaela P Erthal Michelato: rafaela.erthal@ufpr.br<\/p>\r\n<p>&nbsp;<\/p>\r\n<p><strong>Monitoria para Pr\u00e1ticas M\u00e9dicas Baseadas em Evid\u00eancia:\u00a0<\/strong><\/p>\r\n<p><!-- \/wp:paragraph -->\r\n\r\n<!-- wp:paragraph --><\/p>\r\n<p>Inscri\u00e7\u00f5es at\u00e9 16 de mar\u00e7o de 2025.<br \/>Leia o edital para maiores informa\u00e7\u00f5es:<\/p>\r\n<p><!-- \/wp:paragraph -->\r\n\r\n<!-- wp:file {\"id\":1646,\"href\":\"https:\/\/saude.ufpr.br\/departamentopatologiamedica\/wp-content\/uploads\/sites\/61\/2025\/03\/Edital-de-Abertura-MP324-25.1.pdf\",\"displayPreview\":true,\"previewHeight\":330} --><\/p>\r\n<p><a id=\"wp-block-file--media-c0f094b3-3900-4790-a610-7d3362400279\" href=\"https:\/\/saude.ufpr.br\/departamentopatologiamedica\/wp-content\/uploads\/sites\/61\/2025\/03\/Edital-de-Abertura-MP324-25.1.pdf\" target=\"_blank\" rel=\"noopener\">Edital-de-Abertura-MP324-25.1<\/a><a href=\"https:\/\/saude.ufpr.br\/departamentopatologiamedica\/wp-content\/uploads\/sites\/61\/2025\/03\/Edital-de-Abertura-MP324-25.1.pdf\" aria-describedby=\"wp-block-file--media-c0f094b3-3900-4790-a610-7d3362400279\">Baixar<\/a><\/p>\r\n<p><!-- \/wp:file -->\r\n\r\n<!-- wp:paragraph --><\/p>\r\n<p>Link para inscri\u00e7\u00e3o: <a href=\"https:\/\/docs.google.com\/forms\/d\/e\/1FAIpQLSegQyb1IfMEbeOu95mMBYwLIP6-DjJia_7gqiLRCLSaYBpWwg\/viewform\" target=\"_blank\" rel=\"noreferrer noopener\">Clique aqui.<\/a><\/p>\r\n<p>Resultado: <a href=\"https:\/\/saude.ufpr.br\/departamentopatologiamedica\/wp-content\/uploads\/sites\/61\/2025\/03\/Resultado-monitoria-PMBE-1.pdf\">Clique aqui<\/a><\/p>\r\n<p>Para maiores informa\u00e7\u00f5es, entre em contato com a Profa Fernanda Tomiotto Pellissier: fernandatomiotto@ufpr.b<\/p>\r\n<p><!-- \/wp:paragraph --><\/p>","protected":false},"excerpt":{"rendered":"<p>Edital de Monitoria n\u00ba 10\/2025 &#8211; 1\u00ba Semestre de 2026 Monitoria para Anatomia Patol\u00f3gica (MP029):\u00a0Inscri\u00e7\u00f5es at\u00e9 02 de fevereiro de 2026. Leia o edital para maiores informa\u00e7\u00f5es: Edital de Abertura MP029 26.1 Link para inscri\u00e7\u00e3o: Clique aqui. Resultado: aguardando sele\u00e7\u00e3o. Para maiores informa\u00e7\u00f5es, entre em contato com a Profa Rafaela P Erthal Michelato: rafaela.erthal@ufpr.br. &nbsp;<br \/> <a href=\"https:\/\/saude.ufpr.br\/departamentopatologiamedica\/monitoria\/\" class=\"button success small readmore\">Leia mais<\/a><\/p>\n","protected":false},"author":1737,"featured_media":0,"parent":0,"menu_order":0,"comment_status":"closed","ping_status":"closed","template":"","meta":{"_acf_changed":false,"_uag_custom_page_level_css":"","footnotes":""},"class_list":["post-1420","page","type-page","status-publish","hentry"],"acf":[],"featured_image_src":null,"uagb_featured_image_src":{"full":false,"thumbnail":false,"medium":false,"medium_large":false,"large":false,"1536x1536":false,"2048x2048":false,"noticias-thumb":false,"banners-thumb":false,"maisnoticias-thumb":false,"post-thumbnail":false},"uagb_author_info":{"display_name":"rafaela","author_link":"https:\/\/saude.ufpr.br\/departamentopatologiamedica\/author\/rafaela\/"},"uagb_comment_info":0,"uagb_excerpt":"Edital de Monitoria n\u00ba 10\/2025 &#8211; 1\u00ba Semestre de 2026 Monitoria para Anatomia Patol\u00f3gica (MP029):\u00a0Inscri\u00e7\u00f5es at\u00e9 02 de fevereiro de 2026. Leia o edital para maiores informa\u00e7\u00f5es: Edital de Abertura MP029 26.1 Link para inscri\u00e7\u00e3o: Clique aqui. Resultado: aguardando sele\u00e7\u00e3o. Para maiores informa\u00e7\u00f5es, entre em contato com a Profa Rafaela P Erthal Michelato: rafaela.erthal@ufpr.br. &nbsp;&hellip;","publishpress_future_action":{"enabled":false,"date":"2026-05-02 09:25:35","action":"change-status","newStatus":"draft","terms":[],"taxonomy":"","extraData":[]},"publishpress_future_workflow_manual_trigger":{"enabledWorkflows":[]},"_links":{"self":[{"href":"https:\/\/saude.ufpr.br\/departamentopatologiamedica\/wp-json\/wp\/v2\/pages\/1420","targetHints":{"allow":["GET"]}}],"collection":[{"href":"https:\/\/saude.ufpr.br\/departamentopatologiamedica\/wp-json\/wp\/v2\/pages"}],"about":[{"href":"https:\/\/saude.ufpr.br\/departamentopatologiamedica\/wp-json\/wp\/v2\/types\/page"}],"author":[{"embeddable":true,"href":"https:\/\/saude.ufpr.br\/departamentopatologiamedica\/wp-json\/wp\/v2\/users\/1737"}],"replies":[{"embeddable":true,"href":"https:\/\/saude.ufpr.br\/departamentopatologiamedica\/wp-json\/wp\/v2\/comments?post=1420"}],"version-history":[{"count":25,"href":"https:\/\/saude.ufpr.br\/departamentopatologiamedica\/wp-json\/wp\/v2\/pages\/1420\/revisions"}],"predecessor-version":[{"id":2093,"href":"https:\/\/saude.ufpr.br\/departamentopatologiamedica\/wp-json\/wp\/v2\/pages\/1420\/revisions\/2093"}],"wp:attachment":[{"href":"https:\/\/saude.ufpr.br\/departamentopatologiamedica\/wp-json\/wp\/v2\/media?parent=1420"}],"curies":[{"name":"wp","href":"https:\/\/api.w.org\/{rel}","templated":true}]}}