{"id":1550,"date":"2017-05-13T20:48:50","date_gmt":"2017-05-13T23:48:50","guid":{"rendered":"https:\/\/saude.ufpr.br\/enfermagem\/?page_id=1550"},"modified":"2026-02-25T08:43:05","modified_gmt":"2026-02-25T11:43:05","slug":"area-do-aluno","status":"publish","type":"page","link":"https:\/\/saude.ufpr.br\/enfermagem\/area-do-aluno\/","title":{"rendered":"\u00c1rea do Aluno"},"content":{"rendered":"<div id=\"attachment_1995\" style=\"width: 310px\" class=\"wp-caption alignnone\"><a href=\"https:\/\/saude.ufpr.br\/enfermagem\/wp-content\/uploads\/sites\/4\/2018\/04\/25256446564_11f9dd5c01_n.jpg\"><img fetchpriority=\"high\" decoding=\"async\" aria-describedby=\"caption-attachment-1995\" class=\"wp-image-1995 size-medium\" src=\"https:\/\/saude.ufpr.br\/enfermagem\/wp-content\/uploads\/sites\/4\/2018\/04\/25256446564_11f9dd5c01_n-300x199.jpg\" alt=\"\" width=\"300\" height=\"199\" srcset=\"https:\/\/saude.ufpr.br\/enfermagem\/wp-content\/uploads\/sites\/4\/2018\/04\/25256446564_11f9dd5c01_n-300x199.jpg 300w, https:\/\/saude.ufpr.br\/enfermagem\/wp-content\/uploads\/sites\/4\/2018\/04\/25256446564_11f9dd5c01_n.jpg 320w\" sizes=\"(max-width: 300px) 100vw, 300px\" \/><\/a><p id=\"caption-attachment-1995\" class=\"wp-caption-text\">Foto: Samira Chami Neves<\/p><\/div>\n<p>&nbsp;<\/p>\n<p><strong>Curso de Enfermagem<\/strong><\/p>\n<p><a href=\"https:\/\/ufpraberta.ufpr.br\/course\/view.php?id=9\">Manual de procedimentos e solicita\u00e7\u00f5es &#8211; Sistema SIGA <\/a><\/p>\n<p><a href=\"https:\/\/saude.ufpr.br\/enfermagem\/wp-content\/uploads\/sites\/4\/2014\/10\/Ficha-de-Acompanhamento-Acad\u00eamico.pdf\">Formul\u00e1rio &#8211; Atividades Formativas<\/a><\/p>\n<p><a href=\"https:\/\/saude.ufpr.br\/enfermagem\/wp-content\/uploads\/sites\/4\/2023\/06\/REGULAMENTO-ATIVIDADES-FORMATIVAS-COMPLEMENTARES-Curriculo-NOVO.docx.pdf\">Regulamento de Atividades Formativas <\/a><\/p>\n<p><a href=\"https:\/\/saude.ufpr.br\/enfermagem\/wp-content\/uploads\/sites\/4\/2022\/09\/13-Mudanca-de-Habilitacao-2-2-1.pdf\">Formul\u00e1rio para Mudan\u00e7a de Habilita\u00e7\u00e3o<\/a><\/p>\n<p><a href=\"https:\/\/saude.ufpr.br\/enfermagem\/wp-content\/uploads\/sites\/4\/2026\/01\/Calendario-2026-UFPR.pdf\">Calend\u00e1rio Acad\u00eamico 2026<\/a><\/p>\n<p><a href=\"https:\/\/saude.ufpr.br\/enfermagem\/wp-content\/uploads\/sites\/4\/2026\/01\/GUIA-CALENDARIO-2026.1-1.pdf\">Guia Calend\u00e1rio 2026.1\u00a0<\/a><\/p>\n<p><a href=\"https:\/\/saude.ufpr.br\/enfermagem\/wp-content\/uploads\/sites\/4\/2026\/02\/Grade-Enfermagem-2026.1-1.pdf\">Grade Enfermagem 2026.1<\/a><\/p>\n<p><a href=\"https:\/\/saude.ufpr.br\/enfermagem\/wp-content\/uploads\/sites\/4\/2026\/02\/Ensalamento-Enfermagem-2026.1-1.pdf\">Ensalamento Enfermagem 2026.1<\/a><\/p>\n<p><a href=\"https:\/\/saude.ufpr.br\/enfermagem\/wp-content\/uploads\/sites\/4\/2023\/03\/Manual_para_Estudantes_da_UFPR_2023.pdf\">Manual para Estudantes da UFPR <\/a><\/p>\n<p>&nbsp;<\/p>\n<p><strong>UFPR<\/strong><\/p>\n<p><a href=\"https:\/\/saude.ufpr.br\/enfermagem\/wp-content\/uploads\/sites\/4\/2018\/04\/cepe3797-atividades-acad\u00eamicas-alterada-modificada-18.04.2018.pdf\">Resolu\u00e7\u00e3o 37\/97 &#8211; Atividades Acad\u00eamicas &#8211; Alterada em 18.04.2018<\/a><\/p>\n<p><a href=\"http:\/\/www.pra.ufpr.br\/ru\/cardapio-2\/\" target=\"_blank\" rel=\"noopener\">Card\u00e1pio RU<\/a><\/p>\n<p><a href=\"https:\/\/pra.ufpr.br\/centran\/sobre\/onibus-intercampi\/\">Intercampi &#8211; Informa\u00e7\u00f5es<\/a><\/p>\n<p><strong><br \/>\nAcesso ao Moodle<\/strong><\/p>\n<p><a href=\"https:\/\/ava.ufpr.br\/login\/index.php\">https:\/\/ava.ufpr.br\/login\/index.php<\/a><\/p>\n<p>&nbsp;<\/p>\n<p><strong>Site da gradua\u00e7\u00e3o do Curso de Inform\u00e1tica Biom\u00e9dica<\/strong><br \/>\n<a href=\"http:\/\/www.inf.ufpr.br\/bib\/\">http:\/\/www.inf.ufpr.br\/bib\/ <\/a><\/p>\n<p>&nbsp;<\/p>\n<p><strong>Servi\u00e7os de apoio da UFPR para alunos &#8211; clique na imagem para aumentar.<\/strong><\/p>\n<p><a href=\"https:\/\/saude.ufpr.br\/enfermagem\/wp-content\/uploads\/sites\/4\/2018\/05\/servi\u00e7os.jpg\"><img decoding=\"async\" class=\"alignnone size-medium wp-image-2027\" src=\"https:\/\/saude.ufpr.br\/enfermagem\/wp-content\/uploads\/sites\/4\/2018\/05\/servi\u00e7os-300x212.jpg\" alt=\"\" width=\"300\" height=\"212\" srcset=\"https:\/\/saude.ufpr.br\/enfermagem\/wp-content\/uploads\/sites\/4\/2018\/05\/servi\u00e7os-300x212.jpg 300w, https:\/\/saude.ufpr.br\/enfermagem\/wp-content\/uploads\/sites\/4\/2018\/05\/servi\u00e7os-768x543.jpg 768w, https:\/\/saude.ufpr.br\/enfermagem\/wp-content\/uploads\/sites\/4\/2018\/05\/servi\u00e7os-1024x724.jpg 1024w\" sizes=\"(max-width: 300px) 100vw, 300px\" \/><\/a><\/p>\n<p>&nbsp;<\/p>\n<p>&nbsp;<\/p>\n<p>&nbsp;<\/p>\n<p>&nbsp;<\/p>\n","protected":false},"excerpt":{"rendered":"<p>&nbsp; Curso de Enfermagem Manual de procedimentos e solicita\u00e7\u00f5es &#8211; Sistema SIGA Formul\u00e1rio &#8211; Atividades Formativas Regulamento de Atividades Formativas Formul\u00e1rio para Mudan\u00e7a de Habilita\u00e7\u00e3o Calend\u00e1rio Acad\u00eamico 2026 Guia Calend\u00e1rio 2026.1\u00a0 Grade Enfermagem 2026.1 Ensalamento Enfermagem 2026.1 Manual para Estudantes da UFPR &nbsp; UFPR Resolu\u00e7\u00e3o 37\/97 &#8211; Atividades Acad\u00eamicas &#8211; Alterada em 18.04.2018 Card\u00e1pio RU<br \/> <a href=\"https:\/\/saude.ufpr.br\/enfermagem\/area-do-aluno\/\" class=\"button success small readmore\">Leia mais<\/a><\/p>\n","protected":false},"author":6,"featured_media":0,"parent":0,"menu_order":0,"comment_status":"closed","ping_status":"closed","template":"","meta":{"_acf_changed":false,"_uag_custom_page_level_css":"","footnotes":""},"class_list":["post-1550","page","type-page","status-publish","hentry"],"acf":[],"featured_image_src":null,"uagb_featured_image_src":{"full":false,"thumbnail":false,"medium":false,"medium_large":false,"large":false,"1536x1536":false,"2048x2048":false,"noticias-thumb":false,"banners-thumb":false,"maisnoticias-thumb":false,"post-thumbnail":false},"uagb_author_info":{"display_name":"Josi Dourado","author_link":"https:\/\/saude.ufpr.br\/enfermagem\/author\/josidourados\/"},"uagb_comment_info":0,"uagb_excerpt":"&nbsp; Curso de Enfermagem Manual de procedimentos e solicita\u00e7\u00f5es &#8211; Sistema SIGA Formul\u00e1rio &#8211; Atividades Formativas Regulamento de Atividades Formativas Formul\u00e1rio para Mudan\u00e7a de Habilita\u00e7\u00e3o Calend\u00e1rio Acad\u00eamico 2026 Guia Calend\u00e1rio 2026.1\u00a0 Grade Enfermagem 2026.1 Ensalamento Enfermagem 2026.1 Manual para Estudantes da UFPR &nbsp; UFPR Resolu\u00e7\u00e3o 37\/97 &#8211; Atividades Acad\u00eamicas &#8211; Alterada em 18.04.2018 Card\u00e1pio RU&hellip;","publishpress_future_action":{"enabled":false,"date":"2026-05-01 17:34:19","action":"change-status","newStatus":"draft","terms":[],"taxonomy":"","extraData":[]},"publishpress_future_workflow_manual_trigger":{"enabledWorkflows":[]},"_links":{"self":[{"href":"https:\/\/saude.ufpr.br\/enfermagem\/wp-json\/wp\/v2\/pages\/1550","targetHints":{"allow":["GET"]}}],"collection":[{"href":"https:\/\/saude.ufpr.br\/enfermagem\/wp-json\/wp\/v2\/pages"}],"about":[{"href":"https:\/\/saude.ufpr.br\/enfermagem\/wp-json\/wp\/v2\/types\/page"}],"author":[{"embeddable":true,"href":"https:\/\/saude.ufpr.br\/enfermagem\/wp-json\/wp\/v2\/users\/6"}],"replies":[{"embeddable":true,"href":"https:\/\/saude.ufpr.br\/enfermagem\/wp-json\/wp\/v2\/comments?post=1550"}],"version-history":[{"count":185,"href":"https:\/\/saude.ufpr.br\/enfermagem\/wp-json\/wp\/v2\/pages\/1550\/revisions"}],"predecessor-version":[{"id":7871,"href":"https:\/\/saude.ufpr.br\/enfermagem\/wp-json\/wp\/v2\/pages\/1550\/revisions\/7871"}],"wp:attachment":[{"href":"https:\/\/saude.ufpr.br\/enfermagem\/wp-json\/wp\/v2\/media?parent=1550"}],"curies":[{"name":"wp","href":"https:\/\/api.w.org\/{rel}","templated":true}]}}