{"id":169,"date":"2013-07-17T17:48:47","date_gmt":"2013-07-17T17:48:47","guid":{"rendered":"http:\/\/127.0.0.1\/site%20DENF\/?page_id=169"},"modified":"2025-04-07T11:15:08","modified_gmt":"2025-04-07T14:15:08","slug":"graduacao","status":"publish","type":"page","link":"https:\/\/saude.ufpr.br\/enfermagem\/graduacao\/","title":{"rendered":"Gradua\u00e7\u00e3o"},"content":{"rendered":"<p><!--StyleSheet Link--><\/p>\n<p style=\"text-align: right\" align=\"justify\">atualizado em 24\/09\/21<\/p>\n<p align=\"justify\">O Curso de Enfermagem foi implantado na UFPR em 1974; atualmente sua dura\u00e7\u00e3o \u00e9 de 05 anos.<\/p>\n<p>S\u00e3o oferecidas 60 vagas anualmente, sendo que 30 alunos ingressam no primeiro semestre e 30 no segundo semestre.<\/p>\n<p><strong>Coordenadora do Curso<\/strong><b>\u00a0de Enfermagem: <\/b>Marcia Helena de Souza Freire<br \/>\n<b><\/b><b>Vice-Coordenadora do Curso de Enfermagem: <\/b>Kariane Gomes Cezario Roscoche<b><br \/>\nAdministrador: <\/b>Paulo Gustavo M. Mikosz<\/p>\n<p>&nbsp;<\/p>\n<p>Atualmente o Departamento de Enfermagem tamb\u00e9m oferece disciplinas para o Curso de Inform\u00e1tica Biom\u00e9dica.<\/p>\n<p><strong>Coordenador do Curso<\/strong><b> de Inform\u00e1tica Biom\u00e9dica<br \/>\n<\/b>Prof. Dr. Lucas Ferrari de Oliveira<br \/>\n<strong>Vice-Coordenadora do Curso de <b>Inform\u00e1tica Biom\u00e9dica<\/b><\/strong><br \/>\nProf\u00aa. Dr\u00aa. Leticia Mara Peres<br \/>\n<strong>Secret\u00e1ria:<\/strong> Stael Regina Padilha<\/p>\n","protected":false},"excerpt":{"rendered":"<p>atualizado em 24\/09\/21 O Curso de Enfermagem foi implantado na UFPR em 1974; atualmente sua dura\u00e7\u00e3o \u00e9 de 05 anos. S\u00e3o oferecidas 60 vagas anualmente, sendo que 30 alunos ingressam no primeiro semestre e 30 no segundo semestre. Coordenadora do Curso\u00a0de Enfermagem: Marcia Helena de Souza Freire Vice-Coordenadora do Curso de Enfermagem: Kariane Gomes Cezario<br \/> <a href=\"https:\/\/saude.ufpr.br\/enfermagem\/graduacao\/\" class=\"button success small readmore\">Leia mais<\/a><\/p>\n","protected":false},"author":6,"featured_media":0,"parent":0,"menu_order":0,"comment_status":"open","ping_status":"open","template":"","meta":{"_acf_changed":false,"_uag_custom_page_level_css":"","footnotes":""},"class_list":["post-169","page","type-page","status-publish","hentry"],"acf":[],"featured_image_src":null,"uagb_featured_image_src":{"full":false,"thumbnail":false,"medium":false,"medium_large":false,"large":false,"1536x1536":false,"2048x2048":false,"noticias-thumb":false,"banners-thumb":false,"maisnoticias-thumb":false,"post-thumbnail":false},"uagb_author_info":{"display_name":"Josi Dourado","author_link":"https:\/\/saude.ufpr.br\/enfermagem\/author\/josidourados\/"},"uagb_comment_info":0,"uagb_excerpt":"atualizado em 24\/09\/21 O Curso de Enfermagem foi implantado na UFPR em 1974; atualmente sua dura\u00e7\u00e3o \u00e9 de 05 anos. S\u00e3o oferecidas 60 vagas anualmente, sendo que 30 alunos ingressam no primeiro semestre e 30 no segundo semestre. Coordenadora do Curso\u00a0de Enfermagem: Marcia Helena de Souza Freire Vice-Coordenadora do Curso de Enfermagem: Kariane Gomes Cezario&hellip;","publishpress_future_action":{"enabled":false,"date":"2026-04-10 18:38:29","action":"change-status","newStatus":"draft","terms":[],"taxonomy":"","extraData":[]},"publishpress_future_workflow_manual_trigger":{"enabledWorkflows":[]},"_links":{"self":[{"href":"https:\/\/saude.ufpr.br\/enfermagem\/wp-json\/wp\/v2\/pages\/169","targetHints":{"allow":["GET"]}}],"collection":[{"href":"https:\/\/saude.ufpr.br\/enfermagem\/wp-json\/wp\/v2\/pages"}],"about":[{"href":"https:\/\/saude.ufpr.br\/enfermagem\/wp-json\/wp\/v2\/types\/page"}],"author":[{"embeddable":true,"href":"https:\/\/saude.ufpr.br\/enfermagem\/wp-json\/wp\/v2\/users\/6"}],"replies":[{"embeddable":true,"href":"https:\/\/saude.ufpr.br\/enfermagem\/wp-json\/wp\/v2\/comments?post=169"}],"version-history":[{"count":31,"href":"https:\/\/saude.ufpr.br\/enfermagem\/wp-json\/wp\/v2\/pages\/169\/revisions"}],"predecessor-version":[{"id":7481,"href":"https:\/\/saude.ufpr.br\/enfermagem\/wp-json\/wp\/v2\/pages\/169\/revisions\/7481"}],"wp:attachment":[{"href":"https:\/\/saude.ufpr.br\/enfermagem\/wp-json\/wp\/v2\/media?parent=169"}],"curies":[{"name":"wp","href":"https:\/\/api.w.org\/{rel}","templated":true}]}}