{"id":3655,"date":"2020-01-24T11:49:36","date_gmt":"2020-01-24T14:49:36","guid":{"rendered":"https:\/\/saude.ufpr.br\/enfermagem\/?page_id=3655"},"modified":"2020-01-27T14:26:12","modified_gmt":"2020-01-27T17:26:12","slug":"planos-de-ensino-2015","status":"publish","type":"page","link":"https:\/\/saude.ufpr.br\/enfermagem\/planos-de-ensino-2015\/","title":{"rendered":"Planos de ensino 2015"},"content":{"rendered":"<p><strong>Fichas 2 \/ Planos de Ensino\u00a0 2015<\/strong><\/p>\n<p><a href=\"https:\/\/saude.ufpr.br\/enfermagem\/wp-content\/uploads\/sites\/4\/2020\/01\/0992015.pdf\">MN099 Enfermagem como profiss\u00e3o<\/a><br \/>\n<a href=\"https:\/\/saude.ufpr.br\/enfermagem\/wp-content\/uploads\/sites\/4\/2020\/01\/1002015.pdf\">MN100 Hist\u00f3ria da Enfermagem<\/a><br \/>\n<a href=\"https:\/\/saude.ufpr.br\/enfermagem\/wp-content\/uploads\/sites\/4\/2020\/01\/1012015.pdf\">MN101 Enfermagem da Educa\u00e7\u00e3o em Sa\u00fade<\/a><br \/>\n<a href=\"https:\/\/saude.ufpr.br\/enfermagem\/wp-content\/uploads\/sites\/4\/2020\/01\/1022015.pdf\">MN102 Metodologia da Pesquisa em Enfermagem<\/a><br \/>\n<a href=\"https:\/\/saude.ufpr.br\/enfermagem\/wp-content\/uploads\/sites\/4\/2020\/01\/1032015.pdf\">MN103 Fundamentos para o Cuidar em Enfermagem<\/a><br \/>\n<a href=\"https:\/\/saude.ufpr.br\/enfermagem\/wp-content\/uploads\/sites\/4\/2020\/01\/1042015.pdf\">MN104 Sa\u00fade, Sociedade e Meio Ambiente<\/a><br \/>\n<a href=\"https:\/\/saude.ufpr.br\/enfermagem\/wp-content\/uploads\/sites\/4\/2020\/01\/1052015.pdf\">MN105 Enfermagem em Sa\u00fade Coletiva <\/a><br \/>\n<a href=\"https:\/\/saude.ufpr.br\/enfermagem\/wp-content\/uploads\/sites\/4\/2020\/01\/1062015.pdf\">MN106 Enfermagem em Sa\u00fade do Adulto e Idoso<\/a><br \/>\n<a href=\"https:\/\/saude.ufpr.br\/enfermagem\/wp-content\/uploads\/sites\/4\/2020\/01\/1072015.pdf\">MN107 Cuidados de Enfermagem \u00e0 Crian\u00e7a e ao Adolescente<\/a><br \/>\n<a href=\"https:\/\/saude.ufpr.br\/enfermagem\/wp-content\/uploads\/sites\/4\/2020\/01\/1082019.pdf\">MN108 Cuidados de Enfermagem \u00e0 Mulher<\/a><br \/>\n<a href=\"https:\/\/saude.ufpr.br\/enfermagem\/wp-content\/uploads\/sites\/4\/2020\/01\/1092016-1.pdf\">MN109 Planejamento e Administra\u00e7\u00e3o em Sa\u00fade <\/a><br \/>\n<a href=\"https:\/\/saude.ufpr.br\/enfermagem\/wp-content\/uploads\/sites\/4\/2020\/01\/1102016-1.pdf\">MN110 Enfermagem em Sa\u00fade Mental<\/a><br \/>\n<a href=\"https:\/\/saude.ufpr.br\/enfermagem\/wp-content\/uploads\/sites\/4\/2020\/01\/1112015-1.pdf\">MN111 \u00c9tica e Bio\u00e9tica Aplicada a Enfermagem<\/a><br \/>\n<a href=\"https:\/\/saude.ufpr.br\/enfermagem\/wp-content\/uploads\/sites\/4\/2020\/01\/1122015.pdf\">MN112 Planejamento e Administra\u00e7\u00e3o em Sa\u00fade<\/a><br \/>\n<a href=\"https:\/\/saude.ufpr.br\/enfermagem\/wp-content\/uploads\/sites\/4\/2020\/01\/1132015.pdf\">MN113 Est\u00e1gio Supervisionado em Aten\u00e7\u00e3o B\u00e1sica \u00e0 Sa\u00fade I<\/a><br \/>\n<a href=\"https:\/\/saude.ufpr.br\/enfermagem\/wp-content\/uploads\/sites\/4\/2020\/01\/1142015.pdf\">MN114 Monografia de Enfermagem I<\/a><br \/>\n<a href=\"https:\/\/saude.ufpr.br\/enfermagem\/wp-content\/uploads\/sites\/4\/2020\/01\/1152015.pdf\">MN115 Monografia de Enfermagem II<\/a><br \/>\n<a href=\"https:\/\/saude.ufpr.br\/enfermagem\/wp-content\/uploads\/sites\/4\/2020\/01\/1162015.pdf\">MN116 Est\u00e1gio Supervisionado em Enfermagem<\/a><br \/>\n<a href=\"https:\/\/saude.ufpr.br\/enfermagem\/wp-content\/uploads\/sites\/4\/2020\/01\/1172015.pdf\">MN117 Semin\u00e1rio Integrado I<\/a><br \/>\n<a href=\"https:\/\/saude.ufpr.br\/enfermagem\/wp-content\/uploads\/sites\/4\/2020\/01\/1182015.pdf\">MN118 Semin\u00e1rio Integrado II<\/a><br \/>\n<a href=\"https:\/\/saude.ufpr.br\/enfermagem\/wp-content\/uploads\/sites\/4\/2020\/01\/1192015.pdf\">MN119 Semin\u00e1rio Integrado III<\/a><br \/>\n<a href=\"https:\/\/saude.ufpr.br\/enfermagem\/wp-content\/uploads\/sites\/4\/2020\/01\/1202015.pdf\">MN120 Semin\u00e1rio Integrado IV<\/a><br \/>\n<a href=\"https:\/\/saude.ufpr.br\/enfermagem\/wp-content\/uploads\/sites\/4\/2020\/01\/1212015.pdf\">MN121 Semin\u00e1rio Integrado V<\/a><br \/>\n<a href=\"https:\/\/saude.ufpr.br\/enfermagem\/wp-content\/uploads\/sites\/4\/2020\/01\/1222015.pdf\">MN122 Semin\u00e1rio Integrado VI<\/a><br \/>\n<a href=\"https:\/\/saude.ufpr.br\/enfermagem\/wp-content\/uploads\/sites\/4\/2020\/01\/1232015.pdf\">MN123 Semin\u00e1rio Integrado VII<\/a><br \/>\n<a href=\"https:\/\/saude.ufpr.br\/enfermagem\/wp-content\/uploads\/sites\/4\/2020\/01\/1242015.pdf\">MN124 Semin\u00e1rio Integrado VIII<\/a><br \/>\n<a href=\"https:\/\/saude.ufpr.br\/enfermagem\/wp-content\/uploads\/sites\/4\/2020\/01\/1252015.pdf\">MN125 Semin\u00e1rio Integrado IX<\/a><br \/>\n<a href=\"https:\/\/saude.ufpr.br\/enfermagem\/wp-content\/uploads\/sites\/4\/2020\/01\/1262015.pdf\">MN126 Semin\u00e1rio Integrado X<\/a><br \/>\n<a href=\"https:\/\/saude.ufpr.br\/enfermagem\/wp-content\/uploads\/sites\/4\/2020\/01\/1272015.pdf\">MN127 Sa\u00fade, Meio Ambiente e Sociedade<\/a><br \/>\n<a href=\"https:\/\/saude.ufpr.br\/enfermagem\/wp-content\/uploads\/sites\/4\/2020\/01\/1282015.pdf\">MN128 Organiza\u00e7\u00e3o do Sistema de Sa\u00fade Brasileiro<\/a><br \/>\n<a href=\"https:\/\/saude.ufpr.br\/enfermagem\/wp-content\/uploads\/sites\/4\/2020\/01\/1292015.pdf\">MN129 Metodologia da Pesquisa e Bio\u00e9tica<\/a><\/p>\n","protected":false},"excerpt":{"rendered":"<p>Fichas 2 \/ Planos de Ensino\u00a0 2015 MN099 Enfermagem como profiss\u00e3o MN100 Hist\u00f3ria da Enfermagem MN101 Enfermagem da Educa\u00e7\u00e3o em Sa\u00fade MN102 Metodologia da Pesquisa em Enfermagem MN103 Fundamentos para o Cuidar em Enfermagem MN104 Sa\u00fade, Sociedade e Meio Ambiente MN105 Enfermagem em Sa\u00fade Coletiva MN106 Enfermagem em Sa\u00fade do Adulto e Idoso MN107 Cuidados<br \/> <a href=\"https:\/\/saude.ufpr.br\/enfermagem\/planos-de-ensino-2015\/\" class=\"button success small readmore\">Leia mais<\/a><\/p>\n","protected":false},"author":6,"featured_media":0,"parent":0,"menu_order":0,"comment_status":"closed","ping_status":"closed","template":"","meta":{"_acf_changed":false,"_uag_custom_page_level_css":"","footnotes":""},"class_list":["post-3655","page","type-page","status-publish","hentry"],"acf":[],"featured_image_src":null,"uagb_featured_image_src":{"full":false,"thumbnail":false,"medium":false,"medium_large":false,"large":false,"1536x1536":false,"2048x2048":false,"noticias-thumb":false,"banners-thumb":false,"maisnoticias-thumb":false,"post-thumbnail":false},"uagb_author_info":{"display_name":"Josi Dourado","author_link":"https:\/\/saude.ufpr.br\/enfermagem\/author\/josidourados\/"},"uagb_comment_info":0,"uagb_excerpt":"Fichas 2 \/ Planos de Ensino\u00a0 2015 MN099 Enfermagem como profiss\u00e3o MN100 Hist\u00f3ria da Enfermagem MN101 Enfermagem da Educa\u00e7\u00e3o em Sa\u00fade MN102 Metodologia da Pesquisa em Enfermagem MN103 Fundamentos para o Cuidar em Enfermagem MN104 Sa\u00fade, Sociedade e Meio Ambiente MN105 Enfermagem em Sa\u00fade Coletiva MN106 Enfermagem em Sa\u00fade do Adulto e Idoso MN107 Cuidados&hellip;","publishpress_future_action":{"enabled":false,"date":"2026-04-10 19:11:54","action":"change-status","newStatus":"draft","terms":[],"taxonomy":"","extraData":[]},"publishpress_future_workflow_manual_trigger":{"enabledWorkflows":[]},"_links":{"self":[{"href":"https:\/\/saude.ufpr.br\/enfermagem\/wp-json\/wp\/v2\/pages\/3655","targetHints":{"allow":["GET"]}}],"collection":[{"href":"https:\/\/saude.ufpr.br\/enfermagem\/wp-json\/wp\/v2\/pages"}],"about":[{"href":"https:\/\/saude.ufpr.br\/enfermagem\/wp-json\/wp\/v2\/types\/page"}],"author":[{"embeddable":true,"href":"https:\/\/saude.ufpr.br\/enfermagem\/wp-json\/wp\/v2\/users\/6"}],"replies":[{"embeddable":true,"href":"https:\/\/saude.ufpr.br\/enfermagem\/wp-json\/wp\/v2\/comments?post=3655"}],"version-history":[{"count":10,"href":"https:\/\/saude.ufpr.br\/enfermagem\/wp-json\/wp\/v2\/pages\/3655\/revisions"}],"predecessor-version":[{"id":3701,"href":"https:\/\/saude.ufpr.br\/enfermagem\/wp-json\/wp\/v2\/pages\/3655\/revisions\/3701"}],"wp:attachment":[{"href":"https:\/\/saude.ufpr.br\/enfermagem\/wp-json\/wp\/v2\/media?parent=3655"}],"curies":[{"name":"wp","href":"https:\/\/api.w.org\/{rel}","templated":true}]}}