{"id":3840,"date":"2020-04-01T14:38:50","date_gmt":"2020-04-01T17:38:50","guid":{"rendered":"https:\/\/saude.ufpr.br\/enfermagem\/?page_id=3840"},"modified":"2026-02-12T16:27:26","modified_gmt":"2026-02-12T19:27:26","slug":"departamento-2","status":"publish","type":"page","link":"https:\/\/saude.ufpr.br\/enfermagem\/departamento-2\/","title":{"rendered":"Departamento"},"content":{"rendered":"<p><strong>Chefe do Departamento de Enfermagem<\/strong><br \/>\nProf\u00aa. Dr\u00aa. <a href=\"http:\/\/lattes.cnpq.br\/8473012833980358\" target=\"_blank\" rel=\"noopener noreferrer\">Shirley Boller<\/a><\/p>\n<p><strong>Vice- Chefe do Departamento de Enfermagem<\/strong><br \/>\nProf\u00aa. Dr\u00aa.<a href=\"http:\/\/lattes.cnpq.br\/7715587924945937\" target=\"_blank\" rel=\"noopener noreferrer\">Silvana Regina Rossi Kissula Souza<\/a><\/p>\n<p><strong>Equipe<\/strong><br \/>\nEnf\u00aa Dra.\u00a0 Jaqueline Dias do Nascimento Selleti<\/p>\n<p>Esp. Tha\u00eds Loures Bello<\/p>\n<p><b><span data-contrast=\"auto\">** <\/span><\/b><span data-contrast=\"auto\">Servidoras participantes do Programa de Gest\u00e3o e Desempenho, realizando teletrabalho em regime de execu\u00e7\u00e3o parcial, conforme RESOLU\u00c7\u00c3O N\u00ba 43\/25 &#8211; COPLAD e INSTRU\u00c7\u00c3O NORMATIVA N\u00b0 01\/2026\/UFPR\/R\/GAB.<\/span><\/p>\n<p><strong>Contatos<\/strong><br \/>\nTelefone: (41) 3361-3766<br \/>\ne-mail e teams: secdenfer@ufpr.br<\/p>\n<hr \/>\n<p><a href=\"https:\/\/saude.ufpr.br\/enfermagem\/wp-content\/uploads\/sites\/4\/2021\/04\/Regimento_do_DENF___minuta_versao_final__1_.pdf\">Regimento do Departamento de enfermagem DENF<\/a><\/p>\n","protected":false},"excerpt":{"rendered":"<p>Chefe do Departamento de Enfermagem Prof\u00aa. Dr\u00aa. Shirley Boller Vice- Chefe do Departamento de Enfermagem Prof\u00aa. Dr\u00aa.Silvana Regina Rossi Kissula Souza Equipe Enf\u00aa Dra.\u00a0 Jaqueline Dias do Nascimento Selleti Esp. Tha\u00eds Loures Bello ** Servidoras participantes do Programa de Gest\u00e3o e Desempenho, realizando teletrabalho em regime de execu\u00e7\u00e3o parcial, conforme RESOLU\u00c7\u00c3O N\u00ba 43\/25 &#8211; COPLAD<br \/> <a href=\"https:\/\/saude.ufpr.br\/enfermagem\/departamento-2\/\" class=\"button success small readmore\">Leia mais<\/a><\/p>\n","protected":false},"author":6,"featured_media":0,"parent":0,"menu_order":0,"comment_status":"closed","ping_status":"closed","template":"","meta":{"_acf_changed":false,"_uag_custom_page_level_css":"","footnotes":""},"class_list":["post-3840","page","type-page","status-publish","hentry"],"acf":[],"featured_image_src":null,"uagb_featured_image_src":{"full":false,"thumbnail":false,"medium":false,"medium_large":false,"large":false,"1536x1536":false,"2048x2048":false,"noticias-thumb":false,"banners-thumb":false,"maisnoticias-thumb":false,"post-thumbnail":false},"uagb_author_info":{"display_name":"Josi Dourado","author_link":"https:\/\/saude.ufpr.br\/enfermagem\/author\/josidourados\/"},"uagb_comment_info":0,"uagb_excerpt":"Chefe do Departamento de Enfermagem Prof\u00aa. Dr\u00aa. Shirley Boller Vice- Chefe do Departamento de Enfermagem Prof\u00aa. Dr\u00aa.Silvana Regina Rossi Kissula Souza Equipe Enf\u00aa Dra.\u00a0 Jaqueline Dias do Nascimento Selleti Esp. Tha\u00eds Loures Bello ** Servidoras participantes do Programa de Gest\u00e3o e Desempenho, realizando teletrabalho em regime de execu\u00e7\u00e3o parcial, conforme RESOLU\u00c7\u00c3O N\u00ba 43\/25 &#8211; COPLAD&hellip;","publishpress_future_action":{"enabled":false,"date":"2026-04-22 06:44:42","action":"change-status","newStatus":"draft","terms":[],"taxonomy":"","extraData":[]},"publishpress_future_workflow_manual_trigger":{"enabledWorkflows":[]},"_links":{"self":[{"href":"https:\/\/saude.ufpr.br\/enfermagem\/wp-json\/wp\/v2\/pages\/3840","targetHints":{"allow":["GET"]}}],"collection":[{"href":"https:\/\/saude.ufpr.br\/enfermagem\/wp-json\/wp\/v2\/pages"}],"about":[{"href":"https:\/\/saude.ufpr.br\/enfermagem\/wp-json\/wp\/v2\/types\/page"}],"author":[{"embeddable":true,"href":"https:\/\/saude.ufpr.br\/enfermagem\/wp-json\/wp\/v2\/users\/6"}],"replies":[{"embeddable":true,"href":"https:\/\/saude.ufpr.br\/enfermagem\/wp-json\/wp\/v2\/comments?post=3840"}],"version-history":[{"count":28,"href":"https:\/\/saude.ufpr.br\/enfermagem\/wp-json\/wp\/v2\/pages\/3840\/revisions"}],"predecessor-version":[{"id":7836,"href":"https:\/\/saude.ufpr.br\/enfermagem\/wp-json\/wp\/v2\/pages\/3840\/revisions\/7836"}],"wp:attachment":[{"href":"https:\/\/saude.ufpr.br\/enfermagem\/wp-json\/wp\/v2\/media?parent=3840"}],"curies":[{"name":"wp","href":"https:\/\/api.w.org\/{rel}","templated":true}]}}