{"id":4266,"date":"2020-08-31T11:53:54","date_gmt":"2020-08-31T14:53:54","guid":{"rendered":"https:\/\/saude.ufpr.br\/enfermagem\/?page_id=4266"},"modified":"2021-08-17T17:46:16","modified_gmt":"2021-08-17T20:46:16","slug":"luciana-pesquisa","status":"publish","type":"page","link":"https:\/\/saude.ufpr.br\/enfermagem\/luciana-pesquisa\/","title":{"rendered":"Luciana pesquisa &#8211; teste"},"content":{"rendered":"<p><a href=\"https:\/\/saude.ufpr.br\/enfermagem\/luciana-schleder-goncalves\/\" rel=\"https:\/\/memoria.ifrn.edu.br\/bitstream\/handle\/1044\/1018\/Fundamentos%20Poli%CC%81tico-Pedago%CC%81gicos%20dos%20Institutos%20Federais%20-%20Ebook.pdf?sequence=1&amp;isAllowed=y\"><img decoding=\"async\" class=\"alignnone wp-image-4275\" src=\"https:\/\/saude.ufpr.br\/enfermagem\/wp-content\/uploads\/sites\/4\/2020\/08\/home-1-150x150.png\" alt=\"\" width=\"109\" height=\"110\" srcset=\"https:\/\/saude.ufpr.br\/enfermagem\/wp-content\/uploads\/sites\/4\/2020\/08\/home-1-150x150.png 150w, https:\/\/saude.ufpr.br\/enfermagem\/wp-content\/uploads\/sites\/4\/2020\/08\/home-1-300x300.png 300w, https:\/\/saude.ufpr.br\/enfermagem\/wp-content\/uploads\/sites\/4\/2020\/08\/home-1.png 301w\" sizes=\"(max-width: 109px) 100vw, 109px\" \/><\/a><a href=\"https:\/\/saude.ufpr.br\/enfermagem\/wp-content\/uploads\/sites\/4\/2020\/08\/home.png\">\u00a0 \u00a0 \u00a0 <\/a><a href=\"https:\/\/saude.ufpr.br\/enfermagem\/wp-content\/uploads\/sites\/4\/2020\/08\/Alunos.png\"><img decoding=\"async\" class=\"alignnone wp-image-4276\" src=\"https:\/\/saude.ufpr.br\/enfermagem\/wp-content\/uploads\/sites\/4\/2020\/08\/Alunos-300x300.png\" alt=\"\" width=\"110\" height=\"110\" srcset=\"https:\/\/saude.ufpr.br\/enfermagem\/wp-content\/uploads\/sites\/4\/2020\/08\/Alunos-300x300.png 300w, https:\/\/saude.ufpr.br\/enfermagem\/wp-content\/uploads\/sites\/4\/2020\/08\/Alunos-150x150.png 150w, https:\/\/saude.ufpr.br\/enfermagem\/wp-content\/uploads\/sites\/4\/2020\/08\/Alunos.png 301w\" sizes=\"(max-width: 110px) 100vw, 110px\" \/><\/a>\u00a0 \u00a0 \u00a0 <a href=\"https:\/\/saude.ufpr.br\/enfermagem\/luciana-pesquisa\/\"><img decoding=\"async\" class=\"alignnone wp-image-4279\" src=\"https:\/\/saude.ufpr.br\/enfermagem\/wp-content\/uploads\/sites\/4\/2020\/08\/pesquisa-2-300x300.png\" alt=\"\" width=\"110\" height=\"110\" srcset=\"https:\/\/saude.ufpr.br\/enfermagem\/wp-content\/uploads\/sites\/4\/2020\/08\/pesquisa-2-300x300.png 300w, https:\/\/saude.ufpr.br\/enfermagem\/wp-content\/uploads\/sites\/4\/2020\/08\/pesquisa-2-150x150.png 150w, https:\/\/saude.ufpr.br\/enfermagem\/wp-content\/uploads\/sites\/4\/2020\/08\/pesquisa-2.png 352w\" sizes=\"(max-width: 110px) 100vw, 110px\" \/><\/a>\u00a0 \u00a0 <a href=\"https:\/\/saude.ufpr.br\/enfermagem\/wp-content\/uploads\/sites\/4\/2020\/08\/Ensino-1.png\"><img loading=\"lazy\" decoding=\"async\" class=\"alignnone wp-image-4281\" src=\"https:\/\/saude.ufpr.br\/enfermagem\/wp-content\/uploads\/sites\/4\/2020\/08\/Ensino-1-300x291.png\" alt=\"\" width=\"126\" height=\"122\" srcset=\"https:\/\/saude.ufpr.br\/enfermagem\/wp-content\/uploads\/sites\/4\/2020\/08\/Ensino-1-300x291.png 300w, https:\/\/saude.ufpr.br\/enfermagem\/wp-content\/uploads\/sites\/4\/2020\/08\/Ensino-1.png 314w\" sizes=\"(max-width: 126px) 100vw, 126px\" \/><\/a>\u00a0\u00a0<a href=\"https:\/\/saude.ufpr.br\/enfermagem\/wp-content\/uploads\/sites\/4\/2020\/08\/links.png\"><img loading=\"lazy\" decoding=\"async\" class=\"alignnone wp-image-4256\" src=\"https:\/\/saude.ufpr.br\/enfermagem\/wp-content\/uploads\/sites\/4\/2020\/08\/links.png\" alt=\"\" width=\"104\" height=\"104\" srcset=\"https:\/\/saude.ufpr.br\/enfermagem\/wp-content\/uploads\/sites\/4\/2020\/08\/links.png 162w, https:\/\/saude.ufpr.br\/enfermagem\/wp-content\/uploads\/sites\/4\/2020\/08\/links-150x150.png 150w\" sizes=\"(max-width: 104px) 100vw, 104px\" \/>\u00a0\u00a0\u00a0\u00a0\u00a0\u00a0\u00a0<\/a><\/p>\n<hr \/>\n<p>&nbsp;<\/p>\n<p>&nbsp;<\/p>\n<p>&nbsp;<\/p>\n<p><strong>Projetos de pesquisa<\/strong><\/p>\n<p><strong>2020 &#8211; Atual<\/strong><br \/>\nGest\u00e3o de Equipes de Enfermagem: fortalecendo lideran\u00e7as para o Futuro<br \/>\nDescri\u00e7\u00e3o: Projeto contemplado no Edital CAPES COFEN 28-2019, Objetiva disponibilizar tecnologias educativas que proporcionem o desenvolvimento da lideran\u00e7a do Enfermeiro na gest\u00e3o de equipes. A oferta de disciplinas espec\u00edficas, realiza\u00e7\u00e3o de workshops e miss\u00f5es t\u00e9cnicas s\u00e3o estrat\u00e9gias para a qualifica\u00e7\u00e3o de Mestrandos Profissionais para a gest\u00e3o de equipes..<br \/>\nSitua\u00e7\u00e3o: Em andamento; Natureza: Pesquisa.<br \/>\nAlunos envolvidos: \/ Mestrado profissional: (5) .<\/p>\n<p>Integrantes: Luciana Schleder Gon\u00e7alves &#8211; Integrante \/ Lillian Daisy Gon\u00e7alves Wolff &#8211; Integrante \/ Aida Maris Peres &#8211; Integrante \/ Elizabeth Bernardino &#8211; Integrante \/ Karla Crozeta Figueiredo &#8211; Coordenador.<br \/>\nFinanciador(es): Coordena\u00e7\u00e3o de Aperfei\u00e7oamento de Pessoal de N\u00edvel Superior &#8211; Aux\u00edlio financeiro.<br \/>\n2020 &#8211; Atual<br \/>\nDa admiss\u00e3o \u00e0 alta: continuidade do cuidado em s\u00e1ude<br \/>\nDescri\u00e7\u00e3o: Trata-se de um conjunto de trabalhos que tem como finalidade estudar e propor pr\u00e1ticas em sa\u00fade que visam a continuidade do cuidado intra hospitalar e de contra referencia..<br \/>\nSitua\u00e7\u00e3o: Em andamento; Natureza: Pesquisa.<\/p>\n<p>Integrantes: Luciana Schleder Gon\u00e7alves &#8211; Integrante \/ Elizabeth Bernardino &#8211; Coordenador.<\/p>\n<hr \/>\n<p><strong>2020 &#8211; Atual<\/strong><br \/>\nContribui\u00e7\u00f5es de sistemas de apoio \u00e0 decis\u00e3o em sa\u00fade frente \u00e0s demandas de gerenciamento do cuidado ao paciente com suspeita ou confirma\u00e7\u00e3o do diagn\u00f3stico de COVID19<br \/>\nDescri\u00e7\u00e3o: Faz parte do projeto Da admiss\u00e3o \u00e0 alta: continuidade do cuidado em sa\u00fade, da Prof. Dra Elizabeth Bernardino.<br \/>\nSitua\u00e7\u00e3o: Em andamento; Natureza: Pesquisa.<br \/>\nAlunos envolvidos: Gradua\u00e7\u00e3o: (1) \/ Doutorado: (1) .<\/p>\n<p>Integrantes: Luciana Schleder Gon\u00e7alves &#8211; Coordenador \/ Elizabeth Bernardino &#8211; Integrante \/ Deborah Souza Lemos &#8211; Integrante.<br \/>\nN\u00famero de orienta\u00e7\u00f5es: 1<br \/>\n2019 &#8211; Atual<br \/>\nProjeto Institucional de Ci\u00eancia Cidad\u00e3 na Escola<br \/>\nDescri\u00e7\u00e3o: O PICCE se constituiu em uma iniciativa conjunta da UFPR, UTFPR, UNILA, IFPR e SEED-PR, visando uma candidatura conjunta dessas institui\u00e7\u00f5es ao Programa Ci\u00eancia na Escola, mediante a Chamada P\u00fablica MEC-MCTIC n\u00ba 1\/2019..<br \/>\nSitua\u00e7\u00e3o: Em andamento; Natureza: Pesquisa.<br \/>\nAlunos envolvidos: Gradua\u00e7\u00e3o: (2) \/ Mestrado acad\u00eamico: (1) .<\/p>\n<p>Integrantes: Luciana Schleder Gon\u00e7alves &#8211; Coordenador \/ Rodrigo Arantes Reis &#8211; Integrante.<br \/>\nFinanciador(es): Minist\u00e9rio da Ci\u00eancia, Tecnologia e Inova\u00e7\u00f5es &#8211; Coopera\u00e7\u00e3o.<\/p>\n","protected":false},"excerpt":{"rendered":"<p>\u00a0 \u00a0 \u00a0 \u00a0 \u00a0 \u00a0 \u00a0 \u00a0 \u00a0\u00a0\u00a0\u00a0\u00a0\u00a0\u00a0\u00a0\u00a0 &nbsp; &nbsp; &nbsp; Projetos de pesquisa 2020 &#8211; Atual Gest\u00e3o de Equipes de Enfermagem: fortalecendo lideran\u00e7as para o Futuro Descri\u00e7\u00e3o: Projeto contemplado no Edital CAPES COFEN 28-2019, Objetiva disponibilizar tecnologias educativas que proporcionem o desenvolvimento da lideran\u00e7a do Enfermeiro na gest\u00e3o de equipes. A oferta de<br \/> <a href=\"https:\/\/saude.ufpr.br\/enfermagem\/luciana-pesquisa\/\" class=\"button success small readmore\">Leia mais<\/a><\/p>\n","protected":false},"author":6,"featured_media":0,"parent":0,"menu_order":0,"comment_status":"closed","ping_status":"closed","template":"","meta":{"_acf_changed":false,"_uag_custom_page_level_css":"","footnotes":""},"class_list":["post-4266","page","type-page","status-publish","hentry"],"acf":[],"featured_image_src":null,"uagb_featured_image_src":{"full":false,"thumbnail":false,"medium":false,"medium_large":false,"large":false,"1536x1536":false,"2048x2048":false,"noticias-thumb":false,"banners-thumb":false,"maisnoticias-thumb":false,"post-thumbnail":false},"uagb_author_info":{"display_name":"Josi Dourado","author_link":"https:\/\/saude.ufpr.br\/enfermagem\/author\/josidourados\/"},"uagb_comment_info":0,"uagb_excerpt":"\u00a0 \u00a0 \u00a0 \u00a0 \u00a0 \u00a0 \u00a0 \u00a0 \u00a0\u00a0\u00a0\u00a0\u00a0\u00a0\u00a0\u00a0\u00a0 &nbsp; &nbsp; &nbsp; Projetos de pesquisa 2020 &#8211; Atual Gest\u00e3o de Equipes de Enfermagem: fortalecendo lideran\u00e7as para o Futuro Descri\u00e7\u00e3o: Projeto contemplado no Edital CAPES COFEN 28-2019, Objetiva disponibilizar tecnologias educativas que proporcionem o desenvolvimento da lideran\u00e7a do Enfermeiro na gest\u00e3o de equipes. A oferta de&hellip;","publishpress_future_action":{"enabled":false,"date":"2026-04-11 07:32:29","action":"change-status","newStatus":"draft","terms":[],"taxonomy":"","extraData":[]},"publishpress_future_workflow_manual_trigger":{"enabledWorkflows":[]},"_links":{"self":[{"href":"https:\/\/saude.ufpr.br\/enfermagem\/wp-json\/wp\/v2\/pages\/4266","targetHints":{"allow":["GET"]}}],"collection":[{"href":"https:\/\/saude.ufpr.br\/enfermagem\/wp-json\/wp\/v2\/pages"}],"about":[{"href":"https:\/\/saude.ufpr.br\/enfermagem\/wp-json\/wp\/v2\/types\/page"}],"author":[{"embeddable":true,"href":"https:\/\/saude.ufpr.br\/enfermagem\/wp-json\/wp\/v2\/users\/6"}],"replies":[{"embeddable":true,"href":"https:\/\/saude.ufpr.br\/enfermagem\/wp-json\/wp\/v2\/comments?post=4266"}],"version-history":[{"count":11,"href":"https:\/\/saude.ufpr.br\/enfermagem\/wp-json\/wp\/v2\/pages\/4266\/revisions"}],"predecessor-version":[{"id":4884,"href":"https:\/\/saude.ufpr.br\/enfermagem\/wp-json\/wp\/v2\/pages\/4266\/revisions\/4884"}],"wp:attachment":[{"href":"https:\/\/saude.ufpr.br\/enfermagem\/wp-json\/wp\/v2\/media?parent=4266"}],"curies":[{"name":"wp","href":"https:\/\/api.w.org\/{rel}","templated":true}]}}