{"id":5090,"date":"2021-10-14T16:27:38","date_gmt":"2021-10-14T19:27:38","guid":{"rendered":"https:\/\/saude.ufpr.br\/enfermagem\/?page_id=5090"},"modified":"2025-01-29T19:17:11","modified_gmt":"2025-01-29T22:17:11","slug":"saude-nas-midias-indicacoes","status":"publish","type":"page","link":"https:\/\/saude.ufpr.br\/enfermagem\/saude-nas-midias-indicacoes\/","title":{"rendered":"Sa\u00fade nas M\u00eddias \u2013 Indica\u00e7\u00f5es"},"content":{"rendered":"<h4><a href=\"https:\/\/saude.ufpr.br\/enfermagem\/saude-nas-midias-pagina-inicial\/\"><img decoding=\"async\" class=\"alignnone wp-image-7299\" src=\"https:\/\/saude.ufpr.br\/enfermagem\/wp-content\/uploads\/sites\/4\/2025\/01\/20-1-150x150.png\" alt=\"\" width=\"108\" height=\"108\" srcset=\"https:\/\/saude.ufpr.br\/enfermagem\/wp-content\/uploads\/sites\/4\/2025\/01\/20-1-150x150.png 150w, https:\/\/saude.ufpr.br\/enfermagem\/wp-content\/uploads\/sites\/4\/2025\/01\/20-1-300x300.png 300w, https:\/\/saude.ufpr.br\/enfermagem\/wp-content\/uploads\/sites\/4\/2025\/01\/20-1.png 500w\" sizes=\"(max-width: 108px) 100vw, 108px\" \/><\/a><a href=\"https:\/\/saude.ufpr.br\/enfermagem\/saude-nas-midias-projetos\/\">\u00a0<\/a><a href=\"https:\/\/saude.ufpr.br\/enfermagem\/saude-nas-midias-projetos\/\"><img decoding=\"async\" class=\"alignnone wp-image-7309\" src=\"https:\/\/saude.ufpr.br\/enfermagem\/wp-content\/uploads\/sites\/4\/2025\/01\/30-1-150x150.png\" alt=\"\" width=\"108\" height=\"108\" srcset=\"https:\/\/saude.ufpr.br\/enfermagem\/wp-content\/uploads\/sites\/4\/2025\/01\/30-1-150x150.png 150w, https:\/\/saude.ufpr.br\/enfermagem\/wp-content\/uploads\/sites\/4\/2025\/01\/30-1-300x300.png 300w, https:\/\/saude.ufpr.br\/enfermagem\/wp-content\/uploads\/sites\/4\/2025\/01\/30-1.png 500w\" sizes=\"(max-width: 108px) 100vw, 108px\" \/><\/a><a href=\"https:\/\/saude.ufpr.br\/enfermagem\/saude-nas-midias-atividades\/\"><img decoding=\"async\" class=\"alignnone wp-image-7301\" src=\"https:\/\/saude.ufpr.br\/enfermagem\/wp-content\/uploads\/sites\/4\/2025\/01\/22-1-150x150.png\" alt=\"\" width=\"108\" height=\"108\" srcset=\"https:\/\/saude.ufpr.br\/enfermagem\/wp-content\/uploads\/sites\/4\/2025\/01\/22-1-150x150.png 150w, https:\/\/saude.ufpr.br\/enfermagem\/wp-content\/uploads\/sites\/4\/2025\/01\/22-1-300x300.png 300w, https:\/\/saude.ufpr.br\/enfermagem\/wp-content\/uploads\/sites\/4\/2025\/01\/22-1.png 500w\" sizes=\"(max-width: 108px) 100vw, 108px\" \/><\/a><a href=\"https:\/\/saude.ufpr.br\/enfermagem\/saude-nas-midias-producao-de-conteudo\/\"><img loading=\"lazy\" decoding=\"async\" class=\"alignnone wp-image-7305\" src=\"https:\/\/saude.ufpr.br\/enfermagem\/wp-content\/uploads\/sites\/4\/2025\/01\/26-1-150x150.png\" alt=\"\" width=\"108\" height=\"108\" srcset=\"https:\/\/saude.ufpr.br\/enfermagem\/wp-content\/uploads\/sites\/4\/2025\/01\/26-1-150x150.png 150w, https:\/\/saude.ufpr.br\/enfermagem\/wp-content\/uploads\/sites\/4\/2025\/01\/26-1-300x300.png 300w, https:\/\/saude.ufpr.br\/enfermagem\/wp-content\/uploads\/sites\/4\/2025\/01\/26-1.png 500w\" sizes=\"(max-width: 108px) 100vw, 108px\" \/><\/a> <a href=\"https:\/\/saude.ufpr.br\/enfermagem\/saude-nas-midias-podcast\/\"><img loading=\"lazy\" decoding=\"async\" class=\"alignnone wp-image-7307\" src=\"https:\/\/saude.ufpr.br\/enfermagem\/wp-content\/uploads\/sites\/4\/2025\/01\/28-1-150x150.png\" alt=\"\" width=\"108\" height=\"108\" srcset=\"https:\/\/saude.ufpr.br\/enfermagem\/wp-content\/uploads\/sites\/4\/2025\/01\/28-1-150x150.png 150w, https:\/\/saude.ufpr.br\/enfermagem\/wp-content\/uploads\/sites\/4\/2025\/01\/28-1-300x300.png 300w, https:\/\/saude.ufpr.br\/enfermagem\/wp-content\/uploads\/sites\/4\/2025\/01\/28-1.png 500w\" sizes=\"(max-width: 108px) 100vw, 108px\" \/><\/a><a href=\"https:\/\/saude.ufpr.br\/enfermagem\/saude-nas-midias-indicacoes\/\"><img loading=\"lazy\" decoding=\"async\" class=\"alignnone wp-image-7304\" src=\"https:\/\/saude.ufpr.br\/enfermagem\/wp-content\/uploads\/sites\/4\/2025\/01\/25-1-150x150.png\" alt=\"\" width=\"108\" height=\"108\" srcset=\"https:\/\/saude.ufpr.br\/enfermagem\/wp-content\/uploads\/sites\/4\/2025\/01\/25-1-150x150.png 150w, https:\/\/saude.ufpr.br\/enfermagem\/wp-content\/uploads\/sites\/4\/2025\/01\/25-1-300x300.png 300w, https:\/\/saude.ufpr.br\/enfermagem\/wp-content\/uploads\/sites\/4\/2025\/01\/25-1.png 500w\" sizes=\"(max-width: 108px) 100vw, 108px\" \/><\/a><\/h4>\n<p>&nbsp;<\/p>\n<hr \/>\n<p><a href=\"https:\/\/saude.ufpr.br\/enfermagem\/wp-content\/uploads\/sites\/4\/2021\/10\/WhatsApp-Image-2021-10-19-at-09.43.19-5.jpeg\"><img loading=\"lazy\" decoding=\"async\" class=\"alignnone wp-image-5155\" src=\"https:\/\/saude.ufpr.br\/enfermagem\/wp-content\/uploads\/sites\/4\/2021\/10\/WhatsApp-Image-2021-10-19-at-09.43.19-5-300x296.jpeg\" alt=\"\" width=\"344\" height=\"339\" srcset=\"https:\/\/saude.ufpr.br\/enfermagem\/wp-content\/uploads\/sites\/4\/2021\/10\/WhatsApp-Image-2021-10-19-at-09.43.19-5-300x296.jpeg 300w, https:\/\/saude.ufpr.br\/enfermagem\/wp-content\/uploads\/sites\/4\/2021\/10\/WhatsApp-Image-2021-10-19-at-09.43.19-5-1024x1012.jpeg 1024w, https:\/\/saude.ufpr.br\/enfermagem\/wp-content\/uploads\/sites\/4\/2021\/10\/WhatsApp-Image-2021-10-19-at-09.43.19-5-768x759.jpeg 768w, https:\/\/saude.ufpr.br\/enfermagem\/wp-content\/uploads\/sites\/4\/2021\/10\/WhatsApp-Image-2021-10-19-at-09.43.19-5.jpeg 1080w\" sizes=\"(max-width: 344px) 100vw, 344px\" \/><\/a><\/p>\n<p>Acompanhando as tem\u00e1ticas do quadro <span style=\"color: #666699\"><strong>Sa\u00fade nas M\u00eddias Entrevistas<\/strong><\/span>, teremos publica\u00e7\u00f5es de indica\u00e7\u00f5es culturais como livros, filmes e s\u00e9ries!<\/p>\n<p>&#x1f399;Esse novo quadro ser\u00e1 realizado pelas extensionistas, Laura e Geovanna, acad\u00eamicas de gradua\u00e7\u00e3o da Medicina, sob a orienta\u00e7\u00e3o da coordenadora do projeto Professora Luciana Schleder Gonc\u0327alves!<\/p>\n<hr \/>\n<p>No come\u00e7o do m\u00eas de Setembro ocorreu o encerramento dos Jogos Paral\u00edmpicos de T\u00f3quio 2020 (05 de setembro de 2021). Ent\u00e3o, acompanhando a tem\u00e1tica dos Jogos e da nossa primeira entrevista com a <strong><span style=\"color: #99cc00\">Prof. Doralice Lange de Souza<\/span><\/strong>, trouxemos algumas indica\u00e7\u00f5es culturais para voc\u00eas!<\/p>\n<p><a href=\"https:\/\/saude.ufpr.br\/enfermagem\/wp-content\/uploads\/sites\/4\/2021\/10\/WhatsApp-Image-2021-10-19-at-09.43.19-4.jpeg\"><img loading=\"lazy\" decoding=\"async\" class=\"alignnone size-medium wp-image-5154\" src=\"https:\/\/saude.ufpr.br\/enfermagem\/wp-content\/uploads\/sites\/4\/2021\/10\/WhatsApp-Image-2021-10-19-at-09.43.19-4-300x297.jpeg\" alt=\"\" width=\"300\" height=\"297\" srcset=\"https:\/\/saude.ufpr.br\/enfermagem\/wp-content\/uploads\/sites\/4\/2021\/10\/WhatsApp-Image-2021-10-19-at-09.43.19-4-300x297.jpeg 300w, https:\/\/saude.ufpr.br\/enfermagem\/wp-content\/uploads\/sites\/4\/2021\/10\/WhatsApp-Image-2021-10-19-at-09.43.19-4-1024x1014.jpeg 1024w, https:\/\/saude.ufpr.br\/enfermagem\/wp-content\/uploads\/sites\/4\/2021\/10\/WhatsApp-Image-2021-10-19-at-09.43.19-4-150x150.jpeg 150w, https:\/\/saude.ufpr.br\/enfermagem\/wp-content\/uploads\/sites\/4\/2021\/10\/WhatsApp-Image-2021-10-19-at-09.43.19-4-768x760.jpeg 768w, https:\/\/saude.ufpr.br\/enfermagem\/wp-content\/uploads\/sites\/4\/2021\/10\/WhatsApp-Image-2021-10-19-at-09.43.19-4.jpeg 1080w\" sizes=\"(max-width: 300px) 100vw, 300px\" \/><\/a><a href=\"https:\/\/saude.ufpr.br\/enfermagem\/wp-content\/uploads\/sites\/4\/2021\/10\/WhatsApp-Image-2021-10-19-at-09.43.19-3.jpeg\"> \u00a0<img loading=\"lazy\" decoding=\"async\" class=\"alignnone size-medium wp-image-5153\" src=\"https:\/\/saude.ufpr.br\/enfermagem\/wp-content\/uploads\/sites\/4\/2021\/10\/WhatsApp-Image-2021-10-19-at-09.43.19-3-297x300.jpeg\" alt=\"\" width=\"297\" height=\"300\" srcset=\"https:\/\/saude.ufpr.br\/enfermagem\/wp-content\/uploads\/sites\/4\/2021\/10\/WhatsApp-Image-2021-10-19-at-09.43.19-3-297x300.jpeg 297w, https:\/\/saude.ufpr.br\/enfermagem\/wp-content\/uploads\/sites\/4\/2021\/10\/WhatsApp-Image-2021-10-19-at-09.43.19-3-1015x1024.jpeg 1015w, https:\/\/saude.ufpr.br\/enfermagem\/wp-content\/uploads\/sites\/4\/2021\/10\/WhatsApp-Image-2021-10-19-at-09.43.19-3-768x774.jpeg 768w, https:\/\/saude.ufpr.br\/enfermagem\/wp-content\/uploads\/sites\/4\/2021\/10\/WhatsApp-Image-2021-10-19-at-09.43.19-3.jpeg 1065w\" sizes=\"(max-width: 297px) 100vw, 297px\" \/><\/a><a href=\"https:\/\/saude.ufpr.br\/enfermagem\/wp-content\/uploads\/sites\/4\/2021\/10\/WhatsApp-Image-2021-10-19-at-09.43.19.jpeg\">\u00a0\u00a0<img loading=\"lazy\" decoding=\"async\" class=\"alignnone wp-image-5158\" src=\"https:\/\/saude.ufpr.br\/enfermagem\/wp-content\/uploads\/sites\/4\/2021\/10\/WhatsApp-Image-2021-10-19-at-09.43.19-300x294.jpeg\" alt=\"\" width=\"305\" height=\"299\" srcset=\"https:\/\/saude.ufpr.br\/enfermagem\/wp-content\/uploads\/sites\/4\/2021\/10\/WhatsApp-Image-2021-10-19-at-09.43.19-300x294.jpeg 300w, https:\/\/saude.ufpr.br\/enfermagem\/wp-content\/uploads\/sites\/4\/2021\/10\/WhatsApp-Image-2021-10-19-at-09.43.19-1024x1003.jpeg 1024w, https:\/\/saude.ufpr.br\/enfermagem\/wp-content\/uploads\/sites\/4\/2021\/10\/WhatsApp-Image-2021-10-19-at-09.43.19-768x752.jpeg 768w, https:\/\/saude.ufpr.br\/enfermagem\/wp-content\/uploads\/sites\/4\/2021\/10\/WhatsApp-Image-2021-10-19-at-09.43.19.jpeg 1080w\" sizes=\"(max-width: 305px) 100vw, 305px\" \/><\/a><\/p>\n<hr \/>\n<p>O Sa\u00fade nas M\u00eddias Indica desta semana est\u00e1 no tema <strong><span style=\"color: #003366\">Cuidados Paliativos<\/span><\/strong>, seguindo a entrevista com a <strong><span style=\"color: #008000\">Professora \u00darsula Guirro<\/span><\/strong>, que j\u00e1 est\u00e1 dispon\u00edvel no nosso Spotify!<\/p>\n<p><a href=\"https:\/\/saude.ufpr.br\/enfermagem\/wp-content\/uploads\/sites\/4\/2021\/10\/WhatsApp-Image-2021-10-19-at-09.43.20-3.jpeg\"><img loading=\"lazy\" decoding=\"async\" class=\"alignnone size-medium wp-image-5161\" src=\"https:\/\/saude.ufpr.br\/enfermagem\/wp-content\/uploads\/sites\/4\/2021\/10\/WhatsApp-Image-2021-10-19-at-09.43.20-3-300x294.jpeg\" alt=\"\" width=\"300\" height=\"294\" srcset=\"https:\/\/saude.ufpr.br\/enfermagem\/wp-content\/uploads\/sites\/4\/2021\/10\/WhatsApp-Image-2021-10-19-at-09.43.20-3-300x294.jpeg 300w, https:\/\/saude.ufpr.br\/enfermagem\/wp-content\/uploads\/sites\/4\/2021\/10\/WhatsApp-Image-2021-10-19-at-09.43.20-3-1024x1002.jpeg 1024w, https:\/\/saude.ufpr.br\/enfermagem\/wp-content\/uploads\/sites\/4\/2021\/10\/WhatsApp-Image-2021-10-19-at-09.43.20-3-768x752.jpeg 768w, https:\/\/saude.ufpr.br\/enfermagem\/wp-content\/uploads\/sites\/4\/2021\/10\/WhatsApp-Image-2021-10-19-at-09.43.20-3.jpeg 1080w\" sizes=\"(max-width: 300px) 100vw, 300px\" \/><\/a><a href=\"https:\/\/saude.ufpr.br\/enfermagem\/wp-content\/uploads\/sites\/4\/2021\/10\/WhatsApp-Image-2021-10-19-at-09.43.20-2.jpeg\"> \u00a0<img loading=\"lazy\" decoding=\"async\" class=\"alignnone size-medium wp-image-5160\" src=\"https:\/\/saude.ufpr.br\/enfermagem\/wp-content\/uploads\/sites\/4\/2021\/10\/WhatsApp-Image-2021-10-19-at-09.43.20-2-300x294.jpeg\" alt=\"\" width=\"300\" height=\"294\" srcset=\"https:\/\/saude.ufpr.br\/enfermagem\/wp-content\/uploads\/sites\/4\/2021\/10\/WhatsApp-Image-2021-10-19-at-09.43.20-2-300x294.jpeg 300w, https:\/\/saude.ufpr.br\/enfermagem\/wp-content\/uploads\/sites\/4\/2021\/10\/WhatsApp-Image-2021-10-19-at-09.43.20-2-1024x1003.jpeg 1024w, https:\/\/saude.ufpr.br\/enfermagem\/wp-content\/uploads\/sites\/4\/2021\/10\/WhatsApp-Image-2021-10-19-at-09.43.20-2-768x752.jpeg 768w, https:\/\/saude.ufpr.br\/enfermagem\/wp-content\/uploads\/sites\/4\/2021\/10\/WhatsApp-Image-2021-10-19-at-09.43.20-2.jpeg 1080w\" sizes=\"(max-width: 300px) 100vw, 300px\" \/><\/a><a href=\"https:\/\/saude.ufpr.br\/enfermagem\/wp-content\/uploads\/sites\/4\/2021\/10\/WhatsApp-Image-2021-10-19-at-09.43.20-1.jpeg\"> \u00a0<img loading=\"lazy\" decoding=\"async\" class=\"alignnone wp-image-5159\" src=\"https:\/\/saude.ufpr.br\/enfermagem\/wp-content\/uploads\/sites\/4\/2021\/10\/WhatsApp-Image-2021-10-19-at-09.43.20-1-300x295.jpeg\" alt=\"\" width=\"299\" height=\"294\" srcset=\"https:\/\/saude.ufpr.br\/enfermagem\/wp-content\/uploads\/sites\/4\/2021\/10\/WhatsApp-Image-2021-10-19-at-09.43.20-1-300x295.jpeg 300w, https:\/\/saude.ufpr.br\/enfermagem\/wp-content\/uploads\/sites\/4\/2021\/10\/WhatsApp-Image-2021-10-19-at-09.43.20-1-1024x1007.jpeg 1024w, https:\/\/saude.ufpr.br\/enfermagem\/wp-content\/uploads\/sites\/4\/2021\/10\/WhatsApp-Image-2021-10-19-at-09.43.20-1-768x755.jpeg 768w, https:\/\/saude.ufpr.br\/enfermagem\/wp-content\/uploads\/sites\/4\/2021\/10\/WhatsApp-Image-2021-10-19-at-09.43.20-1.jpeg 1080w\" sizes=\"(max-width: 299px) 100vw, 299px\" \/><\/a><a href=\"https:\/\/saude.ufpr.br\/enfermagem\/wp-content\/uploads\/sites\/4\/2021\/10\/WhatsApp-Image-2021-10-19-at-09.43.19-7.jpeg\"><img loading=\"lazy\" decoding=\"async\" class=\"alignnone size-medium wp-image-5157\" src=\"https:\/\/saude.ufpr.br\/enfermagem\/wp-content\/uploads\/sites\/4\/2021\/10\/WhatsApp-Image-2021-10-19-at-09.43.19-7-300x293.jpeg\" alt=\"\" width=\"300\" height=\"293\" srcset=\"https:\/\/saude.ufpr.br\/enfermagem\/wp-content\/uploads\/sites\/4\/2021\/10\/WhatsApp-Image-2021-10-19-at-09.43.19-7-300x293.jpeg 300w, https:\/\/saude.ufpr.br\/enfermagem\/wp-content\/uploads\/sites\/4\/2021\/10\/WhatsApp-Image-2021-10-19-at-09.43.19-7-1024x1001.jpeg 1024w, https:\/\/saude.ufpr.br\/enfermagem\/wp-content\/uploads\/sites\/4\/2021\/10\/WhatsApp-Image-2021-10-19-at-09.43.19-7-768x751.jpeg 768w, https:\/\/saude.ufpr.br\/enfermagem\/wp-content\/uploads\/sites\/4\/2021\/10\/WhatsApp-Image-2021-10-19-at-09.43.19-7.jpeg 1080w\" sizes=\"(max-width: 300px) 100vw, 300px\" \/> \u00a0<\/a><a href=\"https:\/\/saude.ufpr.br\/enfermagem\/wp-content\/uploads\/sites\/4\/2021\/10\/WhatsApp-Image-2021-10-19-at-09.43.19-6.jpeg\"><img loading=\"lazy\" decoding=\"async\" class=\"alignnone size-medium wp-image-5156\" src=\"https:\/\/saude.ufpr.br\/enfermagem\/wp-content\/uploads\/sites\/4\/2021\/10\/WhatsApp-Image-2021-10-19-at-09.43.19-6-300x296.jpeg\" alt=\"\" width=\"300\" height=\"296\" srcset=\"https:\/\/saude.ufpr.br\/enfermagem\/wp-content\/uploads\/sites\/4\/2021\/10\/WhatsApp-Image-2021-10-19-at-09.43.19-6-300x296.jpeg 300w, https:\/\/saude.ufpr.br\/enfermagem\/wp-content\/uploads\/sites\/4\/2021\/10\/WhatsApp-Image-2021-10-19-at-09.43.19-6-1024x1009.jpeg 1024w, https:\/\/saude.ufpr.br\/enfermagem\/wp-content\/uploads\/sites\/4\/2021\/10\/WhatsApp-Image-2021-10-19-at-09.43.19-6-768x757.jpeg 768w, https:\/\/saude.ufpr.br\/enfermagem\/wp-content\/uploads\/sites\/4\/2021\/10\/WhatsApp-Image-2021-10-19-at-09.43.19-6.jpeg 1080w\" sizes=\"(max-width: 300px) 100vw, 300px\" \/><\/a><\/p>\n<hr \/>\n<p>&nbsp;<\/p>\n","protected":false},"excerpt":{"rendered":"<p>\u00a0 &nbsp; Acompanhando as tem\u00e1ticas do quadro Sa\u00fade nas M\u00eddias Entrevistas, teremos publica\u00e7\u00f5es de indica\u00e7\u00f5es culturais como livros, filmes e s\u00e9ries! &#x1f399;Esse novo quadro ser\u00e1 realizado pelas extensionistas, Laura e Geovanna, acad\u00eamicas de gradua\u00e7\u00e3o da Medicina, sob a orienta\u00e7\u00e3o da coordenadora do projeto Professora Luciana Schleder Gonc\u0327alves! No come\u00e7o do m\u00eas de Setembro ocorreu o<br \/> <a href=\"https:\/\/saude.ufpr.br\/enfermagem\/saude-nas-midias-indicacoes\/\" class=\"button success small readmore\">Leia mais<\/a><\/p>\n","protected":false},"author":6,"featured_media":0,"parent":0,"menu_order":0,"comment_status":"closed","ping_status":"closed","template":"","meta":{"_acf_changed":false,"_uag_custom_page_level_css":"","footnotes":""},"class_list":["post-5090","page","type-page","status-publish","hentry"],"acf":[],"featured_image_src":null,"uagb_featured_image_src":{"full":false,"thumbnail":false,"medium":false,"medium_large":false,"large":false,"1536x1536":false,"2048x2048":false,"noticias-thumb":false,"banners-thumb":false,"maisnoticias-thumb":false,"post-thumbnail":false},"uagb_author_info":{"display_name":"Josi Dourado","author_link":"https:\/\/saude.ufpr.br\/enfermagem\/author\/josidourados\/"},"uagb_comment_info":0,"uagb_excerpt":"\u00a0 &nbsp; Acompanhando as tem\u00e1ticas do quadro Sa\u00fade nas M\u00eddias Entrevistas, teremos publica\u00e7\u00f5es de indica\u00e7\u00f5es culturais como livros, filmes e s\u00e9ries! &#x1f399;Esse novo quadro ser\u00e1 realizado pelas extensionistas, Laura e Geovanna, acad\u00eamicas de gradua\u00e7\u00e3o da Medicina, sob a orienta\u00e7\u00e3o da coordenadora do projeto Professora Luciana Schleder Gonc\u0327alves! No come\u00e7o do m\u00eas de Setembro ocorreu o&hellip;","publishpress_future_action":{"enabled":false,"date":"2026-04-30 07:06:12","action":"change-status","newStatus":"draft","terms":[],"taxonomy":"","extraData":[]},"publishpress_future_workflow_manual_trigger":{"enabledWorkflows":[]},"_links":{"self":[{"href":"https:\/\/saude.ufpr.br\/enfermagem\/wp-json\/wp\/v2\/pages\/5090","targetHints":{"allow":["GET"]}}],"collection":[{"href":"https:\/\/saude.ufpr.br\/enfermagem\/wp-json\/wp\/v2\/pages"}],"about":[{"href":"https:\/\/saude.ufpr.br\/enfermagem\/wp-json\/wp\/v2\/types\/page"}],"author":[{"embeddable":true,"href":"https:\/\/saude.ufpr.br\/enfermagem\/wp-json\/wp\/v2\/users\/6"}],"replies":[{"embeddable":true,"href":"https:\/\/saude.ufpr.br\/enfermagem\/wp-json\/wp\/v2\/comments?post=5090"}],"version-history":[{"count":12,"href":"https:\/\/saude.ufpr.br\/enfermagem\/wp-json\/wp\/v2\/pages\/5090\/revisions"}],"predecessor-version":[{"id":7439,"href":"https:\/\/saude.ufpr.br\/enfermagem\/wp-json\/wp\/v2\/pages\/5090\/revisions\/7439"}],"wp:attachment":[{"href":"https:\/\/saude.ufpr.br\/enfermagem\/wp-json\/wp\/v2\/media?parent=5090"}],"curies":[{"name":"wp","href":"https:\/\/api.w.org\/{rel}","templated":true}]}}