{"id":5597,"date":"2022-04-20T14:55:47","date_gmt":"2022-04-20T17:55:47","guid":{"rendered":"https:\/\/saude.ufpr.br\/enfermagem\/?page_id=5597"},"modified":"2022-12-01T09:55:31","modified_gmt":"2022-12-01T12:55:31","slug":"lipvisa","status":"publish","type":"page","link":"https:\/\/saude.ufpr.br\/enfermagem\/lipvisa\/","title":{"rendered":"LIPVISA"},"content":{"rendered":"<p><a href=\"https:\/\/saude.ufpr.br\/enfermagem\/nepes\/lipvisa\/\" rel=\"attachment wp-att-5471\"><img decoding=\"async\" class=\"alignnone wp-image-5471\" src=\"https:\/\/saude.ufpr.br\/enfermagem\/wp-content\/uploads\/sites\/4\/2022\/03\/lipvisa-300x300.png\" alt=\"\" width=\"120\" height=\"120\" srcset=\"https:\/\/saude.ufpr.br\/enfermagem\/wp-content\/uploads\/sites\/4\/2022\/03\/lipvisa-300x300.png 300w, https:\/\/saude.ufpr.br\/enfermagem\/wp-content\/uploads\/sites\/4\/2022\/03\/lipvisa-150x150.png 150w, https:\/\/saude.ufpr.br\/enfermagem\/wp-content\/uploads\/sites\/4\/2022\/03\/lipvisa.png 500w\" sizes=\"(max-width: 120px) 100vw, 120px\" \/><\/a><a href=\"https:\/\/saude.ufpr.br\/enfermagem\/nepes-labesi\/\" rel=\"attachment wp-att-5687\"><img decoding=\"async\" class=\"alignnone size-medium wp-image-5708\" src=\"https:\/\/saude.ufpr.br\/enfermagem\/wp-content\/uploads\/sites\/4\/2022\/04\/LABESI_LOGO_-300x300.png\" alt=\"\" width=\"120\" height=\"120\" srcset=\"https:\/\/saude.ufpr.br\/enfermagem\/wp-content\/uploads\/sites\/4\/2022\/04\/LABESI_LOGO_-300x300.png 300w, https:\/\/saude.ufpr.br\/enfermagem\/wp-content\/uploads\/sites\/4\/2022\/04\/LABESI_LOGO_-150x150.png 150w, https:\/\/saude.ufpr.br\/enfermagem\/wp-content\/uploads\/sites\/4\/2022\/04\/LABESI_LOGO_.png 500w\" sizes=\"(max-width: 120px) 100vw, 120px\" \/><\/a><a href=\"https:\/\/saude.ufpr.br\/enfermagem\/nepes\/\"><img decoding=\"async\" class=\"alignnone wp-image-5454 \" src=\"https:\/\/saude.ufpr.br\/enfermagem\/wp-content\/uploads\/sites\/4\/2022\/03\/Nucleo-de-ensino-pesquisa-e-extensao-em-saude.png\" alt=\"\" width=\"120\" height=\"120\" srcset=\"https:\/\/saude.ufpr.br\/enfermagem\/wp-content\/uploads\/sites\/4\/2022\/03\/Nucleo-de-ensino-pesquisa-e-extensao-em-saude.png 225w, https:\/\/saude.ufpr.br\/enfermagem\/wp-content\/uploads\/sites\/4\/2022\/03\/Nucleo-de-ensino-pesquisa-e-extensao-em-saude-150x150.png 150w\" sizes=\"(max-width: 120px) 100vw, 120px\" \/><\/a><a href=\"https:\/\/saude.ufpr.br\/enfermagem\/nepes-atividades\/\" rel=\"attachment wp-att-5601\"><img loading=\"lazy\" decoding=\"async\" class=\"alignnone size-medium wp-image-5601\" src=\"https:\/\/saude.ufpr.br\/enfermagem\/wp-content\/uploads\/sites\/4\/2022\/04\/ATIVIDADES_E_MIDIAS_SOCIAIS-300x300.png\" alt=\"\" width=\"120\" height=\"120\" srcset=\"https:\/\/saude.ufpr.br\/enfermagem\/wp-content\/uploads\/sites\/4\/2022\/04\/ATIVIDADES_E_MIDIAS_SOCIAIS-300x300.png 300w, https:\/\/saude.ufpr.br\/enfermagem\/wp-content\/uploads\/sites\/4\/2022\/04\/ATIVIDADES_E_MIDIAS_SOCIAIS-150x150.png 150w, https:\/\/saude.ufpr.br\/enfermagem\/wp-content\/uploads\/sites\/4\/2022\/04\/ATIVIDADES_E_MIDIAS_SOCIAIS.png 500w\" sizes=\"(max-width: 120px) 100vw, 120px\" \/><\/a><a href=\"https:\/\/saude.ufpr.br\/enfermagem\/nepes-projetos\/\" rel=\"attachment wp-att-5604\"><img loading=\"lazy\" decoding=\"async\" class=\"alignnone size-medium wp-image-5604\" src=\"https:\/\/saude.ufpr.br\/enfermagem\/wp-content\/uploads\/sites\/4\/2022\/04\/PROJETOS_-300x300.png\" alt=\"\" width=\"120\" height=\"120\" srcset=\"https:\/\/saude.ufpr.br\/enfermagem\/wp-content\/uploads\/sites\/4\/2022\/04\/PROJETOS_-300x300.png 300w, https:\/\/saude.ufpr.br\/enfermagem\/wp-content\/uploads\/sites\/4\/2022\/04\/PROJETOS_-150x150.png 150w, https:\/\/saude.ufpr.br\/enfermagem\/wp-content\/uploads\/sites\/4\/2022\/04\/PROJETOS_.png 500w\" sizes=\"(max-width: 120px) 100vw, 120px\" \/><\/a><a href=\"https:\/\/saude.ufpr.br\/enfermagem\/nepes-produtos\/\" rel=\"attachment wp-att-5599\"><img loading=\"lazy\" decoding=\"async\" class=\"alignnone size-medium wp-image-5599\" src=\"https:\/\/saude.ufpr.br\/enfermagem\/wp-content\/uploads\/sites\/4\/2022\/04\/PRODUTOS-300x300.png\" alt=\"\" width=\"120\" height=\"120\" srcset=\"https:\/\/saude.ufpr.br\/enfermagem\/wp-content\/uploads\/sites\/4\/2022\/04\/PRODUTOS-300x300.png 300w, https:\/\/saude.ufpr.br\/enfermagem\/wp-content\/uploads\/sites\/4\/2022\/04\/PRODUTOS-150x150.png 150w, https:\/\/saude.ufpr.br\/enfermagem\/wp-content\/uploads\/sites\/4\/2022\/04\/PRODUTOS.png 500w\" sizes=\"(max-width: 120px) 100vw, 120px\" \/><\/a><a href=\"https:\/\/saude.ufpr.br\/enfermagem\/nepes-guia-de-recomendacoes\/\" rel=\"attachment wp-att-5602\"><img loading=\"lazy\" decoding=\"async\" class=\"alignnone size-medium wp-image-5602\" src=\"https:\/\/saude.ufpr.br\/enfermagem\/wp-content\/uploads\/sites\/4\/2022\/04\/GUIA_REC_COVID19-300x300.png\" alt=\"\" width=\"120\" height=\"120\" srcset=\"https:\/\/saude.ufpr.br\/enfermagem\/wp-content\/uploads\/sites\/4\/2022\/04\/GUIA_REC_COVID19-300x300.png 300w, https:\/\/saude.ufpr.br\/enfermagem\/wp-content\/uploads\/sites\/4\/2022\/04\/GUIA_REC_COVID19-150x150.png 150w, https:\/\/saude.ufpr.br\/enfermagem\/wp-content\/uploads\/sites\/4\/2022\/04\/GUIA_REC_COVID19.png 500w\" sizes=\"(max-width: 120px) 100vw, 120px\" \/><\/a><a href=\"https:\/\/saude.ufpr.br\/enfermagem\/nepes-premios\/\" rel=\"attachment wp-att-5536\"><img loading=\"lazy\" decoding=\"async\" class=\"alignnone wp-image-5536\" src=\"https:\/\/saude.ufpr.br\/enfermagem\/wp-content\/uploads\/sites\/4\/2022\/04\/premios-300x300.png\" alt=\"\" width=\"120\" height=\"120\" srcset=\"https:\/\/saude.ufpr.br\/enfermagem\/wp-content\/uploads\/sites\/4\/2022\/04\/premios-300x300.png 300w, https:\/\/saude.ufpr.br\/enfermagem\/wp-content\/uploads\/sites\/4\/2022\/04\/premios-150x150.png 150w, https:\/\/saude.ufpr.br\/enfermagem\/wp-content\/uploads\/sites\/4\/2022\/04\/premios.png 500w\" sizes=\"(max-width: 120px) 100vw, 120px\" \/><\/a><\/p>\n<h2 style=\"color: #008b8b;text-align: center\">APRESENTA\u00c7\u00c3O<\/h2>\n<p>&nbsp;<\/p>\n<p><span class=\"\">\u00a0\u00a0\u00a0\u00a0\u00a0\u00a0\u00a0\u00a0\u00a0\u00a0\u00a0\u00a0\u00a0\u00a0\u00a0\u00a0\u00a0\u00a0 Integra\u00e7\u00e3o entre os eixos ensino, pesquisa, extens\u00e3o e gest\u00e3o da Universidade Federal do Paran\u00e1 &#8211; UFPR, para incentivo \u00e0 forma\u00e7\u00e3o de coletivos na \u00e1rea da sa\u00fade e enfermagem, gradua\u00e7\u00e3o e p\u00f3s-gradua\u00e7\u00e3o, com foco na multidisciplinariedade e interprofissionalidade. Os pesquisadores s\u00e3o atuantes na \u00e1rea da sa\u00fade coletiva, inova\u00e7\u00e3o e produ\u00e7\u00e3o de tecnologia. Desenvolvem seus trabalhos com enfoque transversal em: Promo\u00e7\u00e3o da Sa\u00fade; Preven\u00e7\u00e3o de Agravos em todos os ciclos da vida; Monitoramento, Vigil\u00e2ncia e Avalia\u00e7\u00e3o em Sa\u00fade. Contemplando a Aten\u00e7\u00e3o Integral \u00e0 Sa\u00fade; as Pr\u00e1ticas Integrativas e Complementares em Sa\u00fade (PICS); e, a Ci\u00eancia da S\u00edntese e da Implementa\u00e7\u00e3o de Evid\u00eancias. Visando: parcerias entre grupos de pesquisa, de institui\u00e7\u00f5es de ensino superior p\u00fablicas e privadas, nacionais e internacionais; integra\u00e7\u00e3o com as redes dos servi\u00e7os de sa\u00fade do Paran\u00e1 e outros estados; e, a participa\u00e7\u00e3o social. <\/span><\/p>\n<h2 style=\"color: #008b8b;text-align: center\">LINHA DE PESQUISA<\/h2>\n<p>&nbsp;<\/p>\n<ul>\n<li>Pol\u00edticas e Pr\u00e1ticas de Sa\u00fade, Educa\u00e7\u00e3o e Enfermagem \u00a0<a href=\"http:\/\/dgp.cnpq.br\/dgp\/espelholinha\/9560223923676170110899\">Saiba mais -&gt;<\/a><\/li>\n<li><span class=\"\">Pr\u00e1ticas Integrativas e Complementares em Sa\u00fade (PICS) \u00a0<\/span><a href=\"http:\/\/dgp.cnpq.br\/dgp\/espelholinha\/95602239236761701039370\">Saiba mais -&gt;<\/a><\/li>\n<li><span class=\"\">Tecnologia e Inova\u00e7\u00e3o para o Cuidar em Sa\u00fade e Enfermagem \u00a0<\/span><a href=\"http:\/\/dgp.cnpq.br\/dgp\/espelholinha\/95602239236761701322429\">Saiba mais -&gt;<\/a><\/li>\n<\/ul>\n<p>&nbsp;<\/p>\n<h2 style=\"color: #008b8b;text-align: center\">EQUIPE<\/h2>\n<p>&nbsp;<\/p>\n<p><strong>PESQUISADORES<\/strong><\/p>\n<table>\n<thead>\n<tr>\n<td style=\"border: 0px;text-align: center\"><a href=\"http:\/\/lattes.cnpq.br\/0224441398584273\"><img loading=\"lazy\" decoding=\"async\" class=\"alignnone wp-image-5269\" style=\"border-radius: 50%\" src=\"https:\/\/saude.ufpr.br\/enfermagem\/wp-content\/uploads\/sites\/4\/2022\/03\/docente-daiana-300x300.png\" alt=\"\" width=\"90\" height=\"90\" \/><\/a><\/td>\n<td style=\"border: 0px;text-align: center\"><a href=\"http:\/\/lattes.cnpq.br\/6166579062399881\"><img loading=\"lazy\" decoding=\"async\" class=\"alignnone wp-image-5268\" style=\"border-radius: 50%\" src=\"https:\/\/saude.ufpr.br\/enfermagem\/wp-content\/uploads\/sites\/4\/2022\/03\/docente-marcia-e1648151522258-300x300.jpg\" alt=\"\" width=\"90\" height=\"90\" \/><\/a><\/td>\n<td style=\"border: 0px;text-align: center\"><a href=\"http:\/\/lattes.cnpq.br\/8473012833980358\"><img loading=\"lazy\" decoding=\"async\" class=\"alignnone wp-image-5267\" style=\"border-radius: 50%\" src=\"https:\/\/saude.ufpr.br\/enfermagem\/wp-content\/uploads\/sites\/4\/2022\/04\/docente-shirley-289x300.png\" alt=\"\" width=\"90\" height=\"90\" \/><\/a><\/td>\n<td style=\"border: 0px;text-align: center\"><\/td>\n<td style=\"border: 0px;text-align: center\"><a href=\"http:\/\/lattes.cnpq.br\/0286094906805706\"><img loading=\"lazy\" decoding=\"async\" class=\"alignnone wp-image-5267\" style=\"border-radius: 50%\" src=\"https:\/\/saude.ufpr.br\/enfermagem\/wp-content\/uploads\/sites\/4\/2022\/04\/docente-andrea.jpg\" alt=\"\" width=\"90\" height=\"90\" \/><\/a><\/td>\n<td style=\"border: 0px;text-align: center\"><a href=\"http:\/\/lattes.cnpq.br\/2704919788171365\"><img loading=\"lazy\" decoding=\"async\" class=\"alignnone wp-image-5267\" style=\"border-radius: 50%\" src=\"https:\/\/saude.ufpr.br\/enfermagem\/wp-content\/uploads\/sites\/4\/2022\/04\/docente-rosalia.jpg\" alt=\"\" width=\"90\" height=\"90\" \/><\/a><\/td>\n<td style=\"border: 0px;text-align: center\"><a href=\"http:\/\/lattes.cnpq.br\/4736898156671122\"><img loading=\"lazy\" decoding=\"async\" class=\"wp-image-5267 alignnone\" style=\"border-radius: 50%\" src=\"https:\/\/saude.ufpr.br\/enfermagem\/wp-content\/uploads\/sites\/4\/2022\/04\/ELVIS.jpg\" alt=\"\" width=\"100\" height=\"81\" data-wp-editing=\"1\" \/><\/a><\/td>\n<\/tr>\n<\/thead>\n<tbody>\n<tr>\n<td style=\"border: 0px;text-align: center\"><a href=\"http:\/\/lattes.cnpq.br\/0224441398584273\">Prof\u00aa Dr\u00aa Daiana Kloh Khalaf<\/a><\/td>\n<td style=\"border: 0px;text-align: center\"><a href=\"http:\/\/lattes.cnpq.br\/6166579062399881\">Prof\u00aa Dr\u00aa M\u00e1rcia Helena de Souza Freire <\/a><\/td>\n<td style=\"border: 0px;text-align: center\"><a href=\"http:\/\/lattes.cnpq.br\/8473012833980358\">Prof\u00aa Dr\u00aa Shirley Boller<\/a><\/td>\n<td style=\"border: 0px;text-align: center\"><\/td>\n<td style=\"border: 0px;text-align: center\"><a href=\"http:\/\/lattes.cnpq.br\/0286094906805706\">Prof\u00aa Dr\u00aa Andrea Moreira Arru\u00e9<\/a><\/td>\n<td style=\"border: 0px;text-align: center\"><a href=\"http:\/\/lattes.cnpq.br\/2704919788171365\">Prof\u00aa Dr\u00aa Ros\u00e1lia Figueir\u00f3 Borges<\/a><\/td>\n<td style=\"border: 0px;text-align: center\"><a href=\"http:\/\/lattes.cnpq.br\/4736898156671122\">Prof Elvis Roberto Giacomim<\/a><\/td>\n<\/tr>\n<\/tbody>\n<\/table>\n<p style=\"text-align: left\"><strong>ESTUDANTES<\/strong><\/p>\n<p>&nbsp;<\/p>\n<div><a href=\"http:\/\/lattes.cnpq.br\/5625220366019548\">Amanda Gomes Ribeiro Pujol de Carvalho &#8211; Mestrado Profissional<\/a><br \/>\n<a href=\"http:\/\/lattes.cnpq.br\/3704897911501012\">Bruna Menezes Mincov &#8211; Gradua\u00e7\u00e3o<\/a><br \/>\n<a href=\"http:\/\/lattes.cnpq.br\/1062227678862328\">Claudiohana Carrer &#8211; Gradua\u00e7\u00e3o<\/a><br \/>\n<a href=\"http:\/\/lattes.cnpq.br\/5453988660549080\">Douglas Klemann &#8211; Mestrado<\/a><\/div>\n<div><a href=\"http:\/\/lattes.cnpq.br\/3526965731550320\">Gabrielle Freitas Saganski &#8211; Doutorado <\/a><br \/>\n<a href=\"http:\/\/lattes.cnpq.br\/8915153954356033\">Gisele Cordeiro Castro &#8211; Mestrado<\/a><br \/>\n<a href=\"http:\/\/lattes.cnpq.br\/9843979614380979\">Julia Gabriela Santi Marchini &#8211; Gradua\u00e7\u00e3o<\/a><br \/>\n<a href=\"http:\/\/lattes.cnpq.br\/5185038917618150\">Juliana Vieira de Moraes &#8211; Mestrado<\/a><\/div>\n<div><a href=\"http:\/\/lattes.cnpq.br\/6084469208445428\">Kelli Cristina Barros Mendes &#8211; Especializa\u00e7\u00e3o<\/a><br \/>\n<a href=\"http:\/\/lattes.cnpq.br\/1835796010706838\">Roseli Camargo Mendon\u00e7a &#8211; Mestrado<\/a><\/div>\n<div><a href=\"http:\/\/lattes.cnpq.br\/1346500965728910\">Sabrina Strapasson &#8211; Mestrado Profissional<\/a><br \/>\n<a href=\"http:\/\/lattes.cnpq.br\/4956814912404355\">Suellen da Rocha Lage Moraes &#8211; Doutorado<\/a><\/div>\n<div><a href=\"http:\/\/lattes.cnpq.br\/5313592538056407\">Thammy Novakovski dos Santos &#8211; Gradua\u00e7\u00e3o<\/a><br \/>\n<a href=\"http:\/\/lattes.cnpq.br\/7489514336013006\">Nelcel\u00ed Bento Garcia<\/a><br \/>\n<a href=\"http:\/\/lattes.cnpq.br\/3286752939350334\">Ricson Rom\u00e1rio Nascimento<\/a><\/div>\n<p>&nbsp;<\/p>\n<div><strong>T\u00c9CNICOS<\/strong><\/div>\n<p>&nbsp;<\/p>\n<div><a href=\"http:\/\/lattes.cnpq.br\/2794451947582962\">Etiene Leticia Leone de Moraes &#8211; Mestrado Profissional<\/a><br \/>\n<a href=\"http:\/\/lattes.cnpq.br\/8413572612417560\">Ginaina Catia de Pr\u00e1 Oliveira &#8211; Mestrado Profissional<\/a><\/div>\n<div><a href=\"http:\/\/lattes.cnpq.br\/5105342163445366\">Karoline Petricio Martins &#8211; Mestrado Profissional<\/a><br \/>\n<a href=\"http:\/\/lattes.cnpq.br\/1923876411681775\">K\u00e1ryta Jordana Santos de Paula &#8211; Mestrado Profissional<\/a><\/div>\n<div><a href=\"http:\/\/lattes.cnpq.br\/0970870617811579\">Michelle Thais Migoto &#8211; Mestrado<\/a><br \/>\n<a href=\"http:\/\/lattes.cnpq.br\/7094427039757992\">Paula Christina de Souza Muller &#8211; Mestrado Profissional<\/a><\/div>\n<p>&nbsp;<\/p>\n<h2 style=\"color: #76c7ca;text-align: center\"><\/h2>\n","protected":false},"excerpt":{"rendered":"<p>APRESENTA\u00c7\u00c3O &nbsp; \u00a0\u00a0\u00a0\u00a0\u00a0\u00a0\u00a0\u00a0\u00a0\u00a0\u00a0\u00a0\u00a0\u00a0\u00a0\u00a0\u00a0\u00a0 Integra\u00e7\u00e3o entre os eixos ensino, pesquisa, extens\u00e3o e gest\u00e3o da Universidade Federal do Paran\u00e1 &#8211; UFPR, para incentivo \u00e0 forma\u00e7\u00e3o de coletivos na \u00e1rea da sa\u00fade e enfermagem, gradua\u00e7\u00e3o e p\u00f3s-gradua\u00e7\u00e3o, com foco na multidisciplinariedade e interprofissionalidade. Os pesquisadores s\u00e3o atuantes na \u00e1rea da sa\u00fade coletiva, inova\u00e7\u00e3o e produ\u00e7\u00e3o de tecnologia. Desenvolvem<br \/> <a href=\"https:\/\/saude.ufpr.br\/enfermagem\/lipvisa\/\" class=\"button success small readmore\">Leia mais<\/a><\/p>\n","protected":false},"author":1699,"featured_media":0,"parent":0,"menu_order":0,"comment_status":"closed","ping_status":"closed","template":"","meta":{"_acf_changed":false,"_uag_custom_page_level_css":"","footnotes":""},"class_list":["post-5597","page","type-page","status-publish","hentry"],"acf":[],"featured_image_src":null,"uagb_featured_image_src":{"full":false,"thumbnail":false,"medium":false,"medium_large":false,"large":false,"1536x1536":false,"2048x2048":false,"noticias-thumb":false,"banners-thumb":false,"maisnoticias-thumb":false,"post-thumbnail":false},"uagb_author_info":{"display_name":"daiana","author_link":"https:\/\/saude.ufpr.br\/enfermagem\/author\/daiana\/"},"uagb_comment_info":0,"uagb_excerpt":"APRESENTA\u00c7\u00c3O &nbsp; \u00a0\u00a0\u00a0\u00a0\u00a0\u00a0\u00a0\u00a0\u00a0\u00a0\u00a0\u00a0\u00a0\u00a0\u00a0\u00a0\u00a0\u00a0 Integra\u00e7\u00e3o entre os eixos ensino, pesquisa, extens\u00e3o e gest\u00e3o da Universidade Federal do Paran\u00e1 &#8211; UFPR, para incentivo \u00e0 forma\u00e7\u00e3o de coletivos na \u00e1rea da sa\u00fade e enfermagem, gradua\u00e7\u00e3o e p\u00f3s-gradua\u00e7\u00e3o, com foco na multidisciplinariedade e interprofissionalidade. Os pesquisadores s\u00e3o atuantes na \u00e1rea da sa\u00fade coletiva, inova\u00e7\u00e3o e produ\u00e7\u00e3o de tecnologia. Desenvolvem&hellip;","publishpress_future_action":{"enabled":false,"date":"2026-04-22 00:39:50","action":"change-status","newStatus":"draft","terms":[],"taxonomy":"","extraData":[]},"publishpress_future_workflow_manual_trigger":{"enabledWorkflows":[]},"_links":{"self":[{"href":"https:\/\/saude.ufpr.br\/enfermagem\/wp-json\/wp\/v2\/pages\/5597","targetHints":{"allow":["GET"]}}],"collection":[{"href":"https:\/\/saude.ufpr.br\/enfermagem\/wp-json\/wp\/v2\/pages"}],"about":[{"href":"https:\/\/saude.ufpr.br\/enfermagem\/wp-json\/wp\/v2\/types\/page"}],"author":[{"embeddable":true,"href":"https:\/\/saude.ufpr.br\/enfermagem\/wp-json\/wp\/v2\/users\/1699"}],"replies":[{"embeddable":true,"href":"https:\/\/saude.ufpr.br\/enfermagem\/wp-json\/wp\/v2\/comments?post=5597"}],"version-history":[{"count":42,"href":"https:\/\/saude.ufpr.br\/enfermagem\/wp-json\/wp\/v2\/pages\/5597\/revisions"}],"predecessor-version":[{"id":7695,"href":"https:\/\/saude.ufpr.br\/enfermagem\/wp-json\/wp\/v2\/pages\/5597\/revisions\/7695"}],"wp:attachment":[{"href":"https:\/\/saude.ufpr.br\/enfermagem\/wp-json\/wp\/v2\/media?parent=5597"}],"curies":[{"name":"wp","href":"https:\/\/api.w.org\/{rel}","templated":true}]}}