{"id":6428,"date":"2022-10-19T12:01:21","date_gmt":"2022-10-19T15:01:21","guid":{"rendered":"https:\/\/saude.ufpr.br\/enfermagem\/?page_id=6428"},"modified":"2022-10-19T12:02:50","modified_gmt":"2022-10-19T15:02:50","slug":"6428-2","status":"publish","type":"page","link":"https:\/\/saude.ufpr.br\/enfermagem\/6428-2\/","title":{"rendered":"Planos de Ensino  2022"},"content":{"rendered":"<p><strong>Fichas 2 \/ Planos de Ensino\u00a0 2022 &#8211; 1\u00ba semestre (06\/06\/22 a 17\/09\/2022)<br \/>\n<\/strong><\/p>\n<p><a href=\"https:\/\/saude.ufpr.br\/enfermagem\/wp-content\/uploads\/sites\/4\/2022\/10\/MN129_metodologia-da-pesquisa-e-bioetica-em-saude-1_2022.pdf\">MN129_Metodologia da pesquisa e bio\u00e9tica em sa\u00fade<\/a><\/p>\n<p><a href=\"https:\/\/saude.ufpr.br\/enfermagem\/wp-content\/uploads\/sites\/4\/2022\/10\/MN131_HISTORIA_DA_ENFERMAGEM_1_2022.pdf\">MN131_Hist\u00f3ria da Enfermagem<\/a><\/p>\n<p><a href=\"https:\/\/saude.ufpr.br\/enfermagem\/wp-content\/uploads\/sites\/4\/2022\/10\/MN132-organizacao-do-trabalho-do-enfermeiro-e-sua-funcao-social-1_2022.pdf\">MN132 Organiza\u00e7\u00e3o do trabalho do enfermeiro e sua fun\u00e7\u00e3o social<\/a><\/p>\n<p><a href=\"https:\/\/saude.ufpr.br\/enfermagem\/wp-content\/uploads\/sites\/4\/2022\/10\/MN133_Metodologia-cientifica-em-enfermagem-1_2022-formulario.pdf\">MN133_Metodologia cient\u00edfica em enfermagem <\/a><\/p>\n<p><a href=\"https:\/\/saude.ufpr.br\/enfermagem\/wp-content\/uploads\/sites\/4\/2022\/10\/MN134-Fundamentos-para-o-cuidar-em-enfermagem-1_2022.pdf\">MN134 Fundamentos para o cuidar em enfermagem <\/a><\/p>\n<p><a href=\"https:\/\/saude.ufpr.br\/enfermagem\/wp-content\/uploads\/sites\/4\/2022\/10\/MN135-Enfermagem-em-saude-do-adulto-e-Idoso-1_2022.pdf\">MN135 Enfermagem em sa\u00fade do adulto e do Idoso <\/a><\/p>\n<p><a href=\"https:\/\/saude.ufpr.br\/enfermagem\/wp-content\/uploads\/sites\/4\/2022\/10\/MN136_saude-sociedade-e-meio-ambiente-1_2022.pdf\">MN136_Sa\u00fade sociedade e meio ambiente<\/a><\/p>\n<p><a href=\"https:\/\/saude.ufpr.br\/enfermagem\/wp-content\/uploads\/sites\/4\/2022\/10\/MN137_Fundamentos-para-enfermagem-em-Saude-Coletiva_1_2022.pdf\">MN137_Fundamentos para enfermagem em Sa\u00fade Coletiva<\/a><\/p>\n<p><a href=\"https:\/\/saude.ufpr.br\/enfermagem\/wp-content\/uploads\/sites\/4\/2022\/10\/MN139_Cuidados-de-enfermagem-a-mulher-1_2022.pdf\">MN139_Cuidados de enfermagem \u00e0 mulher<\/a><\/p>\n<p><a href=\"https:\/\/saude.ufpr.br\/enfermagem\/wp-content\/uploads\/sites\/4\/2022\/10\/MN140-Gerenciamaneto-dos-servicos-de-saude-e-enfermagem-1_2022.pdf\">MN140 Gerenciamento dos servi\u00e7os de sa\u00fade e enfermagem<\/a><\/p>\n<p><a href=\"https:\/\/saude.ufpr.br\/enfermagem\/wp-content\/uploads\/sites\/4\/2022\/10\/MN141_Enfermagem_em_Saude_Mental_1_2022.pdf\">MN141_Enfermagem em Sa\u00fade Mental<\/a><\/p>\n<p><a href=\"https:\/\/saude.ufpr.br\/enfermagem\/wp-content\/uploads\/sites\/4\/2022\/10\/MN142_Etica-e-bioetica-aplicada-a-enfermagem-1_2022.pdf\">MN142_\u00c9tica e bio\u00e9tica aplicada \u00e0 enfermagem<\/a><\/p>\n<p><a href=\"https:\/\/saude.ufpr.br\/enfermagem\/wp-content\/uploads\/sites\/4\/2022\/10\/MN143_Estagio_Sup_gerenciamento_1_2022.pdf\">MN143_Est\u00e1gio_Supervisionado em gerenciamento do cuidado na aten\u00e7\u00e3o prim\u00e1ria \u00e0 sa\u00fade<\/a><\/p>\n<p><a href=\"https:\/\/saude.ufpr.br\/enfermagem\/wp-content\/uploads\/sites\/4\/2022\/10\/MN144_Estagio_Sup._gerenciamento_do_Cuidado_na_1_2022.pdf\">MN144_Est\u00e1gio Supervisionado gerenciamento do cuidado na aten\u00e7\u00e3o hospitalar<\/a><\/p>\n<p><a href=\"https:\/\/saude.ufpr.br\/enfermagem\/wp-content\/uploads\/sites\/4\/2022\/10\/MN145_Estagio_Supervisionado-1_2022.pdf\">MN145_Estagio_Supervisionado em enfermagem<\/a><\/p>\n<p><a href=\"https:\/\/saude.ufpr.br\/enfermagem\/wp-content\/uploads\/sites\/4\/2022\/10\/MN147_MONOGRAFIA_EM_ENFERMAGEM_-1_2022.pdf\">MN147_Monografia em enfermagem<\/a><\/p>\n<p><a href=\"https:\/\/saude.ufpr.br\/enfermagem\/wp-content\/uploads\/sites\/4\/2022\/10\/MN152-Gestao-da-Qualidade-em-saude-1_2022.pdf\">MN152 Gest\u00e3o da Qualidade em sa\u00fade<\/a><\/p>\n<p>&nbsp;<\/p>\n","protected":false},"excerpt":{"rendered":"<p>Fichas 2 \/ Planos de Ensino\u00a0 2022 &#8211; 1\u00ba semestre (06\/06\/22 a 17\/09\/2022) MN129_Metodologia da pesquisa e bio\u00e9tica em sa\u00fade MN131_Hist\u00f3ria da Enfermagem MN132 Organiza\u00e7\u00e3o do trabalho do enfermeiro e sua fun\u00e7\u00e3o social MN133_Metodologia cient\u00edfica em enfermagem MN134 Fundamentos para o cuidar em enfermagem MN135 Enfermagem em sa\u00fade do adulto e do Idoso MN136_Sa\u00fade sociedade<br \/> <a href=\"https:\/\/saude.ufpr.br\/enfermagem\/6428-2\/\" class=\"button success small readmore\">Leia mais<\/a><\/p>\n","protected":false},"author":6,"featured_media":0,"parent":0,"menu_order":0,"comment_status":"closed","ping_status":"closed","template":"","meta":{"_acf_changed":false,"_uag_custom_page_level_css":"","footnotes":""},"class_list":["post-6428","page","type-page","status-publish","hentry"],"acf":[],"featured_image_src":null,"uagb_featured_image_src":{"full":false,"thumbnail":false,"medium":false,"medium_large":false,"large":false,"1536x1536":false,"2048x2048":false,"noticias-thumb":false,"banners-thumb":false,"maisnoticias-thumb":false,"post-thumbnail":false},"uagb_author_info":{"display_name":"Josi Dourado","author_link":"https:\/\/saude.ufpr.br\/enfermagem\/author\/josidourados\/"},"uagb_comment_info":0,"uagb_excerpt":"Fichas 2 \/ Planos de Ensino\u00a0 2022 &#8211; 1\u00ba semestre (06\/06\/22 a 17\/09\/2022) MN129_Metodologia da pesquisa e bio\u00e9tica em sa\u00fade MN131_Hist\u00f3ria da Enfermagem MN132 Organiza\u00e7\u00e3o do trabalho do enfermeiro e sua fun\u00e7\u00e3o social MN133_Metodologia cient\u00edfica em enfermagem MN134 Fundamentos para o cuidar em enfermagem MN135 Enfermagem em sa\u00fade do adulto e do Idoso MN136_Sa\u00fade sociedade&hellip;","publishpress_future_action":{"enabled":false,"date":"2026-05-03 01:35:23","action":"change-status","newStatus":"draft","terms":[],"taxonomy":"","extraData":[]},"publishpress_future_workflow_manual_trigger":{"enabledWorkflows":[]},"_links":{"self":[{"href":"https:\/\/saude.ufpr.br\/enfermagem\/wp-json\/wp\/v2\/pages\/6428","targetHints":{"allow":["GET"]}}],"collection":[{"href":"https:\/\/saude.ufpr.br\/enfermagem\/wp-json\/wp\/v2\/pages"}],"about":[{"href":"https:\/\/saude.ufpr.br\/enfermagem\/wp-json\/wp\/v2\/types\/page"}],"author":[{"embeddable":true,"href":"https:\/\/saude.ufpr.br\/enfermagem\/wp-json\/wp\/v2\/users\/6"}],"replies":[{"embeddable":true,"href":"https:\/\/saude.ufpr.br\/enfermagem\/wp-json\/wp\/v2\/comments?post=6428"}],"version-history":[{"count":3,"href":"https:\/\/saude.ufpr.br\/enfermagem\/wp-json\/wp\/v2\/pages\/6428\/revisions"}],"predecessor-version":[{"id":6449,"href":"https:\/\/saude.ufpr.br\/enfermagem\/wp-json\/wp\/v2\/pages\/6428\/revisions\/6449"}],"wp:attachment":[{"href":"https:\/\/saude.ufpr.br\/enfermagem\/wp-json\/wp\/v2\/media?parent=6428"}],"curies":[{"name":"wp","href":"https:\/\/api.w.org\/{rel}","templated":true}]}}

<p><strong>Fichas 2 / Planos de Ensino  2022 &#8211; 1º semestre (06/06/22 a 17/09/2022)<br />
</strong></p>
<p><a href="https://saude.ufpr.br/enfermagem/wp-content/uploads/sites/4/2022/10/MN129_metodologia-da-pesquisa-e-bioetica-em-saude-1_2022.pdf">MN129_Metodologia da pesquisa e bioética em saúde</a></p>
<p><a href="https://saude.ufpr.br/enfermagem/wp-content/uploads/sites/4/2022/10/MN131_HISTORIA_DA_ENFERMAGEM_1_2022.pdf">MN131_História da Enfermagem</a></p>
<p><a href="https://saude.ufpr.br/enfermagem/wp-content/uploads/sites/4/2022/10/MN132-organizacao-do-trabalho-do-enfermeiro-e-sua-funcao-social-1_2022.pdf">MN132 Organização do trabalho do enfermeiro e sua função social</a></p>
<p><a href="https://saude.ufpr.br/enfermagem/wp-content/uploads/sites/4/2022/10/MN133_Metodologia-cientifica-em-enfermagem-1_2022-formulario.pdf">MN133_Metodologia científica em enfermagem </a></p>
<p><a href="https://saude.ufpr.br/enfermagem/wp-content/uploads/sites/4/2022/10/MN134-Fundamentos-para-o-cuidar-em-enfermagem-1_2022.pdf">MN134 Fundamentos para o cuidar em enfermagem </a></p>
<p><a href="https://saude.ufpr.br/enfermagem/wp-content/uploads/sites/4/2022/10/MN135-Enfermagem-em-saude-do-adulto-e-Idoso-1_2022.pdf">MN135 Enfermagem em saúde do adulto e do Idoso </a></p>
<p><a href="https://saude.ufpr.br/enfermagem/wp-content/uploads/sites/4/2022/10/MN136_saude-sociedade-e-meio-ambiente-1_2022.pdf">MN136_Saúde sociedade e meio ambiente</a></p>
<p><a href="https://saude.ufpr.br/enfermagem/wp-content/uploads/sites/4/2022/10/MN137_Fundamentos-para-enfermagem-em-Saude-Coletiva_1_2022.pdf">MN137_Fundamentos para enfermagem em Saúde Coletiva</a></p>
<p><a href="https://saude.ufpr.br/enfermagem/wp-content/uploads/sites/4/2022/10/MN139_Cuidados-de-enfermagem-a-mulher-1_2022.pdf">MN139_Cuidados de enfermagem à mulher</a></p>
<p><a href="https://saude.ufpr.br/enfermagem/wp-content/uploads/sites/4/2022/10/MN140-Gerenciamaneto-dos-servicos-de-saude-e-enfermagem-1_2022.pdf">MN140 Gerenciamento dos serviços de saúde e enfermagem</a></p>
<p><a href="https://saude.ufpr.br/enfermagem/wp-content/uploads/sites/4/2022/10/MN141_Enfermagem_em_Saude_Mental_1_2022.pdf">MN141_Enfermagem em Saúde Mental</a></p>
<p><a href="https://saude.ufpr.br/enfermagem/wp-content/uploads/sites/4/2022/10/MN142_Etica-e-bioetica-aplicada-a-enfermagem-1_2022.pdf">MN142_Ética e bioética aplicada à enfermagem</a></p>
<p><a href="https://saude.ufpr.br/enfermagem/wp-content/uploads/sites/4/2022/10/MN143_Estagio_Sup_gerenciamento_1_2022.pdf">MN143_Estágio_Supervisionado em gerenciamento do cuidado na atenção primária à saúde</a></p>
<p><a href="https://saude.ufpr.br/enfermagem/wp-content/uploads/sites/4/2022/10/MN144_Estagio_Sup._gerenciamento_do_Cuidado_na_1_2022.pdf">MN144_Estágio Supervisionado gerenciamento do cuidado na atenção hospitalar</a></p>
<p><a href="https://saude.ufpr.br/enfermagem/wp-content/uploads/sites/4/2022/10/MN145_Estagio_Supervisionado-1_2022.pdf">MN145_Estagio_Supervisionado em enfermagem</a></p>
<p><a href="https://saude.ufpr.br/enfermagem/wp-content/uploads/sites/4/2022/10/MN147_MONOGRAFIA_EM_ENFERMAGEM_-1_2022.pdf">MN147_Monografia em enfermagem</a></p>
<p><a href="https://saude.ufpr.br/enfermagem/wp-content/uploads/sites/4/2022/10/MN152-Gestao-da-Qualidade-em-saude-1_2022.pdf">MN152 Gestão da Qualidade em saúde</a></p>
<p>&nbsp;</p>

<p>Fichas 2 / Planos de Ensino  2022 &#8211; 1º semestre (06/06/22 a 17/09/2022) MN129_Metodologia da pesquisa e bioética em saúde MN131_História da Enfermagem MN132 Organização do trabalho do enfermeiro e sua função social MN133_Metodologia científica em enfermagem MN134 Fundamentos para o cuidar em enfermagem MN135 Enfermagem em saúde do adulto e do Idoso MN136_Saúde sociedade<br /> <a href="https://saude.ufpr.br/enfermagem/6428-2/" class="button success small readmore">Leia mais</a></p>

Fichas 2 / Planos de Ensino  2022 &#8211; 1º semestre (06/06/22 a 17/09/2022) MN129_Metodologia da pesquisa e bioética em saúde MN131_História da Enfermagem MN132 Organização do trabalho do enfermeiro e sua função social MN133_Metodologia científica em enfermagem MN134 Fundamentos para o cuidar em enfermagem MN135 Enfermagem em saúde do adulto e do Idoso MN136_Saúde sociedade&hellip;
