{"id":6592,"date":"2023-03-10T10:50:12","date_gmt":"2023-03-10T13:50:12","guid":{"rendered":"https:\/\/saude.ufpr.br\/enfermagem\/?page_id=6592"},"modified":"2024-08-23T08:46:44","modified_gmt":"2024-08-23T11:46:44","slug":"sobre-espaco-da-memoria","status":"publish","type":"page","link":"https:\/\/saude.ufpr.br\/enfermagem\/sobre-espaco-da-memoria\/","title":{"rendered":"Espa\u00e7o da mem\u00f3ria"},"content":{"rendered":"<p><a href=\"https:\/\/saude.ufpr.br\/enfermagem\/wp-content\/uploads\/sites\/4\/2023\/09\/Banner-medio-agencia-de-turismo-moderno-colorido2.png\"><img fetchpriority=\"high\" decoding=\"async\" class=\"alignnone size-full wp-image-6791\" src=\"https:\/\/saude.ufpr.br\/enfermagem\/wp-content\/uploads\/sites\/4\/2023\/09\/Banner-medio-agencia-de-turismo-moderno-colorido2.png\" alt=\"\" width=\"1920\" height=\"650\" srcset=\"https:\/\/saude.ufpr.br\/enfermagem\/wp-content\/uploads\/sites\/4\/2023\/09\/Banner-medio-agencia-de-turismo-moderno-colorido2.png 1920w, https:\/\/saude.ufpr.br\/enfermagem\/wp-content\/uploads\/sites\/4\/2023\/09\/Banner-medio-agencia-de-turismo-moderno-colorido2-300x102.png 300w, https:\/\/saude.ufpr.br\/enfermagem\/wp-content\/uploads\/sites\/4\/2023\/09\/Banner-medio-agencia-de-turismo-moderno-colorido2-1024x347.png 1024w, https:\/\/saude.ufpr.br\/enfermagem\/wp-content\/uploads\/sites\/4\/2023\/09\/Banner-medio-agencia-de-turismo-moderno-colorido2-768x260.png 768w, https:\/\/saude.ufpr.br\/enfermagem\/wp-content\/uploads\/sites\/4\/2023\/09\/Banner-medio-agencia-de-turismo-moderno-colorido2-1536x520.png 1536w\" sizes=\"(max-width: 1920px) 100vw, 1920px\" \/><\/a><\/p>\n<p><a href=\"https:\/\/saude.ufpr.br\/enfermagem\/wp-content\/uploads\/sites\/4\/2023\/09\/2-1.png\">\u00a0\u00a0 <\/a><a href=\"https:\/\/saude.ufpr.br\/enfermagem\/sobre-espaco-da-memoria\/\"><img decoding=\"async\" class=\"alignnone wp-image-6798\" src=\"https:\/\/saude.ufpr.br\/enfermagem\/wp-content\/uploads\/sites\/4\/2023\/09\/2-1.png\" alt=\"\" width=\"90\" height=\"90\" srcset=\"https:\/\/saude.ufpr.br\/enfermagem\/wp-content\/uploads\/sites\/4\/2023\/09\/2-1.png 1024w, https:\/\/saude.ufpr.br\/enfermagem\/wp-content\/uploads\/sites\/4\/2023\/09\/2-1-300x300.png 300w, https:\/\/saude.ufpr.br\/enfermagem\/wp-content\/uploads\/sites\/4\/2023\/09\/2-1-150x150.png 150w, https:\/\/saude.ufpr.br\/enfermagem\/wp-content\/uploads\/sites\/4\/2023\/09\/2-1-768x768.png 768w\" sizes=\"(max-width: 90px) 100vw, 90px\" \/><\/a>\u00a0\u00a0 <a href=\"https:\/\/saude.ufpr.br\/enfermagem\/equipe-espaco-da-memoria\/\"><img decoding=\"async\" class=\"alignnone wp-image-6799\" src=\"https:\/\/saude.ufpr.br\/enfermagem\/wp-content\/uploads\/sites\/4\/2023\/09\/3-1.png\" alt=\"\" width=\"90\" height=\"90\" srcset=\"https:\/\/saude.ufpr.br\/enfermagem\/wp-content\/uploads\/sites\/4\/2023\/09\/3-1.png 1024w, https:\/\/saude.ufpr.br\/enfermagem\/wp-content\/uploads\/sites\/4\/2023\/09\/3-1-300x300.png 300w, https:\/\/saude.ufpr.br\/enfermagem\/wp-content\/uploads\/sites\/4\/2023\/09\/3-1-150x150.png 150w, https:\/\/saude.ufpr.br\/enfermagem\/wp-content\/uploads\/sites\/4\/2023\/09\/3-1-768x768.png 768w\" sizes=\"(max-width: 90px) 100vw, 90px\" \/> \u00a0 <\/a><a href=\"https:\/\/saude.ufpr.br\/enfermagem\/espaco-da-memoria-exposicao-de-fotos-50-anos\/\"><img loading=\"lazy\" decoding=\"async\" class=\"alignnone wp-image-6808\" src=\"https:\/\/saude.ufpr.br\/enfermagem\/wp-content\/uploads\/sites\/4\/2023\/09\/Modern-Design-IOS-Icon3.png\" alt=\"\" width=\"90\" height=\"90\" srcset=\"https:\/\/saude.ufpr.br\/enfermagem\/wp-content\/uploads\/sites\/4\/2023\/09\/Modern-Design-IOS-Icon3.png 1024w, https:\/\/saude.ufpr.br\/enfermagem\/wp-content\/uploads\/sites\/4\/2023\/09\/Modern-Design-IOS-Icon3-300x300.png 300w, https:\/\/saude.ufpr.br\/enfermagem\/wp-content\/uploads\/sites\/4\/2023\/09\/Modern-Design-IOS-Icon3-150x150.png 150w, https:\/\/saude.ufpr.br\/enfermagem\/wp-content\/uploads\/sites\/4\/2023\/09\/Modern-Design-IOS-Icon3-768x768.png 768w\" sizes=\"(max-width: 90px) 100vw, 90px\" \/><\/a><a href=\"https:\/\/saude.ufpr.br\/enfermagem\/wp-content\/uploads\/sites\/4\/2023\/09\/4.png\"> \u00a0 <\/a><a href=\"https:\/\/saude.ufpr.br\/enfermagem\/espaco-da-memoria-colecoes\/\"><img loading=\"lazy\" decoding=\"async\" class=\"alignnone wp-image-6804\" src=\"https:\/\/saude.ufpr.br\/enfermagem\/wp-content\/uploads\/sites\/4\/2023\/09\/Modern-Design-IOS-Icon2.png\" alt=\"\" width=\"90\" height=\"90\" srcset=\"https:\/\/saude.ufpr.br\/enfermagem\/wp-content\/uploads\/sites\/4\/2023\/09\/Modern-Design-IOS-Icon2.png 1024w, https:\/\/saude.ufpr.br\/enfermagem\/wp-content\/uploads\/sites\/4\/2023\/09\/Modern-Design-IOS-Icon2-300x300.png 300w, https:\/\/saude.ufpr.br\/enfermagem\/wp-content\/uploads\/sites\/4\/2023\/09\/Modern-Design-IOS-Icon2-150x150.png 150w, https:\/\/saude.ufpr.br\/enfermagem\/wp-content\/uploads\/sites\/4\/2023\/09\/Modern-Design-IOS-Icon2-768x768.png 768w\" sizes=\"(max-width: 90px) 100vw, 90px\" \/><\/a><a href=\"https:\/\/saude.ufpr.br\/enfermagem\/wp-content\/uploads\/sites\/4\/2023\/09\/5.png\"> \u00a0 <\/a><a href=\"https:\/\/saude.ufpr.br\/enfermagem\/wp-content\/uploads\/sites\/4\/2023\/09\/6.png\"><img loading=\"lazy\" decoding=\"async\" class=\"alignnone wp-image-6802\" src=\"https:\/\/saude.ufpr.br\/enfermagem\/wp-content\/uploads\/sites\/4\/2023\/09\/6.png\" alt=\"\" width=\"90\" height=\"90\" srcset=\"https:\/\/saude.ufpr.br\/enfermagem\/wp-content\/uploads\/sites\/4\/2023\/09\/6.png 1024w, https:\/\/saude.ufpr.br\/enfermagem\/wp-content\/uploads\/sites\/4\/2023\/09\/6-300x300.png 300w, https:\/\/saude.ufpr.br\/enfermagem\/wp-content\/uploads\/sites\/4\/2023\/09\/6-150x150.png 150w, https:\/\/saude.ufpr.br\/enfermagem\/wp-content\/uploads\/sites\/4\/2023\/09\/6-768x768.png 768w\" sizes=\"(max-width: 90px) 100vw, 90px\" \/><\/a><\/p>\n<h5><!--StyleSheet Link--><\/h5>\n<hr \/>\n<p>&nbsp;<\/p>\n<p>O Espa\u00e7o da Mem\u00f3ria do Curso de Enfermagem da Universidade Federal do Paran\u00e1 (UFPR) \u00e9 um espa\u00e7o de documenta\u00e7\u00e3o e pesquisa sobre a mem\u00f3ria e a hist\u00f3ria dessa unidade acad\u00eamica e tamb\u00e9m sobre a mem\u00f3ria e a hist\u00f3ria da sa\u00fade e da enfermagem no Estado do Paran\u00e1.<\/p>\n<p>Criado em 2014, sob a lideran\u00e7a do Prof. Enf\u00ba. Paulo de Oliveira Perna, do Departamento de Enfermagem da UFPR, o espa\u00e7o foi resultado das comemora\u00e7\u00f5es dos 40 anos do curso de Enfermagem. Foi inaugurado em 12 de maio de 2014, como parte da programa\u00e7\u00e3o solene pelos 40 anos do Curso de Enfermagem, e com a presen\u00e7a de uma diversa representa\u00e7\u00e3o da comunidade de Enfermagem de Curitiba e da UFPR,<\/p>\n<p>O espa\u00e7o foi inaugurado, no andar t\u00e9rreo do edif\u00edcio Bloco Did\u00e1tico II, no campus Bot\u00e2nico. Ocupa aproximadamente, xx m2 e est\u00e1 delimitado por uma porta de vidro, que permite a visualiza\u00e7\u00e3o parcial do seu interior.<\/p>\n<p>No Espa\u00e7o da Mem\u00f3ria est\u00e3o dispostos documentos origin\u00e1rios ligados \u00e0 cria\u00e7\u00e3o e primeiros anos de funcionamento do Curso de Enfermagem (gradua\u00e7\u00e3o e p\u00f3s-gradua\u00e7\u00e3o); registros fotogr\u00e1ficos; livros publicados por docentes do Departamento de Enfermagem; placas comemorativas, distintivos e crach\u00e1s doados por ex-docentes; uma cole\u00e7\u00e3o com cerca de 90% dos convites de formatura das turmas de acad\u00eamicos de Enfermagem; alguns aparelhos e instrumentos de uso no cuidado com pacientes; alguns equipamentos de uso administrativo da Coordena\u00e7\u00e3o do Curso e do Departamento de Enfermagem; e uniformes de docentes e alunos (dois de cada tipo) utilizados nos primeiros anos de funcionamento do curso, e expostos em manequins.<\/p>\n<p>Acesse o livro hist\u00f3rico dos 40 anos do curso de enfermagem aqui<\/p>\n<p>O Espa\u00e7o da mem\u00f3ria do curso de enfermagem da Universidade Federal do Paran\u00e1, a partir de 2021 tem buscado ampliar a rela\u00e7\u00e3o entre o Curso de Enfermagem e a sociedade, por meio da articula\u00e7\u00e3o entre o ensino, a pesquisa e a extens\u00e3o e a promo\u00e7\u00e3o dos aspectos educativo, cultural e cient\u00edfico.<\/p>\n<p>S\u00e3o objetivos do espa\u00e7o da mem\u00f3ria:<\/p>\n<p>\u00b7 Manter a organiza\u00e7\u00e3o do patrim\u00f4nio material e bibliogr\u00e1fico.<\/p>\n<p>\u00b7 Constituir-se em espa\u00e7o permanente de discuss\u00e3o sobre o avan\u00e7o da Hist\u00f3ria da profiss\u00e3o nas suas m\u00faltiplas rela\u00e7\u00f5es com a sociedade.<\/p>\n<p>\u00b7 Consolidar o espa\u00e7o mem\u00f3ria do Departamento de Enfermagem da UFPR como um centro catalisador de produ\u00e7\u00e3o bibliogr\u00e1fica sobre a Hist\u00f3ria da Enfermagem Paranaense<\/p>\n<p>\u00b7 Promover atividades interativas, de ensino, pesquisa e extens\u00e3o.<\/p>\n","protected":false},"excerpt":{"rendered":"<p>\u00a0\u00a0 \u00a0\u00a0 \u00a0 \u00a0 \u00a0 &nbsp; O Espa\u00e7o da Mem\u00f3ria do Curso de Enfermagem da Universidade Federal do Paran\u00e1 (UFPR) \u00e9 um espa\u00e7o de documenta\u00e7\u00e3o e pesquisa sobre a mem\u00f3ria e a hist\u00f3ria dessa unidade acad\u00eamica e tamb\u00e9m sobre a mem\u00f3ria e a hist\u00f3ria da sa\u00fade e da enfermagem no Estado do Paran\u00e1. Criado em<br \/> <a href=\"https:\/\/saude.ufpr.br\/enfermagem\/sobre-espaco-da-memoria\/\" class=\"button success small readmore\">Leia mais<\/a><\/p>\n","protected":false},"author":6,"featured_media":0,"parent":0,"menu_order":0,"comment_status":"closed","ping_status":"closed","template":"","meta":{"_acf_changed":false,"_uag_custom_page_level_css":"","footnotes":""},"class_list":["post-6592","page","type-page","status-publish","hentry"],"acf":[],"featured_image_src":null,"uagb_featured_image_src":{"full":false,"thumbnail":false,"medium":false,"medium_large":false,"large":false,"1536x1536":false,"2048x2048":false,"noticias-thumb":false,"banners-thumb":false,"maisnoticias-thumb":false,"post-thumbnail":false},"uagb_author_info":{"display_name":"Josi Dourado","author_link":"https:\/\/saude.ufpr.br\/enfermagem\/author\/josidourados\/"},"uagb_comment_info":0,"uagb_excerpt":"\u00a0\u00a0 \u00a0\u00a0 \u00a0 \u00a0 \u00a0 &nbsp; O Espa\u00e7o da Mem\u00f3ria do Curso de Enfermagem da Universidade Federal do Paran\u00e1 (UFPR) \u00e9 um espa\u00e7o de documenta\u00e7\u00e3o e pesquisa sobre a mem\u00f3ria e a hist\u00f3ria dessa unidade acad\u00eamica e tamb\u00e9m sobre a mem\u00f3ria e a hist\u00f3ria da sa\u00fade e da enfermagem no Estado do Paran\u00e1. Criado em&hellip;","publishpress_future_action":{"enabled":false,"date":"2026-05-01 20:35:15","action":"change-status","newStatus":"draft","terms":[],"taxonomy":"","extraData":[]},"publishpress_future_workflow_manual_trigger":{"enabledWorkflows":[]},"_links":{"self":[{"href":"https:\/\/saude.ufpr.br\/enfermagem\/wp-json\/wp\/v2\/pages\/6592","targetHints":{"allow":["GET"]}}],"collection":[{"href":"https:\/\/saude.ufpr.br\/enfermagem\/wp-json\/wp\/v2\/pages"}],"about":[{"href":"https:\/\/saude.ufpr.br\/enfermagem\/wp-json\/wp\/v2\/types\/page"}],"author":[{"embeddable":true,"href":"https:\/\/saude.ufpr.br\/enfermagem\/wp-json\/wp\/v2\/users\/6"}],"replies":[{"embeddable":true,"href":"https:\/\/saude.ufpr.br\/enfermagem\/wp-json\/wp\/v2\/comments?post=6592"}],"version-history":[{"count":12,"href":"https:\/\/saude.ufpr.br\/enfermagem\/wp-json\/wp\/v2\/pages\/6592\/revisions"}],"predecessor-version":[{"id":7109,"href":"https:\/\/saude.ufpr.br\/enfermagem\/wp-json\/wp\/v2\/pages\/6592\/revisions\/7109"}],"wp:attachment":[{"href":"https:\/\/saude.ufpr.br\/enfermagem\/wp-json\/wp\/v2\/media?parent=6592"}],"curies":[{"name":"wp","href":"https:\/\/api.w.org\/{rel}","templated":true}]}}