{"id":7051,"date":"2024-07-11T16:15:25","date_gmt":"2024-07-11T19:15:25","guid":{"rendered":"https:\/\/saude.ufpr.br\/enfermagem\/?page_id=7051"},"modified":"2024-08-14T17:25:08","modified_gmt":"2024-08-14T20:25:08","slug":"espaco-da-memoria-exposicao-de-fotos-50-anos","status":"publish","type":"page","link":"https:\/\/saude.ufpr.br\/enfermagem\/espaco-da-memoria-exposicao-de-fotos-50-anos\/","title":{"rendered":"Espa\u00e7o da mem\u00f3ria \u2013 a\u00e7\u00f5es desenvolvidas"},"content":{"rendered":"<p><a href=\"https:\/\/saude.ufpr.br\/enfermagem\/wp-content\/uploads\/sites\/4\/2023\/09\/2-1.png\">\u00a0\u00a0 <\/a><a href=\"https:\/\/saude.ufpr.br\/enfermagem\/sobre-espaco-da-memoria\/\"><img decoding=\"async\" class=\"alignnone wp-image-6798\" src=\"https:\/\/saude.ufpr.br\/enfermagem\/wp-content\/uploads\/sites\/4\/2023\/09\/2-1.png\" alt=\"\" width=\"90\" height=\"90\" srcset=\"https:\/\/saude.ufpr.br\/enfermagem\/wp-content\/uploads\/sites\/4\/2023\/09\/2-1.png 1024w, https:\/\/saude.ufpr.br\/enfermagem\/wp-content\/uploads\/sites\/4\/2023\/09\/2-1-300x300.png 300w, https:\/\/saude.ufpr.br\/enfermagem\/wp-content\/uploads\/sites\/4\/2023\/09\/2-1-150x150.png 150w, https:\/\/saude.ufpr.br\/enfermagem\/wp-content\/uploads\/sites\/4\/2023\/09\/2-1-768x768.png 768w\" sizes=\"(max-width: 90px) 100vw, 90px\" \/><\/a>\u00a0\u00a0 <a href=\"https:\/\/saude.ufpr.br\/enfermagem\/equipe-espaco-da-memoria\/\"><img decoding=\"async\" class=\"alignnone wp-image-6799\" src=\"https:\/\/saude.ufpr.br\/enfermagem\/wp-content\/uploads\/sites\/4\/2023\/09\/3-1.png\" alt=\"\" width=\"90\" height=\"90\" srcset=\"https:\/\/saude.ufpr.br\/enfermagem\/wp-content\/uploads\/sites\/4\/2023\/09\/3-1.png 1024w, https:\/\/saude.ufpr.br\/enfermagem\/wp-content\/uploads\/sites\/4\/2023\/09\/3-1-300x300.png 300w, https:\/\/saude.ufpr.br\/enfermagem\/wp-content\/uploads\/sites\/4\/2023\/09\/3-1-150x150.png 150w, https:\/\/saude.ufpr.br\/enfermagem\/wp-content\/uploads\/sites\/4\/2023\/09\/3-1-768x768.png 768w\" sizes=\"(max-width: 90px) 100vw, 90px\" \/> \u00a0 <\/a><a href=\"https:\/\/saude.ufpr.br\/enfermagem\/espaco-da-memoria-exposicao-de-fotos-50-anos\/\"><img decoding=\"async\" class=\"alignnone wp-image-6808\" src=\"https:\/\/saude.ufpr.br\/enfermagem\/wp-content\/uploads\/sites\/4\/2023\/09\/Modern-Design-IOS-Icon3.png\" alt=\"\" width=\"90\" height=\"90\" srcset=\"https:\/\/saude.ufpr.br\/enfermagem\/wp-content\/uploads\/sites\/4\/2023\/09\/Modern-Design-IOS-Icon3.png 1024w, https:\/\/saude.ufpr.br\/enfermagem\/wp-content\/uploads\/sites\/4\/2023\/09\/Modern-Design-IOS-Icon3-300x300.png 300w, https:\/\/saude.ufpr.br\/enfermagem\/wp-content\/uploads\/sites\/4\/2023\/09\/Modern-Design-IOS-Icon3-150x150.png 150w, https:\/\/saude.ufpr.br\/enfermagem\/wp-content\/uploads\/sites\/4\/2023\/09\/Modern-Design-IOS-Icon3-768x768.png 768w\" sizes=\"(max-width: 90px) 100vw, 90px\" \/><\/a><a href=\"https:\/\/saude.ufpr.br\/enfermagem\/wp-content\/uploads\/sites\/4\/2023\/09\/4.png\"> \u00a0 <\/a><a href=\"https:\/\/saude.ufpr.br\/enfermagem\/espaco-da-memoria-colecoes\/\"><img loading=\"lazy\" decoding=\"async\" class=\"alignnone wp-image-6804\" src=\"https:\/\/saude.ufpr.br\/enfermagem\/wp-content\/uploads\/sites\/4\/2023\/09\/Modern-Design-IOS-Icon2.png\" alt=\"\" width=\"90\" height=\"90\" srcset=\"https:\/\/saude.ufpr.br\/enfermagem\/wp-content\/uploads\/sites\/4\/2023\/09\/Modern-Design-IOS-Icon2.png 1024w, https:\/\/saude.ufpr.br\/enfermagem\/wp-content\/uploads\/sites\/4\/2023\/09\/Modern-Design-IOS-Icon2-300x300.png 300w, https:\/\/saude.ufpr.br\/enfermagem\/wp-content\/uploads\/sites\/4\/2023\/09\/Modern-Design-IOS-Icon2-150x150.png 150w, https:\/\/saude.ufpr.br\/enfermagem\/wp-content\/uploads\/sites\/4\/2023\/09\/Modern-Design-IOS-Icon2-768x768.png 768w\" sizes=\"(max-width: 90px) 100vw, 90px\" \/><\/a><a href=\"https:\/\/saude.ufpr.br\/enfermagem\/wp-content\/uploads\/sites\/4\/2023\/09\/5.png\"> \u00a0 <\/a><img loading=\"lazy\" decoding=\"async\" class=\"alignnone wp-image-6802\" src=\"https:\/\/saude.ufpr.br\/enfermagem\/wp-content\/uploads\/sites\/4\/2023\/09\/6.png\" alt=\"\" width=\"90\" height=\"90\" srcset=\"https:\/\/saude.ufpr.br\/enfermagem\/wp-content\/uploads\/sites\/4\/2023\/09\/6.png 1024w, https:\/\/saude.ufpr.br\/enfermagem\/wp-content\/uploads\/sites\/4\/2023\/09\/6-300x300.png 300w, https:\/\/saude.ufpr.br\/enfermagem\/wp-content\/uploads\/sites\/4\/2023\/09\/6-150x150.png 150w, https:\/\/saude.ufpr.br\/enfermagem\/wp-content\/uploads\/sites\/4\/2023\/09\/6-768x768.png 768w\" sizes=\"(max-width: 90px) 100vw, 90px\" \/><\/p>\n<hr \/>\n<h4>Espa\u00e7o da mem\u00f3ria \u2013 Exposi\u00e7\u00e3o de fotos 50 anos<\/h4>\n<p>Celebrando meio s\u00e9culo de excel\u00eancia, o Curso de Enfermagem da Universidade Federal do Paran\u00e1 (UFPR) disponibiliza um e-book comemorativo (dispon\u00edvel em PDF e em v\u00eddeo), marcando o Jubileu de Ouro.<\/p>\n<p>Este material digital \u00e9 uma colet\u00e2nea de mem\u00f3rias e conquistas, narradas por aqueles que foram protagonistas dessa rica hist\u00f3ria.<\/p>\n<p>Neste material, encontramos inspira\u00e7\u00f5es e orgulho nas hist\u00f3rias de dedica\u00e7\u00e3o e cuidado que definiram esses 50 anos. N\u00e3o perca a chance de conhecer essas mem\u00f3rias, e lembre-se de deixar seu pr\u00f3prio relato, enriquecendo ainda mais as experi\u00eancias que continuar\u00e3o a enriquecer as futuras gera\u00e7\u00f5es.<\/p>\n<p><a href=\"https:\/\/docs.google.com\/forms\/d\/e\/1FAIpQLSeMDEc_nAfyFgQzPIaHeiG-0j-5SB0CBOsDnpB7k3OMQ20PHg\/viewform\">Registre <span style=\"color: #ff0000\">aqui<\/span> sua visita pela exposi\u00e7\u00e3o!<\/a><\/p>\n<p><a href=\"https:\/\/saude.ufpr.br\/enfermagem\/wp-content\/uploads\/sites\/4\/2024\/07\/Copia-de-Inicio.pdf\">exposi\u00e7\u00e3o virtual &#8211; Jubileu de ouro do Curso de Enfermagem da Universidade Federal do Paran\u00e1: 50 anos pelo olhar de quem fez parta desta hist\u00f3ria. pdf<\/a><\/p>\n<div style=\"width: 1210px;\" class=\"wp-video\"><video class=\"wp-video-shortcode\" id=\"video-7051-1\" width=\"1210\" height=\"1712\" preload=\"metadata\" controls=\"controls\"><source type=\"video\/mp4\" src=\"https:\/\/saude.ufpr.br\/enfermagem\/wp-content\/uploads\/sites\/4\/2024\/07\/Copia-de-Inicio.mp4?_=1\" \/><a href=\"https:\/\/saude.ufpr.br\/enfermagem\/wp-content\/uploads\/sites\/4\/2024\/07\/Copia-de-Inicio.mp4\">https:\/\/saude.ufpr.br\/enfermagem\/wp-content\/uploads\/sites\/4\/2024\/07\/Copia-de-Inicio.mp4<\/a><\/video><\/div>\n<p>&nbsp;<\/p>\n","protected":false},"excerpt":{"rendered":"<p>\u00a0\u00a0 \u00a0\u00a0 \u00a0 \u00a0 \u00a0 Espa\u00e7o da mem\u00f3ria \u2013 Exposi\u00e7\u00e3o de fotos 50 anos Celebrando meio s\u00e9culo de excel\u00eancia, o Curso de Enfermagem da Universidade Federal do Paran\u00e1 (UFPR) disponibiliza um e-book comemorativo (dispon\u00edvel em PDF e em v\u00eddeo), marcando o Jubileu de Ouro. Este material digital \u00e9 uma colet\u00e2nea de mem\u00f3rias e conquistas, narradas<br \/> <a href=\"https:\/\/saude.ufpr.br\/enfermagem\/espaco-da-memoria-exposicao-de-fotos-50-anos\/\" class=\"button success small readmore\">Leia mais<\/a><\/p>\n","protected":false},"author":6,"featured_media":0,"parent":0,"menu_order":0,"comment_status":"closed","ping_status":"closed","template":"","meta":{"_acf_changed":false,"_uag_custom_page_level_css":"","footnotes":""},"class_list":["post-7051","page","type-page","status-publish","hentry"],"acf":[],"featured_image_src":null,"uagb_featured_image_src":{"full":false,"thumbnail":false,"medium":false,"medium_large":false,"large":false,"1536x1536":false,"2048x2048":false,"noticias-thumb":false,"banners-thumb":false,"maisnoticias-thumb":false,"post-thumbnail":false},"uagb_author_info":{"display_name":"Josi Dourado","author_link":"https:\/\/saude.ufpr.br\/enfermagem\/author\/josidourados\/"},"uagb_comment_info":0,"uagb_excerpt":"\u00a0\u00a0 \u00a0\u00a0 \u00a0 \u00a0 \u00a0 Espa\u00e7o da mem\u00f3ria \u2013 Exposi\u00e7\u00e3o de fotos 50 anos Celebrando meio s\u00e9culo de excel\u00eancia, o Curso de Enfermagem da Universidade Federal do Paran\u00e1 (UFPR) disponibiliza um e-book comemorativo (dispon\u00edvel em PDF e em v\u00eddeo), marcando o Jubileu de Ouro. Este material digital \u00e9 uma colet\u00e2nea de mem\u00f3rias e conquistas, narradas&hellip;","publishpress_future_action":{"enabled":false,"date":"2026-05-06 08:03:43","action":"change-status","newStatus":"draft","terms":[],"taxonomy":"","extraData":[]},"publishpress_future_workflow_manual_trigger":{"enabledWorkflows":[]},"_links":{"self":[{"href":"https:\/\/saude.ufpr.br\/enfermagem\/wp-json\/wp\/v2\/pages\/7051","targetHints":{"allow":["GET"]}}],"collection":[{"href":"https:\/\/saude.ufpr.br\/enfermagem\/wp-json\/wp\/v2\/pages"}],"about":[{"href":"https:\/\/saude.ufpr.br\/enfermagem\/wp-json\/wp\/v2\/types\/page"}],"author":[{"embeddable":true,"href":"https:\/\/saude.ufpr.br\/enfermagem\/wp-json\/wp\/v2\/users\/6"}],"replies":[{"embeddable":true,"href":"https:\/\/saude.ufpr.br\/enfermagem\/wp-json\/wp\/v2\/comments?post=7051"}],"version-history":[{"count":6,"href":"https:\/\/saude.ufpr.br\/enfermagem\/wp-json\/wp\/v2\/pages\/7051\/revisions"}],"predecessor-version":[{"id":7090,"href":"https:\/\/saude.ufpr.br\/enfermagem\/wp-json\/wp\/v2\/pages\/7051\/revisions\/7090"}],"wp:attachment":[{"href":"https:\/\/saude.ufpr.br\/enfermagem\/wp-json\/wp\/v2\/media?parent=7051"}],"curies":[{"name":"wp","href":"https:\/\/api.w.org\/{rel}","templated":true}]}}

Espaço da memória – ações desenvolvidas

<p><a href="https://saude.ufpr.br/enfermagem/wp-content/uploads/sites/4/2023/09/2-1.png">   </a><a href="https://saude.ufpr.br/enfermagem/sobre-espaco-da-memoria/"><img decoding="async" class="alignnone wp-image-6798" src="https://saude.ufpr.br/enfermagem/wp-content/uploads/sites/4/2023/09/2-1.png" alt="" width="90" height="90" srcset="https://saude.ufpr.br/enfermagem/wp-content/uploads/sites/4/2023/09/2-1.png 1024w, https://saude.ufpr.br/enfermagem/wp-content/uploads/sites/4/2023/09/2-1-300x300.png 300w, https://saude.ufpr.br/enfermagem/wp-content/uploads/sites/4/2023/09/2-1-150x150.png 150w, https://saude.ufpr.br/enfermagem/wp-content/uploads/sites/4/2023/09/2-1-768x768.png 768w" sizes="(max-width: 90px) 100vw, 90px" /></a>   <a href="https://saude.ufpr.br/enfermagem/equipe-espaco-da-memoria/"><img decoding="async" class="alignnone wp-image-6799" src="https://saude.ufpr.br/enfermagem/wp-content/uploads/sites/4/2023/09/3-1.png" alt="" width="90" height="90" srcset="https://saude.ufpr.br/enfermagem/wp-content/uploads/sites/4/2023/09/3-1.png 1024w, https://saude.ufpr.br/enfermagem/wp-content/uploads/sites/4/2023/09/3-1-300x300.png 300w, https://saude.ufpr.br/enfermagem/wp-content/uploads/sites/4/2023/09/3-1-150x150.png 150w, https://saude.ufpr.br/enfermagem/wp-content/uploads/sites/4/2023/09/3-1-768x768.png 768w" sizes="(max-width: 90px) 100vw, 90px" />   </a><a href="https://saude.ufpr.br/enfermagem/espaco-da-memoria-exposicao-de-fotos-50-anos/"><img decoding="async" class="alignnone wp-image-6808" src="https://saude.ufpr.br/enfermagem/wp-content/uploads/sites/4/2023/09/Modern-Design-IOS-Icon3.png" alt="" width="90" height="90" srcset="https://saude.ufpr.br/enfermagem/wp-content/uploads/sites/4/2023/09/Modern-Design-IOS-Icon3.png 1024w, https://saude.ufpr.br/enfermagem/wp-content/uploads/sites/4/2023/09/Modern-Design-IOS-Icon3-300x300.png 300w, https://saude.ufpr.br/enfermagem/wp-content/uploads/sites/4/2023/09/Modern-Design-IOS-Icon3-150x150.png 150w, https://saude.ufpr.br/enfermagem/wp-content/uploads/sites/4/2023/09/Modern-Design-IOS-Icon3-768x768.png 768w" sizes="(max-width: 90px) 100vw, 90px" /></a><a href="https://saude.ufpr.br/enfermagem/wp-content/uploads/sites/4/2023/09/4.png">   </a><a href="https://saude.ufpr.br/enfermagem/espaco-da-memoria-colecoes/"><img loading="lazy" decoding="async" class="alignnone wp-image-6804" src="https://saude.ufpr.br/enfermagem/wp-content/uploads/sites/4/2023/09/Modern-Design-IOS-Icon2.png" alt="" width="90" height="90" srcset="https://saude.ufpr.br/enfermagem/wp-content/uploads/sites/4/2023/09/Modern-Design-IOS-Icon2.png 1024w, https://saude.ufpr.br/enfermagem/wp-content/uploads/sites/4/2023/09/Modern-Design-IOS-Icon2-300x300.png 300w, https://saude.ufpr.br/enfermagem/wp-content/uploads/sites/4/2023/09/Modern-Design-IOS-Icon2-150x150.png 150w, https://saude.ufpr.br/enfermagem/wp-content/uploads/sites/4/2023/09/Modern-Design-IOS-Icon2-768x768.png 768w" sizes="(max-width: 90px) 100vw, 90px" /></a><a href="https://saude.ufpr.br/enfermagem/wp-content/uploads/sites/4/2023/09/5.png">   </a><img loading="lazy" decoding="async" class="alignnone wp-image-6802" src="https://saude.ufpr.br/enfermagem/wp-content/uploads/sites/4/2023/09/6.png" alt="" width="90" height="90" srcset="https://saude.ufpr.br/enfermagem/wp-content/uploads/sites/4/2023/09/6.png 1024w, https://saude.ufpr.br/enfermagem/wp-content/uploads/sites/4/2023/09/6-300x300.png 300w, https://saude.ufpr.br/enfermagem/wp-content/uploads/sites/4/2023/09/6-150x150.png 150w, https://saude.ufpr.br/enfermagem/wp-content/uploads/sites/4/2023/09/6-768x768.png 768w" sizes="(max-width: 90px) 100vw, 90px" /></p>
<hr />
<h4>Espaço da memória – Exposição de fotos 50 anos</h4>
<p>Celebrando meio século de excelência, o Curso de Enfermagem da Universidade Federal do Paraná (UFPR) disponibiliza um e-book comemorativo (disponível em PDF e em vídeo), marcando o Jubileu de Ouro.</p>
<p>Este material digital é uma coletânea de memórias e conquistas, narradas por aqueles que foram protagonistas dessa rica história.</p>
<p>Neste material, encontramos inspirações e orgulho nas histórias de dedicação e cuidado que definiram esses 50 anos. Não perca a chance de conhecer essas memórias, e lembre-se de deixar seu próprio relato, enriquecendo ainda mais as experiências que continuarão a enriquecer as futuras gerações.</p>
<p><a href="https://docs.google.com/forms/d/e/1FAIpQLSeMDEc_nAfyFgQzPIaHeiG-0j-5SB0CBOsDnpB7k3OMQ20PHg/viewform">Registre <span style="color: #ff0000">aqui</span> sua visita pela exposição!</a></p>
<p><a href="https://saude.ufpr.br/enfermagem/wp-content/uploads/sites/4/2024/07/Copia-de-Inicio.pdf">exposição virtual &#8211; Jubileu de ouro do Curso de Enfermagem da Universidade Federal do Paraná: 50 anos pelo olhar de quem fez parta desta história. pdf</a></p>
<div style="width: 1210px;" class="wp-video"><video class="wp-video-shortcode" id="video-7051-1" width="1210" height="1712" preload="metadata" controls="controls"><source type="video/mp4" src="https://saude.ufpr.br/enfermagem/wp-content/uploads/sites/4/2024/07/Copia-de-Inicio.mp4?_=1" /><a href="https://saude.ufpr.br/enfermagem/wp-content/uploads/sites/4/2024/07/Copia-de-Inicio.mp4">https://saude.ufpr.br/enfermagem/wp-content/uploads/sites/4/2024/07/Copia-de-Inicio.mp4</a></video></div>
<p>&nbsp;</p>

<p>            Espaço da memória – Exposição de fotos 50 anos Celebrando meio século de excelência, o Curso de Enfermagem da Universidade Federal do Paraná (UFPR) disponibiliza um e-book comemorativo (disponível em PDF e em vídeo), marcando o Jubileu de Ouro. Este material digital é uma coletânea de memórias e conquistas, narradas<br /> <a href="https://saude.ufpr.br/enfermagem/espaco-da-memoria-exposicao-de-fotos-50-anos/" class="button success small readmore">Leia mais</a></p>

Espaço da memória – Exposição de fotos 50 anos Celebrando meio século de excelência, o Curso de Enfermagem da Universidade Federal do Paraná (UFPR) disponibiliza um e-book comemorativo (disponível em PDF e em vídeo), marcando o Jubileu de Ouro. Este material digital é uma coletânea de memórias e conquistas, narradas&hellip;
