{"id":7607,"date":"2025-07-23T11:38:48","date_gmt":"2025-07-23T14:38:48","guid":{"rendered":"https:\/\/saude.ufpr.br\/enfermagem\/?page_id=7607"},"modified":"2025-07-27T18:10:58","modified_gmt":"2025-07-27T21:10:58","slug":"recursos-online-fall-tips","status":"publish","type":"page","link":"https:\/\/saude.ufpr.br\/enfermagem\/recursos-online-fall-tips\/","title":{"rendered":"Recursos online"},"content":{"rendered":"<p><a href=\"https:\/\/saude.ufpr.br\/enfermagem\/projeto-fall-tips\/\"><img decoding=\"async\" class=\"alignnone size-thumbnail wp-image-5310\" src=\"https:\/\/saude.ufpr.br\/enfermagem\/wp-content\/uploads\/sites\/4\/2022\/01\/inicial-ativado-908x1024.png\" alt=\"\" width=\"145\" height=\"145\" \/><\/a>\u00a0\u00a0\u00a0\u00a0<a href=\"https:\/\/saude.ufpr.br\/enfermagem\/sobre-o-fall-tips\/\"><img decoding=\"async\" class=\"alignnone size-thumbnail wp-image-5251\" src=\"https:\/\/saude.ufpr.br\/enfermagem\/wp-content\/uploads\/sites\/4\/2022\/01\/sobre-desativado-908x1024.png\" alt=\"\" width=\"145\" height=\"145\" \/><\/a>\u00a0\u00a0\u00a0\u00a0<a href=\"https:\/\/saude.ufpr.br\/enfermagem\/sobre-a-implementacao\/\"><img decoding=\"async\" class=\"alignnone size-thumbnail wp-image-5240\" src=\"https:\/\/saude.ufpr.br\/enfermagem\/wp-content\/uploads\/sites\/4\/2022\/01\/implementacao-desativado-908x1024.png\" alt=\"\" width=\"145\" height=\"145\" \/><\/a>\u00a0\u00a0\u00a0\u00a0<a href=\"https:\/\/saude.ufpr.br\/enfermagem\/sobre-a-equipe-fall-tips\/\"><img loading=\"lazy\" decoding=\"async\" class=\"alignnone size-thumbnail wp-image-5239\" src=\"https:\/\/saude.ufpr.br\/enfermagem\/wp-content\/uploads\/sites\/4\/2022\/01\/equipe-desativado-908x1024.png\" alt=\"\" width=\"145\" height=\"145\" \/><\/a>\u00a0\u00a0\u00a0\u00a0<a href=\"https:\/\/saude.ufpr.br\/enfermagem\/instrumentos-fall-tips\/\"><img loading=\"lazy\" decoding=\"async\" class=\"alignnone size-thumbnail wp-image-5239\" src=\"https:\/\/saude.ufpr.br\/enfermagem\/wp-content\/uploads\/sites\/4\/2022\/05\/instrumentos-desativado-3-908x1024.png\" alt=\"\" width=\"145\" height=\"145\" \/><\/a>\u00a0\u00a0\u00a0\u00a0<a href=\"https:\/\/saude.ufpr.br\/enfermagem\/material-educativo-fall-tips\/\"><img loading=\"lazy\" decoding=\"async\" class=\"alignnone size-thumbnail wp-image-5242\" src=\"https:\/\/saude.ufpr.br\/enfermagem\/wp-content\/uploads\/sites\/4\/2022\/01\/material-desativado-908x1024.png\" alt=\"\" width=\"145\" height=\"145\" \/><\/a>\u00a0\u00a0\u00a0\u00a0<a href=\"https:\/\/saude.ufpr.br\/enfermagem\/producoes-cientificas-fall-tips\/\"><img loading=\"lazy\" decoding=\"async\" class=\"alignnone size-thumbnail wp-image-5243\" src=\"https:\/\/saude.ufpr.br\/enfermagem\/wp-content\/uploads\/sites\/4\/2022\/01\/producao-desativado-908x1024.png\" alt=\"\" width=\"145\" height=\"145\" \/><\/a><a href=\"https:\/\/saude.ufpr.br\/enfermagem\/sugestoes-de-leituras-fall-tips\/\"><img loading=\"lazy\" decoding=\"async\" class=\"alignnone wp-image-7604 \" src=\"https:\/\/saude.ufpr.br\/enfermagem\/wp-content\/uploads\/sites\/4\/2025\/07\/imagem-sugestoes-de-leitura-min-150x150.png\" alt=\"\" width=\"167\" height=\"167\" srcset=\"https:\/\/saude.ufpr.br\/enfermagem\/wp-content\/uploads\/sites\/4\/2025\/07\/imagem-sugestoes-de-leitura-min-150x150.png 150w, https:\/\/saude.ufpr.br\/enfermagem\/wp-content\/uploads\/sites\/4\/2025\/07\/imagem-sugestoes-de-leitura-min-300x300.png 300w, https:\/\/saude.ufpr.br\/enfermagem\/wp-content\/uploads\/sites\/4\/2025\/07\/imagem-sugestoes-de-leitura-min.png 1024w\" sizes=\"(max-width: 167px) 100vw, 167px\" \/><\/a><a href=\"https:\/\/saude.ufpr.br\/enfermagem\/recursos-online-fall-tips\/\"><img loading=\"lazy\" decoding=\"async\" class=\"alignnone wp-image-7602 size-thumbnail\" src=\"https:\/\/saude.ufpr.br\/enfermagem\/wp-content\/uploads\/sites\/4\/2025\/07\/imagem-recursos-online-150x150.png\" alt=\"\" width=\"150\" height=\"150\" srcset=\"https:\/\/saude.ufpr.br\/enfermagem\/wp-content\/uploads\/sites\/4\/2025\/07\/imagem-recursos-online-150x150.png 150w, https:\/\/saude.ufpr.br\/enfermagem\/wp-content\/uploads\/sites\/4\/2025\/07\/imagem-recursos-online-300x300.png 300w, https:\/\/saude.ufpr.br\/enfermagem\/wp-content\/uploads\/sites\/4\/2025\/07\/imagem-recursos-online.png 1024w\" sizes=\"(max-width: 150px) 100vw, 150px\" \/><\/a><\/p>\n<p>Aqui voc\u00ea encontra jogos e outros recursos online sobre o programa.<\/p>\n<h2><strong>Jogo de ca\u00e7a-palavras:<\/strong><\/h2>\n<p><span style=\"font-weight: 400\">Encontre no ca\u00e7a-palavras quais s\u00e3o os <\/span><i><span style=\"font-weight: 400\">stakeholders<\/span><\/i><span style=\"font-weight: 400\"> envolvidos na execu\u00e7\u00e3o e sucesso do programa de preven\u00e7\u00e3o de quedas <\/span><i><span style=\"font-weight: 400\">Fall<\/span><\/i><span style=\"font-weight: 400\"> TIPS Brasil:\u00a0<\/span><\/p>\n<p><span style=\"font-weight: 400\">1- L\u00edder<\/span><\/p>\n<p><span style=\"font-weight: 400\">2- Champion<\/span><\/p>\n<p><span style=\"font-weight: 400\">3- Profissional<\/span><\/p>\n<p><span style=\"font-weight: 400\">4- Paciente\u00a0<\/span><\/p>\n<p><span style=\"font-weight: 400\">5- Acompanhante <\/span><\/p>\n<p><a href=\"https:\/\/saude.ufpr.br\/enfermagem\/wp-content\/uploads\/sites\/4\/2025\/07\/caca-palavras.png\"><img loading=\"lazy\" decoding=\"async\" class=\"wp-image-7633 aligncenter\" src=\"https:\/\/saude.ufpr.br\/enfermagem\/wp-content\/uploads\/sites\/4\/2025\/07\/caca-palavras.png\" alt=\"\" width=\"298\" height=\"283\" \/><\/a><\/p>\n<p>&nbsp;<\/p>\n<p>Clique <a href=\"https:\/\/saude.ufpr.br\/enfermagem\/resposta\/\">aqui<\/a> para ver as respostas<\/p>\n<p>&nbsp;<\/p>\n<h2><strong>Curso Fall TIPS UFPR Aberta (para estudantes):<\/strong><\/h2>\n<p><a href=\"https:\/\/ufpraberta.ufpr.br\/course\/view.php?id=1223#\">clique aqui\u00a0<\/a><\/p>\n<p>&nbsp;<\/p>\n<p>&nbsp;<\/p>\n","protected":false},"excerpt":{"rendered":"<p>\u00a0\u00a0\u00a0\u00a0\u00a0\u00a0\u00a0\u00a0\u00a0\u00a0\u00a0\u00a0\u00a0\u00a0\u00a0\u00a0\u00a0\u00a0\u00a0\u00a0\u00a0\u00a0\u00a0\u00a0 Aqui voc\u00ea encontra jogos e outros recursos online sobre o programa. Jogo de ca\u00e7a-palavras: Encontre no ca\u00e7a-palavras quais s\u00e3o os stakeholders envolvidos na execu\u00e7\u00e3o e sucesso do programa de preven\u00e7\u00e3o de quedas Fall TIPS Brasil:\u00a0 1- L\u00edder 2- Champion 3- Profissional 4- Paciente\u00a0 5- Acompanhante &nbsp; Clique aqui para ver as respostas &nbsp; Curso<br \/> <a href=\"https:\/\/saude.ufpr.br\/enfermagem\/recursos-online-fall-tips\/\" class=\"button success small readmore\">Leia mais<\/a><\/p>\n","protected":false},"author":1675,"featured_media":0,"parent":0,"menu_order":0,"comment_status":"closed","ping_status":"closed","template":"","meta":{"_acf_changed":false,"_uag_custom_page_level_css":"","footnotes":""},"class_list":["post-7607","page","type-page","status-publish","hentry"],"acf":[],"featured_image_src":null,"uagb_featured_image_src":{"full":false,"thumbnail":false,"medium":false,"medium_large":false,"large":false,"1536x1536":false,"2048x2048":false,"noticias-thumb":false,"banners-thumb":false,"maisnoticias-thumb":false,"post-thumbnail":false},"uagb_author_info":{"display_name":"lucianagoncalves","author_link":"https:\/\/saude.ufpr.br\/enfermagem\/author\/lucianagoncalves\/"},"uagb_comment_info":0,"uagb_excerpt":"\u00a0\u00a0\u00a0\u00a0\u00a0\u00a0\u00a0\u00a0\u00a0\u00a0\u00a0\u00a0\u00a0\u00a0\u00a0\u00a0\u00a0\u00a0\u00a0\u00a0\u00a0\u00a0\u00a0\u00a0 Aqui voc\u00ea encontra jogos e outros recursos online sobre o programa. Jogo de ca\u00e7a-palavras: Encontre no ca\u00e7a-palavras quais s\u00e3o os stakeholders envolvidos na execu\u00e7\u00e3o e sucesso do programa de preven\u00e7\u00e3o de quedas Fall TIPS Brasil:\u00a0 1- L\u00edder 2- Champion 3- Profissional 4- Paciente\u00a0 5- Acompanhante &nbsp; Clique aqui para ver as respostas &nbsp; Curso&hellip;","publishpress_future_action":{"enabled":false,"date":"2026-05-02 17:44:08","action":"change-status","newStatus":"draft","terms":[],"taxonomy":"","extraData":[]},"publishpress_future_workflow_manual_trigger":{"enabledWorkflows":[]},"_links":{"self":[{"href":"https:\/\/saude.ufpr.br\/enfermagem\/wp-json\/wp\/v2\/pages\/7607","targetHints":{"allow":["GET"]}}],"collection":[{"href":"https:\/\/saude.ufpr.br\/enfermagem\/wp-json\/wp\/v2\/pages"}],"about":[{"href":"https:\/\/saude.ufpr.br\/enfermagem\/wp-json\/wp\/v2\/types\/page"}],"author":[{"embeddable":true,"href":"https:\/\/saude.ufpr.br\/enfermagem\/wp-json\/wp\/v2\/users\/1675"}],"replies":[{"embeddable":true,"href":"https:\/\/saude.ufpr.br\/enfermagem\/wp-json\/wp\/v2\/comments?post=7607"}],"version-history":[{"count":6,"href":"https:\/\/saude.ufpr.br\/enfermagem\/wp-json\/wp\/v2\/pages\/7607\/revisions"}],"predecessor-version":[{"id":7639,"href":"https:\/\/saude.ufpr.br\/enfermagem\/wp-json\/wp\/v2\/pages\/7607\/revisions\/7639"}],"wp:attachment":[{"href":"https:\/\/saude.ufpr.br\/enfermagem\/wp-json\/wp\/v2\/media?parent=7607"}],"curies":[{"name":"wp","href":"https:\/\/api.w.org\/{rel}","templated":true}]}}