{"id":6,"date":"2016-08-22T19:23:06","date_gmt":"2016-08-22T19:23:06","guid":{"rendered":"https:\/\/saude.ufpr.br\/ensinomedico\/?page_id=6"},"modified":"2017-08-21T17:15:37","modified_gmt":"2017-08-21T17:15:37","slug":"disciplinas","status":"publish","type":"page","link":"https:\/\/saude.ufpr.br\/ensinomedico\/disciplinas\/","title":{"rendered":"Disciplinas"},"content":{"rendered":"<table width=\"591\">\n<tbody>\n<tr>\n<td width=\"373\">\n<h4 style=\"text-align: left\"><span style=\"color: #008000\">Disciplina<\/span><\/h4>\n<\/td>\n<td style=\"text-align: left\" width=\"117\">\n<h4><span style=\"color: #008000\">Carga Hor\u00e1ria<\/span><\/h4>\n<\/td>\n<td width=\"101\">\n<h4 style=\"text-align: left\"><\/h4>\n<\/td>\n<\/tr>\n<tr>\n<td>Diretrizes da Forma\u00e7\u00e3o M\u00e9dica<\/td>\n<td>10<\/td>\n<td><\/td>\n<\/tr>\n<tr>\n<td>\u00c9tica em Ensino<\/td>\n<td>20<\/td>\n<td><\/td>\n<\/tr>\n<tr>\n<td>Metodologia da Pesquisa<\/td>\n<td>90<\/td>\n<td><\/td>\n<\/tr>\n<tr>\n<td>Metodologias Ativas de Ensino e Processos de Avalia\u00e7\u00e3o I<\/td>\n<td>35<\/td>\n<td><\/td>\n<\/tr>\n<tr>\n<td>Reda\u00e7\u00e3o M\u00e9dica<\/td>\n<td>20<\/td>\n<td><\/td>\n<\/tr>\n<tr>\n<td>Avalia\u00e7\u00e3o no Ensino Superior<\/td>\n<td>20<\/td>\n<td><\/td>\n<\/tr>\n<tr>\n<td>Uso dos Recursos Tecnol\u00f3gicos na Educa\u00e7\u00e3o M\u00e9dica<\/td>\n<td>30<\/td>\n<td><\/td>\n<\/tr>\n<tr>\n<td>Metodologias Ativas de Ensino e Processos de Avalia\u00e7\u00e3o II<\/td>\n<td>20<\/td>\n<td><\/td>\n<\/tr>\n<tr>\n<td>Teste do Progresso e Curva de Aprendizado<\/td>\n<td>10<\/td>\n<td><\/td>\n<\/tr>\n<tr>\n<td>Tecnologia Did\u00e1tica e Recursos de Ensino<\/td>\n<td>20<\/td>\n<td><\/td>\n<\/tr>\n<tr>\n<td>Metodologia e Did\u00e1tica do Ensino Superior<\/td>\n<td>30<\/td>\n<td><\/td>\n<\/tr>\n<tr>\n<td>Ensino a Dist\u00e2ncia na \u00c1rea da Sa\u00fade<\/td>\n<td>15<\/td>\n<td><\/td>\n<\/tr>\n<tr>\n<td>Planejamento e Produ\u00e7\u00e3o de Material Did\u00e1tico<\/td>\n<td>30<\/td>\n<td><\/td>\n<\/tr>\n<tr>\n<td>Pr\u00e1tica de Ensino<\/td>\n<td>40<\/td>\n<td><\/td>\n<\/tr>\n<tr>\n<td>Ensino M\u00e9dico Baseado em Simula\u00e7\u00e3o<\/td>\n<td>10<\/td>\n<td><\/td>\n<\/tr>\n<\/tbody>\n<\/table>\n<ul>\n<li>Crit\u00e9rio para obten\u00e7\u00e3o do certificado de Especialista:\u00a0cumprimento de toda a carga hor\u00e1ria, incluindo monografia ou trabalho cient\u00edfico.<\/li>\n<li>Crit\u00e9rio para obten\u00e7\u00e3o do certificado de Aperfei\u00e7oamento:<span style=\"font-size: 16px;line-height: 1.5\">\u00a0cumprimento de, no m\u00ednimo 180 horas, frequentando\u00a0as disciplinas obrigat\u00f3rias.<\/span><\/li>\n<\/ul>\n","protected":false},"excerpt":{"rendered":"<p>Disciplina Carga Hor\u00e1ria Diretrizes da Forma\u00e7\u00e3o M\u00e9dica 10 \u00c9tica em Ensino 20 Metodologia da Pesquisa 90 Metodologias Ativas de Ensino e Processos de Avalia\u00e7\u00e3o I 35 Reda\u00e7\u00e3o M\u00e9dica 20 Avalia\u00e7\u00e3o no Ensino Superior 20 Uso dos Recursos Tecnol\u00f3gicos na Educa\u00e7\u00e3o [&hellip;]<\/p>\n","protected":false},"author":15,"featured_media":0,"parent":0,"menu_order":0,"comment_status":"closed","ping_status":"closed","template":"","meta":{"_acf_changed":false,"_uag_custom_page_level_css":"","footnotes":""},"class_list":["post-6","page","type-page","status-publish","hentry"],"acf":[],"featured_image_src":null,"uagb_featured_image_src":{"full":false,"thumbnail":false,"medium":false,"medium_large":false,"large":false,"1536x1536":false,"2048x2048":false},"uagb_author_info":{"display_name":"Andrea Jankoski","author_link":"https:\/\/saude.ufpr.br\/ensinomedico\/author\/andrea\/"},"uagb_comment_info":0,"uagb_excerpt":"Disciplina Carga Hor\u00e1ria Diretrizes da Forma\u00e7\u00e3o M\u00e9dica 10 \u00c9tica em Ensino 20 Metodologia da Pesquisa 90 Metodologias Ativas de Ensino e Processos de Avalia\u00e7\u00e3o I 35 Reda\u00e7\u00e3o M\u00e9dica 20 Avalia\u00e7\u00e3o no Ensino Superior 20 Uso dos Recursos Tecnol\u00f3gicos na Educa\u00e7\u00e3o [&hellip;]","publishpress_future_action":{"enabled":false,"date":"2026-05-07 11:50:34","action":"change-status","newStatus":"draft","terms":[],"taxonomy":"","extraData":[]},"publishpress_future_workflow_manual_trigger":{"enabledWorkflows":[]},"_links":{"self":[{"href":"https:\/\/saude.ufpr.br\/ensinomedico\/wp-json\/wp\/v2\/pages\/6","targetHints":{"allow":["GET"]}}],"collection":[{"href":"https:\/\/saude.ufpr.br\/ensinomedico\/wp-json\/wp\/v2\/pages"}],"about":[{"href":"https:\/\/saude.ufpr.br\/ensinomedico\/wp-json\/wp\/v2\/types\/page"}],"author":[{"embeddable":true,"href":"https:\/\/saude.ufpr.br\/ensinomedico\/wp-json\/wp\/v2\/users\/15"}],"replies":[{"embeddable":true,"href":"https:\/\/saude.ufpr.br\/ensinomedico\/wp-json\/wp\/v2\/comments?post=6"}],"version-history":[{"count":8,"href":"https:\/\/saude.ufpr.br\/ensinomedico\/wp-json\/wp\/v2\/pages\/6\/revisions"}],"predecessor-version":[{"id":166,"href":"https:\/\/saude.ufpr.br\/ensinomedico\/wp-json\/wp\/v2\/pages\/6\/revisions\/166"}],"wp:attachment":[{"href":"https:\/\/saude.ufpr.br\/ensinomedico\/wp-json\/wp\/v2\/media?parent=6"}],"curies":[{"name":"wp","href":"https:\/\/api.w.org\/{rel}","templated":true}]}}

<table width="591">
<tbody>
<tr>
<td width="373">
<h4 style="text-align: left"><span style="color: #008000">Disciplina</span></h4>
</td>
<td style="text-align: left" width="117">
<h4><span style="color: #008000">Carga Horária</span></h4>
</td>
<td width="101">
<h4 style="text-align: left"></h4>
</td>
</tr>
<tr>
<td>Diretrizes da Formação Médica</td>
<td>10</td>
<td></td>
</tr>
<tr>
<td>Ética em Ensino</td>
<td>20</td>
<td></td>
</tr>
<tr>
<td>Metodologia da Pesquisa</td>
<td>90</td>
<td></td>
</tr>
<tr>
<td>Metodologias Ativas de Ensino e Processos de Avaliação I</td>
<td>35</td>
<td></td>
</tr>
<tr>
<td>Redação Médica</td>
<td>20</td>
<td></td>
</tr>
<tr>
<td>Avaliação no Ensino Superior</td>
<td>20</td>
<td></td>
</tr>
<tr>
<td>Uso dos Recursos Tecnológicos na Educação Médica</td>
<td>30</td>
<td></td>
</tr>
<tr>
<td>Metodologias Ativas de Ensino e Processos de Avaliação II</td>
<td>20</td>
<td></td>
</tr>
<tr>
<td>Teste do Progresso e Curva de Aprendizado</td>
<td>10</td>
<td></td>
</tr>
<tr>
<td>Tecnologia Didática e Recursos de Ensino</td>
<td>20</td>
<td></td>
</tr>
<tr>
<td>Metodologia e Didática do Ensino Superior</td>
<td>30</td>
<td></td>
</tr>
<tr>
<td>Ensino a Distância na Área da Saúde</td>
<td>15</td>
<td></td>
</tr>
<tr>
<td>Planejamento e Produção de Material Didático</td>
<td>30</td>
<td></td>
</tr>
<tr>
<td>Prática de Ensino</td>
<td>40</td>
<td></td>
</tr>
<tr>
<td>Ensino Médico Baseado em Simulação</td>
<td>10</td>
<td></td>
</tr>
</tbody>
</table>
<ul>
<li>Critério para obtenção do certificado de Especialista: cumprimento de toda a carga horária, incluindo monografia ou trabalho científico.</li>
<li>Critério para obtenção do certificado de Aperfeiçoamento:<span style="font-size: 16px;line-height: 1.5"> cumprimento de, no mínimo 180 horas, frequentando as disciplinas obrigatórias.</span></li>
</ul>

<p>Disciplina Carga Horária Diretrizes da Formação Médica 10 Ética em Ensino 20 Metodologia da Pesquisa 90 Metodologias Ativas de Ensino e Processos de Avaliação I 35 Redação Médica 20 Avaliação no Ensino Superior 20 Uso dos Recursos Tecnológicos na Educação [&hellip;]</p>

Disciplina Carga Horária Diretrizes da Formação Médica 10 Ética em Ensino 20 Metodologia da Pesquisa 90 Metodologias Ativas de Ensino e Processos de Avaliação I 35 Redação Médica 20 Avaliação no Ensino Superior 20 Uso dos Recursos Tecnológicos na Educação [&hellip;]
