{"id":1059,"date":"2018-02-21T20:06:52","date_gmt":"2018-02-21T20:06:52","guid":{"rendered":"https:\/\/saude.ufpr.br\/periciasmedicas\/?page_id=1059"},"modified":"2018-08-22T17:02:54","modified_gmt":"2018-08-22T17:02:54","slug":"cronograma","status":"publish","type":"page","link":"https:\/\/saude.ufpr.br\/epmufpr\/cronograma\/","title":{"rendered":"Cronograma"},"content":{"rendered":"<p><strong>1\u00ba SEMESTRE 2018<\/strong><\/p>\n<table width=\"586\">\n<tbody>\n<tr>\n<td width=\"66\"><strong>Data<\/strong><\/td>\n<td width=\"85\"><strong>Hor\u00e1rio<\/strong><\/td>\n<td width=\"435\"><strong>Disciplina<\/strong><\/td>\n<\/tr>\n<tr>\n<td width=\"66\"><strong>02 mar<\/strong><\/td>\n<td width=\"85\">19:00\/22:30<\/td>\n<td width=\"435\">Abertura \u2013 Palestra Campo de Atua\u00e7\u00e3o M\u00e9dico-Pericial<\/td>\n<\/tr>\n<tr>\n<td width=\"66\"><strong>03 mar<\/strong><\/td>\n<td width=\"85\">08:30\/12:00<\/td>\n<td width=\"435\">Conceitos e Fundamentos em Per\u00edcia M\u00e9dica, Atribui\u00e7\u00f5es, Mercado de Trabalho, Honor\u00e1rios.<\/td>\n<\/tr>\n<tr>\n<td width=\"66\"><strong>03 mar<\/strong><\/td>\n<td width=\"85\">14:00\/18:00<\/td>\n<td width=\"435\">Legisla\u00e7\u00e3o e Per\u00edcia: Poderes, Deveres e \u00d4nus dos Peritos, Impedimento e Suspei\u00e7\u00e3o.<\/td>\n<\/tr>\n<tr>\n<td width=\"66\"><strong>16 mar<\/strong><\/td>\n<td width=\"85\">19:00\/22:30<\/td>\n<td width=\"435\">Responsabilidade Civil, Penal e Administrativa do M\u00e9dico Perito,<\/td>\n<\/tr>\n<tr>\n<td width=\"66\"><strong>17 mar<\/strong><\/td>\n<td width=\"85\">08:30\/18:00<\/td>\n<td width=\"435\">Responsabilidade Civil, Penal e Administrativa do M\u00e9dico Perito,<\/td>\n<\/tr>\n<tr>\n<td width=\"66\"><strong>13 abr<\/strong><\/td>\n<td width=\"85\">19:00\/22:30<\/td>\n<td width=\"435\">Assistente T\u00e9cnico, conceito, atividades e fundamento Jur\u00eddico, Formula\u00e7\u00e3o dos Quesitos,<\/td>\n<\/tr>\n<tr>\n<td width=\"66\"><strong>14 abr<\/strong><\/td>\n<td width=\"85\">08:30\/18:00<\/td>\n<td width=\"435\">Assistente T\u00e9cnico, conceito, atividades e fundamento Jur\u00eddico, Formula\u00e7\u00e3o dos Quesitos<\/td>\n<\/tr>\n<tr>\n<td width=\"66\"><strong>27 abr<\/strong><\/td>\n<td width=\"85\">19:00\/22:30<\/td>\n<td width=\"435\">Deontologia em per\u00edcia m\u00e9dica, C\u00f3digo de \u00c9tica Medica, Erro M\u00e9dico<\/td>\n<\/tr>\n<tr>\n<td width=\"66\"><strong>28 abr<\/strong><\/td>\n<td width=\"85\">08:30\/18:00<\/td>\n<td width=\"435\">Deontologia em per\u00edcia m\u00e9dica, C\u00f3digo de \u00c9tica Medica, Erro M\u00e9dico<\/td>\n<\/tr>\n<tr>\n<td width=\"66\"><strong>11 mai<\/strong><\/td>\n<td width=\"85\">19:00\/22:30<\/td>\n<td width=\"435\">Per\u00edcia Administrativa (servidores p\u00fablicos)<\/td>\n<\/tr>\n<tr>\n<td width=\"66\"><strong>12 mai<\/strong><\/td>\n<td width=\"85\">08:30\/18:00<\/td>\n<td width=\"435\">Per\u00edcia Administrativa (servidores p\u00fablicos)<\/td>\n<\/tr>\n<tr>\n<td width=\"66\"><strong>25 mai<\/strong><\/td>\n<td width=\"85\">19:00\/22:30<\/td>\n<td width=\"435\">Suspensa \u2013 Paralisa\u00e7\u00e3o dos caminhoneiros<\/td>\n<\/tr>\n<tr>\n<td width=\"66\"><strong>26 mai<\/strong><\/td>\n<td width=\"85\">08:30\/18:00<\/td>\n<td width=\"435\">Suspensa \u2013 Paralisa\u00e7\u00e3o dos caminhoneiros<\/td>\n<\/tr>\n<tr>\n<td width=\"66\"><strong>08 jun<\/strong><\/td>\n<td width=\"85\">19:00\/22:30<\/td>\n<td width=\"435\">Metodologia Cient\u00edfica<\/td>\n<\/tr>\n<tr>\n<td width=\"66\"><strong>09 jun<\/strong><\/td>\n<td width=\"85\">08:30\/18:00<\/td>\n<td width=\"435\">Metodologia Cient\u00edfica<\/td>\n<\/tr>\n<tr>\n<td width=\"66\"><strong>22 jun<\/strong><\/td>\n<td width=\"85\">19:00\/22:30<\/td>\n<td width=\"435\">Per\u00edcia trabalhista<\/td>\n<\/tr>\n<tr>\n<td width=\"66\"><strong>23 jun<\/strong><\/td>\n<td width=\"85\">08:30\/18:00<\/td>\n<td width=\"435\">Per\u00edcia trabalhista<\/td>\n<\/tr>\n<tr>\n<td width=\"66\"><strong>06 jul<\/strong><\/td>\n<td width=\"85\">19:00\/22:30<\/td>\n<td width=\"435\">Per\u00edcia em medicina de tr\u00e1fego<\/td>\n<\/tr>\n<tr>\n<td width=\"66\"><strong>07 jul <\/strong><\/td>\n<td width=\"85\">08:30\/18:00<\/td>\n<td width=\"435\">Per\u00edcia Securit\u00e1ria<\/td>\n<\/tr>\n<\/tbody>\n<\/table>\n<p><strong>\u00a0<\/strong><\/p>\n<p><strong>2\u00ba SEMESTRE 2018<\/strong><\/p>\n<table width=\"586\">\n<tbody>\n<tr>\n<td width=\"66\"><strong>3 ago<\/strong><\/td>\n<td width=\"85\">19:00\/22:30<\/td>\n<td width=\"435\">Per\u00edcia m\u00e9dico legal<\/td>\n<\/tr>\n<tr>\n<td width=\"66\"><strong>4 ago<\/strong><\/td>\n<td width=\"85\">08:30\/18:00<\/td>\n<td width=\"435\">Evento Pericias APAMT<\/td>\n<\/tr>\n<tr>\n<td width=\"66\"><strong>17 ago<\/strong><\/td>\n<td width=\"85\">19:00\/22:30<\/td>\n<td width=\"435\">Per\u00edcia m\u00e9dico legal<\/td>\n<\/tr>\n<tr>\n<td width=\"66\"><strong>18 ago<\/strong><\/td>\n<td width=\"85\">08:30\/18:00<\/td>\n<td width=\"435\">Per\u00edcia m\u00e9dico legal<\/td>\n<\/tr>\n<tr>\n<td width=\"66\"><strong>31 ago<\/strong><\/td>\n<td width=\"85\">19:00\/22:30<\/td>\n<td width=\"435\">Per\u00edcia Previdenci\u00e1ria (INSS)<\/td>\n<\/tr>\n<tr>\n<td width=\"66\"><strong>01 set<\/strong><\/td>\n<td width=\"85\">08:30\/18:00<\/td>\n<td width=\"435\">Per\u00edcia Previdenci\u00e1ria (INSS)<\/td>\n<\/tr>\n<tr>\n<td width=\"66\"><strong>14 set<\/strong><\/td>\n<td width=\"85\">19:00\/22:30<\/td>\n<td width=\"435\">Metodologia Cient\u00edfica: Apresenta\u00e7\u00e3o do Projeto de Pesquisa<\/td>\n<\/tr>\n<tr>\n<td width=\"66\"><strong>15 set<\/strong><\/td>\n<td width=\"85\">08:30\/18:00<\/td>\n<td width=\"435\">Metodologia Cient\u00edfica: Apresenta\u00e7\u00e3o do Projeto de Pesquisa<\/td>\n<\/tr>\n<tr>\n<td width=\"66\"><strong>21 set<\/strong><\/td>\n<td width=\"85\">19:00\/22:30<\/td>\n<td width=\"435\">Higiene do Trabalho: conceitos, t\u00e9cnicas, metodologias.\u00a0 Riscos Ocupacionais: f\u00edsicos, qu\u00edmicos e biol\u00f3gicos. PPRA (NR-9), EPI (NR-6). Periculosidade e Insalubridade (NR 15)<\/td>\n<\/tr>\n<tr>\n<td width=\"66\"><strong>22 set<\/strong><\/td>\n<td width=\"85\">08:30\/18:00<\/td>\n<td width=\"435\">Higiene do Trabalho: conceitos, t\u00e9cnicas, metodologias.\u00a0 Riscos Ocupacionais: f\u00edsicos, qu\u00edmicos e biol\u00f3gicos. PPRA (NR-9), EPI (NR-6). Periculosidade e Insalubridade (NR 15)<\/td>\n<\/tr>\n<tr>\n<td width=\"66\"><strong>05\/10<\/strong><\/td>\n<td width=\"85\">19:00\/22:30<\/td>\n<td width=\"435\">Normas Regulamentadoras (\u00eanfase em alguns aspectos, principalmente das NRs: 1, 2, 3, 5, 8, 10, 12, 18, 24, 31, 33, 35, 36).<\/td>\n<\/tr>\n<tr>\n<td width=\"66\"><strong>06\/10<\/strong><\/td>\n<td width=\"85\">08:30\/18:00<\/td>\n<td width=\"435\">Normas Regulamentadoras (\u00eanfase em alguns aspectos, principalmente das NRs: 1, 2, 3, 5, 8, 10, 12, 18, 24, 31, 33, 35, 36).<\/td>\n<\/tr>\n<tr>\n<td width=\"66\"><strong>19\/10<\/strong><\/td>\n<td width=\"85\">19:00\/22:30<\/td>\n<td width=\"435\">Per\u00edcia na Exposi\u00e7\u00e3o Ocupacional aos Agentes Biol\u00f3gicos (NR32)<\/td>\n<\/tr>\n<tr>\n<td width=\"66\"><strong>20\/10<\/strong><\/td>\n<td width=\"85\">08:30\/18:00<\/td>\n<td width=\"435\">Per\u00edcia na Exposi\u00e7\u00e3o Ocupacional aos Agentes Qu\u00edmicos<\/td>\n<\/tr>\n<tr>\n<td width=\"66\"><strong>09\/11<\/strong><\/td>\n<td width=\"85\">19:00\/22:30<\/td>\n<td width=\"435\">Per\u00edcia na Exposi\u00e7\u00e3o Ocupacional aos Agentes F\u00edsicos (NR9)<\/td>\n<\/tr>\n<tr>\n<td width=\"66\"><strong>10\/11<\/strong><\/td>\n<td width=\"85\">08:30\/18:00<\/td>\n<td width=\"435\">Per\u00edcia na Exposi\u00e7\u00e3o Ocupacional aos Agentes Ergon\u00f4micos (NR17)<\/td>\n<\/tr>\n<tr>\n<td width=\"66\"><strong>\u00a0\u00a0\u00a0 23\/11<\/strong><\/td>\n<td width=\"85\">19:00\/22:30<\/td>\n<td width=\"435\">Per\u00edcia m\u00e9dico legal<\/td>\n<\/tr>\n<tr>\n<td width=\"66\"><strong>24\/11<\/strong><\/td>\n<td width=\"85\">08:30\/18:00<\/td>\n<td width=\"435\">Per\u00edcia m\u00e9dico legal no IML de Curitiba<\/td>\n<\/tr>\n<tr>\n<td width=\"66\"><strong>07\/12<\/strong><\/td>\n<td width=\"85\">19:00\/22:30<\/td>\n<td width=\"435\">Acidente de Trabalho &#8211; Doen\u00e7as Ocupacionais: Conceitos, Classifica\u00e7\u00e3o de Schilling, Nexo Causal.<\/td>\n<\/tr>\n<tr>\n<td width=\"66\"><strong>08\/12<\/strong><\/td>\n<td width=\"85\">08:30\/18:00<\/td>\n<td width=\"435\">Programa de Controle M\u00e9dico e Sa\u00fade Ocupacional &#8211; PCMSO (NR7)<\/td>\n<\/tr>\n<\/tbody>\n<\/table>\n<p><strong>\u00a0<\/strong><\/p>\n<p><strong>1\u00ba SEMESTRE <\/strong><strong>\u00a02019<\/strong><\/p>\n<table width=\"586\">\n<tbody>\n<tr>\n<td width=\"66\"><strong>08\/02<\/strong><\/td>\n<td width=\"85\">19:00\/22:30<\/td>\n<td width=\"435\">Per\u00edcia Psiqui\u00e1trica: Principais S\u00edndromes Cl\u00ednicas, Semiologia Psiqui\u00e1trica, Nexo Causal, Simula\u00e7\u00e3o, Aliena\u00e7\u00e3o Mental<\/td>\n<\/tr>\n<tr>\n<td width=\"66\"><strong>09\/02<\/strong><\/td>\n<td width=\"85\">08:30\/18:00<\/td>\n<td width=\"435\">Per\u00edcia Psiqui\u00e1trica: Principais S\u00edndromes Cl\u00ednicas, Semiologia Psiqui\u00e1trica, Nexo Causal, Simula\u00e7\u00e3o, Aliena\u00e7\u00e3o Mental<\/td>\n<\/tr>\n<tr>\n<td width=\"66\"><strong>22\/02<\/strong><\/td>\n<td width=\"85\">19:00\/22:30<\/td>\n<td width=\"435\">Per\u00edcia em Ortopedia: DORT, Semiologia Ortop\u00e9dica, Patologias da Coluna Vertebral, S\u00edndrome do Ombro Doloroso, Exames de Imagem Ortopedia, Espondilite\u00a0 Anquilosante, Doen\u00e7a de Paget<\/td>\n<\/tr>\n<tr>\n<td width=\"66\"><strong>23\/02<\/strong><\/td>\n<td width=\"85\">08:30\/18:00<\/td>\n<td width=\"435\">Per\u00edcia em Ortopedia: DORT, Semiologia Ortop\u00e9dica, Patologias da Coluna Vertebral, S\u00edndrome do Ombro Doloroso, Exames de Imagem Ortopedia, Espondilite\u00a0 Anquilosante, Doen\u00e7a de Paget<\/td>\n<\/tr>\n<tr>\n<td width=\"66\"><strong>15\/03<\/strong><\/td>\n<td width=\"85\">19:00\/22:30<\/td>\n<td width=\"435\">Per\u00edcia em Neurologia: Semiologia Neurol\u00f3gica, Patologias Neurol\u00f3gicas, Eletroneuromiografia, Doen\u00e7a de Parkinson, Esclerose M\u00faltipla, Esclerose Lateral Amiotr\u00f3fica, Polineuropatia, Paralisia Irrevers\u00edvel e Incapacitante<\/td>\n<\/tr>\n<tr>\n<td width=\"66\"><strong>16\/03<\/strong><\/td>\n<td width=\"85\">08:30\/18:00<\/td>\n<td width=\"435\">Per\u00edcia em Dermatologia: Dermatoses Ocupacionais<\/td>\n<\/tr>\n<tr>\n<td width=\"66\"><strong>29\/03<\/strong><\/td>\n<td width=\"85\">19:00\/22:30<\/td>\n<td width=\"435\">Per\u00edcia em Hepatologia: Cirrose Hep\u00e1tica, Classifica\u00e7\u00e3o de Child e MELD<\/td>\n<\/tr>\n<tr>\n<td width=\"66\"><strong>30\/03<\/strong><\/td>\n<td width=\"85\">08:30\/12:00<\/td>\n<td width=\"435\">Per\u00edcia em Nefrologia: Nefropatia Grave, Di\u00e1lise<\/td>\n<\/tr>\n<tr>\n<td width=\"66\"><strong>30\/03<\/strong><\/td>\n<td width=\"85\">14:00\/18:00<\/td>\n<td width=\"435\">Per\u00edcia em Doen\u00e7as Infectocontagiosas: SIDA<\/td>\n<\/tr>\n<tr>\n<td width=\"66\"><strong>12\/04<\/strong><\/td>\n<td width=\"85\">19:00\/22:30<\/td>\n<td width=\"435\">Per\u00edcia em Cardiologia: Patologias Cardiovasculares, Cardiopatia Grave.<\/td>\n<\/tr>\n<tr>\n<td width=\"66\"><strong>13\/04<\/strong><\/td>\n<td width=\"85\">08:30\/12:00<\/td>\n<td width=\"435\">Per\u00edcia em Oftalmologia: Cegueira, Patologias Oftalmol\u00f3gicas, Campimetria<\/td>\n<\/tr>\n<tr>\n<td width=\"66\"><strong>13\/04<\/strong><\/td>\n<td width=\"85\">14:00\/18:00<\/td>\n<td width=\"435\">Per\u00edcia em Otorrinolaringologia: Audiometria, Patologias Auditivas, PAIR, Surdez, Voz Profissional<\/td>\n<\/tr>\n<tr>\n<td width=\"66\"><strong>26\/04<\/strong><\/td>\n<td width=\"85\">19:00\/22:30<\/td>\n<td width=\"435\">Avalia\u00e7\u00e3o do dano corporal<\/td>\n<\/tr>\n<tr>\n<td width=\"66\"><strong>27\/04<\/strong><\/td>\n<td width=\"85\">08:30\/18:00<\/td>\n<td width=\"435\">Avalia\u00e7\u00e3o do dano corporal<\/td>\n<\/tr>\n<tr>\n<td width=\"66\"><strong>10\/05<\/strong><\/td>\n<td width=\"85\">19:00\/22:30<\/td>\n<td width=\"435\">Formula\u00e7\u00e3o dos Quesitos, Elabora\u00e7\u00e3o de Pareceres e Laudos Complementares<\/td>\n<\/tr>\n<tr>\n<td width=\"66\"><strong>11\/05<\/strong><\/td>\n<td width=\"85\">08:30\/18:00<\/td>\n<td width=\"435\">Formula\u00e7\u00e3o dos Quesitos, Elabora\u00e7\u00e3o de Pareceres e Laudos Complementares<\/td>\n<\/tr>\n<tr>\n<td width=\"66\"><strong>24\/05<\/strong><\/td>\n<td width=\"85\">19:00\/22:30<\/td>\n<td width=\"435\">Formula\u00e7\u00e3o dos Quesitos, Elabora\u00e7\u00e3o de Pareceres e Laudos Complementares<\/td>\n<\/tr>\n<tr>\n<td width=\"66\"><strong>25\/05<\/strong><\/td>\n<td width=\"85\">08:30\/18:00<\/td>\n<td width=\"435\">Formula\u00e7\u00e3o dos Quesitos, Elabora\u00e7\u00e3o de Pareceres e Laudos Complementares<\/td>\n<\/tr>\n<tr>\n<td width=\"66\"><strong>07\/06<\/strong><\/td>\n<td width=\"85\">19:00\/22:30<\/td>\n<td width=\"435\">Metodologia Cient\u00edfica<\/td>\n<\/tr>\n<tr>\n<td width=\"66\"><strong>08\/06<\/strong><\/td>\n<td width=\"85\">08:30\/18:00<\/td>\n<td width=\"435\">Metodologia Cient\u00edfica<\/td>\n<\/tr>\n<tr>\n<td width=\"66\"><strong>28\/06<\/strong><\/td>\n<td width=\"85\">19:00\/22:30<\/td>\n<td width=\"435\">Semin\u00e1rio com Apresenta\u00e7\u00e3o dos Artigos Cient\u00edficos<\/td>\n<\/tr>\n<tr>\n<td width=\"66\"><strong>29\/06<\/strong><\/td>\n<td width=\"85\">08:30\/18:00<\/td>\n<td width=\"435\">Semin\u00e1rio com Apresenta\u00e7\u00e3o dos Artigos Cient\u00edficos<\/td>\n<\/tr>\n<\/tbody>\n<\/table>\n<p>&nbsp;<\/p>\n","protected":false},"excerpt":{"rendered":"<p>1\u00ba SEMESTRE 2018 Data Hor\u00e1rio Disciplina 02 mar 19:00\/22:30 Abertura \u2013 Palestra Campo de Atua\u00e7\u00e3o M\u00e9dico-Pericial 03 mar 08:30\/12:00 Conceitos e Fundamentos em Per\u00edcia M\u00e9dica, Atribui\u00e7\u00f5es, Mercado de Trabalho, Honor\u00e1rios. 03 mar 14:00\/18:00 Legisla\u00e7\u00e3o e Per\u00edcia: Poderes, Deveres e \u00d4nus dos Peritos, Impedimento e Suspei\u00e7\u00e3o. 16 mar 19:00\/22:30 Responsabilidade Civil, Penal e Administrativa do M\u00e9dico<br \/> <a href=\"https:\/\/saude.ufpr.br\/epmufpr\/cronograma\/\" class=\"button success small readmore\">Leia mais<\/a><\/p>\n","protected":false},"author":15,"featured_media":0,"parent":0,"menu_order":0,"comment_status":"closed","ping_status":"closed","template":"","meta":{"_acf_changed":false,"_uag_custom_page_level_css":"","footnotes":""},"class_list":["post-1059","page","type-page","status-publish","hentry"],"acf":[],"featured_image_src":null,"uagb_featured_image_src":{"full":false,"thumbnail":false,"medium":false,"medium_large":false,"large":false,"1536x1536":false,"2048x2048":false,"noticias-thumb":false,"banners-thumb":false,"maisnoticias-thumb":false,"post-thumbnail":false},"uagb_author_info":{"display_name":"Andrea Jankoski","author_link":"https:\/\/saude.ufpr.br\/epmufpr\/author\/andrea\/"},"uagb_comment_info":0,"uagb_excerpt":"1\u00ba SEMESTRE 2018 Data Hor\u00e1rio Disciplina 02 mar 19:00\/22:30 Abertura \u2013 Palestra Campo de Atua\u00e7\u00e3o M\u00e9dico-Pericial 03 mar 08:30\/12:00 Conceitos e Fundamentos em Per\u00edcia M\u00e9dica, Atribui\u00e7\u00f5es, Mercado de Trabalho, Honor\u00e1rios. 03 mar 14:00\/18:00 Legisla\u00e7\u00e3o e Per\u00edcia: Poderes, Deveres e \u00d4nus dos Peritos, Impedimento e Suspei\u00e7\u00e3o. 16 mar 19:00\/22:30 Responsabilidade Civil, Penal e Administrativa do M\u00e9dico&hellip;","publishpress_future_action":{"enabled":false,"date":"2026-05-02 16:32:25","action":"change-status","newStatus":"draft","terms":[],"taxonomy":"","extraData":[]},"publishpress_future_workflow_manual_trigger":{"enabledWorkflows":[]},"_links":{"self":[{"href":"https:\/\/saude.ufpr.br\/epmufpr\/wp-json\/wp\/v2\/pages\/1059","targetHints":{"allow":["GET"]}}],"collection":[{"href":"https:\/\/saude.ufpr.br\/epmufpr\/wp-json\/wp\/v2\/pages"}],"about":[{"href":"https:\/\/saude.ufpr.br\/epmufpr\/wp-json\/wp\/v2\/types\/page"}],"author":[{"embeddable":true,"href":"https:\/\/saude.ufpr.br\/epmufpr\/wp-json\/wp\/v2\/users\/15"}],"replies":[{"embeddable":true,"href":"https:\/\/saude.ufpr.br\/epmufpr\/wp-json\/wp\/v2\/comments?post=1059"}],"version-history":[{"count":3,"href":"https:\/\/saude.ufpr.br\/epmufpr\/wp-json\/wp\/v2\/pages\/1059\/revisions"}],"predecessor-version":[{"id":1250,"href":"https:\/\/saude.ufpr.br\/epmufpr\/wp-json\/wp\/v2\/pages\/1059\/revisions\/1250"}],"wp:attachment":[{"href":"https:\/\/saude.ufpr.br\/epmufpr\/wp-json\/wp\/v2\/media?parent=1059"}],"curies":[{"name":"wp","href":"https:\/\/api.w.org\/{rel}","templated":true}]}}