{"id":3014,"date":"2024-12-06T09:14:03","date_gmt":"2024-12-06T12:14:03","guid":{"rendered":"https:\/\/saude.ufpr.br\/epmufpr\/?page_id=3014"},"modified":"2025-07-22T14:27:05","modified_gmt":"2025-07-22T17:27:05","slug":"prova-de-titulo","status":"publish","type":"page","link":"https:\/\/saude.ufpr.br\/epmufpr\/prova-de-titulo\/","title":{"rendered":"Prova de T\u00edtulo"},"content":{"rendered":"<p><img fetchpriority=\"high\" decoding=\"async\" class=\"size-full wp-image-3096 aligncenter\" src=\"https:\/\/saude.ufpr.br\/epmufpr\/wp-content\/uploads\/sites\/42\/2025\/07\/imagem.jpeg\" alt=\"\" width=\"800\" height=\"450\" srcset=\"https:\/\/saude.ufpr.br\/epmufpr\/wp-content\/uploads\/sites\/42\/2025\/07\/imagem.jpeg 800w, https:\/\/saude.ufpr.br\/epmufpr\/wp-content\/uploads\/sites\/42\/2025\/07\/imagem-300x169.jpeg 300w, https:\/\/saude.ufpr.br\/epmufpr\/wp-content\/uploads\/sites\/42\/2025\/07\/imagem-768x432.jpeg 768w, https:\/\/saude.ufpr.br\/epmufpr\/wp-content\/uploads\/sites\/42\/2025\/07\/imagem-580x326.jpeg 580w, https:\/\/saude.ufpr.br\/epmufpr\/wp-content\/uploads\/sites\/42\/2025\/07\/imagem-160x90.jpeg 160w\" sizes=\"(max-width: 800px) 100vw, 800px\" \/><\/p>\n<p>&nbsp;<\/p>\n<h4 style=\"text-align: center;\"><strong>CURSO PREPARAT\u00d3RIO E ATUALIZA\u00c7\u00c3O MEDICINA LEGAL E PER\u00cdCIAS M\u00c9DICAS<\/strong><\/h4>\n<h4 style=\"text-align: center;\"><strong> PROVA DE T\u00cdTULO DE ESPECIALISTA 2025<\/strong><\/h4>\n<p>Organizado pela P\u00f3s-Gradua\u00e7\u00e3o em Per\u00edcias M\u00e9dicas da Universidade Federal do Paran\u00e1 (UFPR), curso on-line, desenvolvido especialmente para m\u00e9dicos que ir\u00e3o prestar a Prova de T\u00edtulo de Especialista em Medicina Legal e Per\u00edcias M\u00e9dicas \u2013 edi\u00e7\u00e3o 2025.<\/p>\n<p>&nbsp;<\/p>\n<p>&#x1f4da; O que voc\u00ea vai encontrar no curso:<br \/>\n&#x2714; Aulas gravadas com carga hor\u00e1ria robusta e abordagem did\u00e1tica<br \/>\n&#x2714; Conte\u00fado atualizado conforme as diretrizes e resolu\u00e7\u00f5es mais recentes da \u00e1rea<br \/>\n&#x2714; Apostila exclusiva com quest\u00f5es comentadas das provas de 2022, 2023 e 2024<br \/>\n&#x2714; Material complementar, infogr\u00e1ficos e recursos de revis\u00e3o para facilitar o estudo<br \/>\n&#x2714; Suporte direto via WhatsApp, com esclarecimento de d\u00favidas e orienta\u00e7\u00f5es personalizadas<br \/>\n&#x2714; Organizado em 9 m\u00f3dulos: Criminal, C\u00edvel, Trabalhista, Previdenci\u00e1ria, Administrativa, Securit\u00e1ria; Laudo M\u00e9dico-Pericial; Tabelas (baremas) de Dano Corporal; \u00c9tica e Resolu\u00e7\u00f5es do CFM.<\/p>\n<p>Nosso objetivo \u00e9 oferecer um curso completo, atualizado e direcionado, com foco na aprova\u00e7\u00e3o com seguran\u00e7a e conte\u00fado de excel\u00eancia.<\/p>\n<p>&#x1f517; Saiba mais: <a id=\"menurod\" class=\"fui-Link ___1q1shib f2hkw1w f3rmtva f1ewtqcl fyind8e f1k6fduh f1w7gpdv fk6fouc fjoy568 figsok6 f1s184ao f1mk8lai fnbmjn9 f1o700av f13mvf36 f1cmlufx f9n3di6 f1ids18y f1tx3yz7 f1deo86v f1eh06m1 f1iescvh fhgqx19 f1olyrje f1p93eir f1nev41a f1h8hb77 f1lqvz6u f10aw75t fsle3fq f17ae5zn\" title=\"https:\/\/preparatoriomlpm.com\/\" href=\"https:\/\/preparatoriomlpm.com\/\" target=\"_blank\" rel=\"noreferrer noopener\" aria-label=\"Link preparatoriomlpm.com\">preparatoriomlpm.com<\/a><\/p>\n<p>WhatsApp: (41) 99898 9615<br \/>\nE-mail: periciaufpr@gmail.com<\/p>\n","protected":false},"excerpt":{"rendered":"<p>&nbsp; CURSO PREPARAT\u00d3RIO E ATUALIZA\u00c7\u00c3O MEDICINA LEGAL E PER\u00cdCIAS M\u00c9DICAS PROVA DE T\u00cdTULO DE ESPECIALISTA 2025 Organizado pela P\u00f3s-Gradua\u00e7\u00e3o em Per\u00edcias M\u00e9dicas da Universidade Federal do Paran\u00e1 (UFPR), curso on-line, desenvolvido especialmente para m\u00e9dicos que ir\u00e3o prestar a Prova de T\u00edtulo de Especialista em Medicina Legal e Per\u00edcias M\u00e9dicas \u2013 edi\u00e7\u00e3o 2025. &nbsp; &#x1f4da; O<br \/> <a href=\"https:\/\/saude.ufpr.br\/epmufpr\/prova-de-titulo\/\" class=\"button success small readmore\">Leia mais<\/a><\/p>\n","protected":false},"author":15,"featured_media":0,"parent":0,"menu_order":0,"comment_status":"closed","ping_status":"closed","template":"","meta":{"_acf_changed":false,"_uag_custom_page_level_css":"","footnotes":""},"class_list":["post-3014","page","type-page","status-publish","hentry"],"acf":[],"featured_image_src":null,"uagb_featured_image_src":{"full":false,"thumbnail":false,"medium":false,"medium_large":false,"large":false,"1536x1536":false,"2048x2048":false,"noticias-thumb":false,"banners-thumb":false,"maisnoticias-thumb":false,"post-thumbnail":false},"uagb_author_info":{"display_name":"Andrea Jankoski","author_link":"https:\/\/saude.ufpr.br\/epmufpr\/author\/andrea\/"},"uagb_comment_info":0,"uagb_excerpt":"&nbsp; CURSO PREPARAT\u00d3RIO E ATUALIZA\u00c7\u00c3O MEDICINA LEGAL E PER\u00cdCIAS M\u00c9DICAS PROVA DE T\u00cdTULO DE ESPECIALISTA 2025 Organizado pela P\u00f3s-Gradua\u00e7\u00e3o em Per\u00edcias M\u00e9dicas da Universidade Federal do Paran\u00e1 (UFPR), curso on-line, desenvolvido especialmente para m\u00e9dicos que ir\u00e3o prestar a Prova de T\u00edtulo de Especialista em Medicina Legal e Per\u00edcias M\u00e9dicas \u2013 edi\u00e7\u00e3o 2025. &nbsp; &#x1f4da; O&hellip;","publishpress_future_action":{"enabled":false,"date":"2026-04-12 05:40:14","action":"change-status","newStatus":"draft","terms":[],"taxonomy":"","extraData":[]},"publishpress_future_workflow_manual_trigger":{"enabledWorkflows":[]},"_links":{"self":[{"href":"https:\/\/saude.ufpr.br\/epmufpr\/wp-json\/wp\/v2\/pages\/3014","targetHints":{"allow":["GET"]}}],"collection":[{"href":"https:\/\/saude.ufpr.br\/epmufpr\/wp-json\/wp\/v2\/pages"}],"about":[{"href":"https:\/\/saude.ufpr.br\/epmufpr\/wp-json\/wp\/v2\/types\/page"}],"author":[{"embeddable":true,"href":"https:\/\/saude.ufpr.br\/epmufpr\/wp-json\/wp\/v2\/users\/15"}],"replies":[{"embeddable":true,"href":"https:\/\/saude.ufpr.br\/epmufpr\/wp-json\/wp\/v2\/comments?post=3014"}],"version-history":[{"count":13,"href":"https:\/\/saude.ufpr.br\/epmufpr\/wp-json\/wp\/v2\/pages\/3014\/revisions"}],"predecessor-version":[{"id":3112,"href":"https:\/\/saude.ufpr.br\/epmufpr\/wp-json\/wp\/v2\/pages\/3014\/revisions\/3112"}],"wp:attachment":[{"href":"https:\/\/saude.ufpr.br\/epmufpr\/wp-json\/wp\/v2\/media?parent=3014"}],"curies":[{"name":"wp","href":"https:\/\/api.w.org\/{rel}","templated":true}]}}