{"id":7211,"date":"2022-06-22T11:24:44","date_gmt":"2022-06-22T14:24:44","guid":{"rendered":"https:\/\/saude.ufpr.br\/fesc\/?page_id=7211"},"modified":"2022-07-12T09:38:21","modified_gmt":"2022-07-12T12:38:21","slug":"documentos","status":"publish","type":"page","link":"https:\/\/saude.ufpr.br\/fesc\/documentos\/","title":{"rendered":"Documentos"},"content":{"rendered":"<ul>\n<li style=\"text-align: left;\"><a href=\"https:\/\/saude.ufpr.br\/fesc\/wp-content\/uploads\/sites\/64\/2022\/07\/licenca-sanitaria.pdf\" target=\"_blank\" rel=\"noopener\">Licen\u00e7a VISA<\/a><\/li>\n<li style=\"text-align: left;\"><a href=\"https:\/\/saude.ufpr.br\/fesc\/wp-content\/uploads\/sites\/64\/2022\/07\/1-alvara-pmc-1-006-546.pdf\" target=\"_blank\" rel=\"noopener\">Alvar\u00e1 PMC-1.006.546<\/a><\/li>\n<li style=\"text-align: left;\"><a href=\"https:\/\/saude.ufpr.br\/fesc\/wp-content\/uploads\/sites\/64\/2022\/07\/ae-2022.pdf\" target=\"_blank\" rel=\"noopener\">AE 2022<\/a><\/li>\n<li style=\"text-align: left;\"><a href=\"https:\/\/saude.ufpr.br\/fesc\/wp-content\/uploads\/sites\/64\/2022\/07\/afe-2021.pdf\" target=\"_blank\" rel=\"noopener\">AFE 2021<\/a><\/li>\n<li style=\"text-align: left;\"><a href=\"https:\/\/saude.ufpr.br\/fesc\/wp-content\/uploads\/sites\/64\/2022\/07\/2-regularidade-cff-16617.pdf\" target=\"_blank\" rel=\"noopener\">Certid\u00e3o CRF-PR<\/a><\/li>\n<li style=\"text-align: left;\"><a href=\"https:\/\/saude.ufpr.br\/fesc\/wp-content\/uploads\/sites\/64\/2022\/07\/regimento-interno-aprovado.pdf\" target=\"_blank\" rel=\"noopener\">Regimento interno<\/a><\/li>\n<li style=\"text-align: left;\"><a href=\"https:\/\/saude.ufpr.br\/fesc\/wp-content\/uploads\/sites\/64\/2022\/07\/5-registro-mapa.pdf\" target=\"_blank\" rel=\"noopener\">Registro MAPA<\/a><\/li>\n<li style=\"text-align: left;\"><a href=\"https:\/\/saude.ufpr.br\/fesc\/wp-content\/uploads\/sites\/64\/2022\/07\/cnpj.pdf\" target=\"_blank\" rel=\"noopener\">CNPJ<\/a><\/li>\n<li style=\"text-align: left;\"><a href=\"https:\/\/saude.ufpr.br\/fesc\/wp-content\/uploads\/sites\/64\/2022\/07\/ata-de-criacao-da-fesc-25-05-2006.pdf\" target=\"_blank\" rel=\"noopener\">Ata de Cria\u00e7\u00e3o da FESC 25.05.2006<\/a><\/li>\n<\/ul>\n","protected":false},"excerpt":{"rendered":"<p>Licen\u00e7a VISA Alvar\u00e1 PMC-1.006.546 AE 2022 AFE 2021 Certid\u00e3o CRF-PR Regimento interno Registro MAPA CNPJ Ata de Cria\u00e7\u00e3o da FESC 25.05.2006<\/p>\n","protected":false},"author":15,"featured_media":0,"parent":0,"menu_order":0,"comment_status":"closed","ping_status":"closed","template":"","meta":{"_acf_changed":false,"_uag_custom_page_level_css":"","footnotes":""},"class_list":["post-7211","page","type-page","status-publish","hentry"],"acf":[],"featured_image_src":null,"uagb_featured_image_src":{"full":false,"thumbnail":false,"medium":false,"medium_large":false,"large":false,"1536x1536":false,"2048x2048":false},"uagb_author_info":{"display_name":"Andrea Jankoski","author_link":"https:\/\/saude.ufpr.br\/fesc\/blog\/author\/andrea\/"},"uagb_comment_info":0,"uagb_excerpt":"Licen\u00e7a VISA Alvar\u00e1 PMC-1.006.546 AE 2022 AFE 2021 Certid\u00e3o CRF-PR Regimento interno Registro MAPA CNPJ Ata de Cria\u00e7\u00e3o da FESC 25.05.2006","publishpress_future_action":{"enabled":false,"date":"2026-05-01 00:45:18","action":"change-status","newStatus":"draft","terms":[],"taxonomy":"","extraData":[]},"publishpress_future_workflow_manual_trigger":{"enabledWorkflows":[]},"_links":{"self":[{"href":"https:\/\/saude.ufpr.br\/fesc\/wp-json\/wp\/v2\/pages\/7211","targetHints":{"allow":["GET"]}}],"collection":[{"href":"https:\/\/saude.ufpr.br\/fesc\/wp-json\/wp\/v2\/pages"}],"about":[{"href":"https:\/\/saude.ufpr.br\/fesc\/wp-json\/wp\/v2\/types\/page"}],"author":[{"embeddable":true,"href":"https:\/\/saude.ufpr.br\/fesc\/wp-json\/wp\/v2\/users\/15"}],"replies":[{"embeddable":true,"href":"https:\/\/saude.ufpr.br\/fesc\/wp-json\/wp\/v2\/comments?post=7211"}],"version-history":[{"count":13,"href":"https:\/\/saude.ufpr.br\/fesc\/wp-json\/wp\/v2\/pages\/7211\/revisions"}],"predecessor-version":[{"id":7425,"href":"https:\/\/saude.ufpr.br\/fesc\/wp-json\/wp\/v2\/pages\/7211\/revisions\/7425"}],"wp:attachment":[{"href":"https:\/\/saude.ufpr.br\/fesc\/wp-json\/wp\/v2\/media?parent=7211"}],"curies":[{"name":"wp","href":"https:\/\/api.w.org\/{rel}","templated":true}]}}