{"id":7281,"date":"2022-06-30T11:26:39","date_gmt":"2022-06-30T14:26:39","guid":{"rendered":"https:\/\/saude.ufpr.br\/fesc\/?page_id=7281"},"modified":"2024-08-09T09:57:45","modified_gmt":"2024-08-09T12:57:45","slug":"florais_de_bach","status":"publish","type":"page","link":"https:\/\/saude.ufpr.br\/fesc\/florais_de_bach\/","title":{"rendered":"Florais de Bach"},"content":{"rendered":"<p>O objetivo da terapia floral \u00e9 o equil\u00edbrio das emo\u00e7\u00f5es. Os florais de Bach s\u00e3o extratos energ\u00e9ticos elaborados atrav\u00e9s da ess\u00eancia das flores. A terapia com os florais \u00e9 completamente natural e utiliza ao todo 38 tipos de ess\u00eancias divididas em 7 grupos.<\/p>\n<p><strong>Solicite seu or\u00e7amento e a lista das ess\u00eancias.<\/strong><\/p>\n","protected":false},"excerpt":{"rendered":"<p>O objetivo da terapia floral \u00e9 o equil\u00edbrio das emo\u00e7\u00f5es. Os florais de Bach s\u00e3o extratos energ\u00e9ticos elaborados atrav\u00e9s da ess\u00eancia das flores. A terapia com os florais \u00e9 completamente natural e utiliza ao todo 38 tipos de ess\u00eancias divididas em 7 grupos. Solicite seu or\u00e7amento e a lista das ess\u00eancias.<\/p>\n","protected":false},"author":15,"featured_media":0,"parent":0,"menu_order":0,"comment_status":"closed","ping_status":"closed","template":"","meta":{"_uag_custom_page_level_css":"","footnotes":""},"class_list":["post-7281","page","type-page","status-publish","hentry"],"uagb_featured_image_src":{"full":false,"thumbnail":false,"medium":false,"medium_large":false,"large":false,"1536x1536":false,"2048x2048":false,"noticias-thumb":false,"eventos-thumb":false},"uagb_author_info":{"display_name":"Andrea Jankoski","author_link":"https:\/\/saude.ufpr.br\/fesc\/blog\/author\/andrea\/"},"uagb_comment_info":0,"uagb_excerpt":"O objetivo da terapia floral \u00e9 o equil\u00edbrio das emo\u00e7\u00f5es. Os florais de Bach s\u00e3o extratos energ\u00e9ticos elaborados atrav\u00e9s da ess\u00eancia das flores. A terapia com os florais \u00e9 completamente natural e utiliza ao todo 38 tipos de ess\u00eancias divididas em 7 grupos. Solicite seu or\u00e7amento e a lista das ess\u00eancias.","_links":{"self":[{"href":"https:\/\/saude.ufpr.br\/fesc\/wp-json\/wp\/v2\/pages\/7281","targetHints":{"allow":["GET"]}}],"collection":[{"href":"https:\/\/saude.ufpr.br\/fesc\/wp-json\/wp\/v2\/pages"}],"about":[{"href":"https:\/\/saude.ufpr.br\/fesc\/wp-json\/wp\/v2\/types\/page"}],"author":[{"embeddable":true,"href":"https:\/\/saude.ufpr.br\/fesc\/wp-json\/wp\/v2\/users\/15"}],"replies":[{"embeddable":true,"href":"https:\/\/saude.ufpr.br\/fesc\/wp-json\/wp\/v2\/comments?post=7281"}],"version-history":[{"count":4,"href":"https:\/\/saude.ufpr.br\/fesc\/wp-json\/wp\/v2\/pages\/7281\/revisions"}],"predecessor-version":[{"id":7481,"href":"https:\/\/saude.ufpr.br\/fesc\/wp-json\/wp\/v2\/pages\/7281\/revisions\/7481"}],"wp:attachment":[{"href":"https:\/\/saude.ufpr.br\/fesc\/wp-json\/wp\/v2\/media?parent=7281"}],"curies":[{"name":"wp","href":"https:\/\/api.w.org\/{rel}","templated":true}]}}

<p>O objetivo da terapia floral é o equilíbrio das emoções. Os florais de Bach são extratos energéticos elaborados através da essência das flores. A terapia com os florais é completamente natural e utiliza ao todo 38 tipos de essências divididas em 7 grupos.</p>
<p><strong>Solicite seu orçamento e a lista das essências.</strong></p>

<p>O objetivo da terapia floral é o equilíbrio das emoções. Os florais de Bach são extratos energéticos elaborados através da essência das flores. A terapia com os florais é completamente natural e utiliza ao todo 38 tipos de essências divididas em 7 grupos. Solicite seu orçamento e a lista das essências.</p>

O objetivo da terapia floral é o equilíbrio das emoções. Os florais de Bach são extratos energéticos elaborados através da essência das flores. A terapia com os florais é completamente natural e utiliza ao todo 38 tipos de essências divididas em 7 grupos. Solicite seu orçamento e a lista das essências.
