{"id":1066,"date":"2018-04-03T19:39:45","date_gmt":"2018-04-03T19:39:45","guid":{"rendered":"https:\/\/saude.ufpr.br\/informatica\/?page_id=1066"},"modified":"2024-07-02T10:42:24","modified_gmt":"2024-07-02T13:42:24","slug":"equipe-servidores","status":"publish","type":"page","link":"https:\/\/saude.ufpr.br\/informatica\/equipe-servidores\/","title":{"rendered":"Equipe de Servidores"},"content":{"rendered":"<h5><\/h5>\n<table style=\"height: 106px;\" width=\"931\">\n<tbody>\n<tr>\n<td width=\"227\">\n<h5 style=\"text-align: center;\"><strong><em>Sede Centro &#8211; 3\u00b0 Andar<\/em><\/strong><\/h5>\n<\/td>\n<td style=\"text-align: center;\" width=\"167\">\n<h5><strong><em>Sede Bot\u00e2nico<\/em><\/strong><\/h5>\n<\/td>\n<td width=\"173\">\n<h5 style=\"text-align: center;\"><strong><em>Bloco Did\u00e1tico II &#8211; 3\u00b0 Andar<\/em><\/strong><\/h5>\n<\/td>\n<\/tr>\n<tr>\n<td style=\"text-align: center;\" width=\"227\">Andr\u00e9a Roseli Moreira C. Jankoski<br \/>\nGuilherme Matos Barbosa<\/td>\n<td style=\"text-align: center;\" width=\"167\">Ullisses Gomes das Neves<br \/>\nAunirlei de Souza<\/td>\n<td style=\"text-align: center;\" width=\"173\">Alexandre Cassiano Tullio<br \/>\nArtur Yuiti Yoshida Diniz<\/td>\n<\/tr>\n<\/tbody>\n<\/table>\n<p style=\"text-align: left; padding-left: 30px;\"><strong><span style=\"color: #008000;\">Contato: (41) 3360-7272 (Sede Centro) &#8211; (41) 3360-4150 (Sede Bot\u00e2nico)<\/span><\/strong><\/p>\n<table style=\"height: 27px;\" width=\"474\">\n<tbody>\n<tr>\n<td width=\"566\">\n<h4 style=\"text-align: center;\"><span style=\"color: #ff6600;\"><strong>Hor\u00e1rio de atendimento<\/strong>:<\/span><\/h4>\n<\/td>\n<\/tr>\n<tr>\n<td width=\"566\">\n<h5 style=\"text-align: center;\"><strong>8h \u00e0s 12h e das\u00a0<\/strong><strong>13h \u00e0s 17h<\/strong><\/h5>\n<\/td>\n<\/tr>\n<\/tbody>\n<\/table>\n","protected":false},"excerpt":{"rendered":"<p>Sede Centro &#8211; 3\u00b0 Andar Sede Bot\u00e2nico Bloco Did\u00e1tico II &#8211; 3\u00b0 Andar Andr\u00e9a Roseli Moreira C. Jankoski Guilherme Matos Barbosa Ullisses Gomes das Neves Aunirlei de Souza Alexandre Cassiano Tullio Artur Yuiti Yoshida Diniz Contato: (41) 3360-7272 (Sede Centro) &#8211; (41) 3360-4150 (Sede Bot\u00e2nico) Hor\u00e1rio de atendimento: 8h \u00e0s 12h e das\u00a013h \u00e0s 17h<\/p>\n","protected":false},"author":1615,"featured_media":0,"parent":0,"menu_order":0,"comment_status":"closed","ping_status":"closed","template":"","meta":{"_acf_changed":false,"_uag_custom_page_level_css":"","footnotes":""},"class_list":["post-1066","page","type-page","status-publish","hentry"],"acf":[],"featured_image_src":null,"uagb_featured_image_src":{"full":false,"thumbnail":false,"medium":false,"medium_large":false,"large":false,"1536x1536":false,"2048x2048":false,"noticias-thumb":false,"banners-thumb":false,"maisnoticias-thumb":false,"post-thumbnail":false},"uagb_author_info":{"display_name":"Guilherme","author_link":"https:\/\/saude.ufpr.br\/informatica\/author\/guilhermematos\/"},"uagb_comment_info":0,"uagb_excerpt":"Sede Centro &#8211; 3\u00b0 Andar Sede Bot\u00e2nico Bloco Did\u00e1tico II &#8211; 3\u00b0 Andar Andr\u00e9a Roseli Moreira C. Jankoski Guilherme Matos Barbosa Ullisses Gomes das Neves Aunirlei de Souza Alexandre Cassiano Tullio Artur Yuiti Yoshida Diniz Contato: (41) 3360-7272 (Sede Centro) &#8211; (41) 3360-4150 (Sede Bot\u00e2nico) Hor\u00e1rio de atendimento: 8h \u00e0s 12h e das\u00a013h \u00e0s 17h","publishpress_future_action":{"enabled":false,"date":"2026-04-25 06:54:24","action":"change-status","newStatus":"draft","terms":[],"taxonomy":"","extraData":[]},"publishpress_future_workflow_manual_trigger":{"enabledWorkflows":[]},"_links":{"self":[{"href":"https:\/\/saude.ufpr.br\/informatica\/wp-json\/wp\/v2\/pages\/1066","targetHints":{"allow":["GET"]}}],"collection":[{"href":"https:\/\/saude.ufpr.br\/informatica\/wp-json\/wp\/v2\/pages"}],"about":[{"href":"https:\/\/saude.ufpr.br\/informatica\/wp-json\/wp\/v2\/types\/page"}],"author":[{"embeddable":true,"href":"https:\/\/saude.ufpr.br\/informatica\/wp-json\/wp\/v2\/users\/1615"}],"replies":[{"embeddable":true,"href":"https:\/\/saude.ufpr.br\/informatica\/wp-json\/wp\/v2\/comments?post=1066"}],"version-history":[{"count":15,"href":"https:\/\/saude.ufpr.br\/informatica\/wp-json\/wp\/v2\/pages\/1066\/revisions"}],"predecessor-version":[{"id":1377,"href":"https:\/\/saude.ufpr.br\/informatica\/wp-json\/wp\/v2\/pages\/1066\/revisions\/1377"}],"wp:attachment":[{"href":"https:\/\/saude.ufpr.br\/informatica\/wp-json\/wp\/v2\/media?parent=1066"}],"curies":[{"name":"wp","href":"https:\/\/api.w.org\/{rel}","templated":true}]}}