{"id":20,"date":"2016-07-13T16:43:43","date_gmt":"2016-07-13T16:43:43","guid":{"rendered":"https:\/\/saude.ufpr.br\/labsim\/?page_id=20"},"modified":"2024-06-11T10:14:26","modified_gmt":"2024-06-11T13:14:26","slug":"5o-periodo","status":"publish","type":"page","link":"https:\/\/saude.ufpr.br\/labsim\/5o-periodo\/","title":{"rendered":"5\u00ba Per\u00edodo"},"content":{"rendered":"<p><em>Aulas:\u00a0Quartas e Quintas-feira &#8211; 16h30min,\u00a0Sextas-feira &#8211; 07h30min.<\/em><\/p>\n<p>&nbsp;<\/p>\n<hr \/>\n<p><em>Check lists:<\/em><\/p>\n<p><a href=\"https:\/\/saude.ufpr.br\/labsim\/wp-content\/uploads\/sites\/23\/2016\/07\/Acesso-venoso-perif\u00e9rico-Check-list.pdf\" target=\"_blank\" rel=\"noopener\">Acesso venoso perif\u00e9rico &#8211; Check list<\/a><\/p>\n<p><a href=\"https:\/\/saude.ufpr.br\/labsim\/wp-content\/uploads\/sites\/23\/2016\/07\/Cateterismo-vesical-Check-list.pdf\" target=\"_blank\" rel=\"noopener\">Cateterismo vesical &#8211; Check list<\/a><\/p>\n<p><a href=\"https:\/\/saude.ufpr.br\/labsim\/wp-content\/uploads\/sites\/23\/2016\/07\/Toque-retal-Check-list.pdf\" target=\"_blank\" rel=\"noopener\">Toque retal &#8211; Check list<\/a><\/p>\n<p><a href=\"https:\/\/saude.ufpr.br\/labsim\/wp-content\/uploads\/sites\/23\/2016\/07\/Suporte-B\u00e1sico-de-Vida-BLS-Check-list.pdf\" target=\"_blank\" rel=\"noopener\">Suporte B\u00e1sico de Vida (BLS) &#8211; Check list<\/a><\/p>\n<hr \/>\n<div><strong>SUGEST\u00d5ES DE LEITURAS E V\u00cdDEOS<\/strong><\/div>\n<div><\/div>\n<div>CATETERISMO VESICAL MASCULINO E FEMININO:\u00a0<a href=\"https:\/\/hcfmb.unesp.br\/wp-content\/uploads\/2023\/09\/POP-GE-034-Sondagem-Vesical-de-Demora-Feminina-e-Masculina.pdf\" target=\"_blank\" rel=\"noreferrer noopener\" data-auth=\"NotApplicable\" data-linkindex=\"1\">https:\/\/hcfmb.unesp.br\/wp-content\/uploads\/2023\/09\/POP-GE-034-Sondagem-Vesical-de-Demora-Feminina-e-Masculina.pdf<\/a><\/div>\n<div><\/div>\n<div>TOQUE RETAL:\u00a0<a href=\"https:\/\/youtu.be\/JXQrhIaEN4E?feature=shared\" target=\"_blank\" rel=\"noreferrer noopener\" data-auth=\"NotApplicable\" data-linkindex=\"2\">https:\/\/youtu.be\/JXQrhIaEN4E?feature=shared<\/a><\/div>\n<div><\/div>\n<div><\/div>\n<div><a href=\"https:\/\/saude.ufpr.br\/labsim\/wp-content\/uploads\/sites\/23\/2024\/06\/ilovepdf_merged-71.pdf\" target=\"_blank\" rel=\"noopener\">ACESSO VENOSO PERIF\u00c9RICO<\/a><\/div>\n<div><\/div>\n<div>\n<hr \/>\n<\/div>\n<p><strong>\u25ba BLS I &#8211; SUPORTE B\u00c1SICO DE VIDA (COMPRESS\u00d5ES TOR\u00c1CICAS\u00a0+ VENTILA\u00c7\u00d5ES)<\/strong><\/p>\n<p><strong>\u25ba BLS II \u2013 SUPORTE B\u00c1SICO DE VIDA (ATENDIMENTO EXTRA-HOSPITALAR\u00a0+ USO DO DEA)<\/strong><\/p>\n<ul>\n<li><a href=\"https:\/\/saude.ufpr.br\/labsim\/wp-content\/uploads\/sites\/23\/2016\/07\/1.-BLS-Revisao.pdf\">AHA Guidelines 2015<\/a><\/li>\n<li>Livro:\u00a0Emerg\u00eancias cl\u00ednicas: abordagem pr\u00e1tica. Herlon Saraiva Martins et al. rev. E atual. \u2013 Barueri, SP: Manole &#8211; Cap\u00edtulo: Suporte B\u00e1sico de Vida.<\/li>\n<\/ul>\n<p>&nbsp;<\/p>\n<p><iframe title=\"RCP e DEA da American Heart Association (teste de BLS do ACLS - diretrizes 2010)\" width=\"500\" height=\"281\" src=\"https:\/\/www.youtube.com\/embed\/Jru3CznpnG8?feature=oembed\" frameborder=\"0\" allow=\"accelerometer; autoplay; clipboard-write; encrypted-media; gyroscope; picture-in-picture; web-share\" referrerpolicy=\"strict-origin-when-cross-origin\" allowfullscreen><\/iframe><\/p>\n<p>&nbsp;<\/p>\n<hr \/>\n<p><strong>\u25ba\u00a0CATETERISMO VESICAL MASCULINO E FEMININO<\/strong><\/p>\n<ul>\n<li><a href=\"http:\/\/www.nejm.org\/doi\/full\/10.1056\/NEJMvcm054648\" target=\"_blank\" rel=\"noopener\">Cateterismo vesical em adultos: masculino<\/a><\/li>\n<li><a href=\"http:\/\/www.nejm.org\/doi\/full\/10.1056\/NEJMvcm0706671\" target=\"_blank\" rel=\"noopener\">Cateterismo vesical em adultos: feminino<\/a><\/li>\n<li><a href=\"http:\/\/www.nejm.org\/doi\/full\/10.1056\/NEJMvcm0808873\" target=\"_blank\" rel=\"noopener\">Cateterismo vesical em crian\u00e7as: masculino<\/a><\/li>\n<li><a href=\"http:\/\/www.nejm.org\/doi\/full\/10.1056\/NEJMvcm1105612\" target=\"_blank\" rel=\"noopener\">Cateterismo vesical em crian\u00e7as:\u00a0feminino<\/a><\/li>\n<\/ul>\n<p>&nbsp;<\/p>\n<hr \/>\n<p><strong>\u25ba\u00a0AUSCULTA CARD\u00cdACA E PULMONAR<\/strong><\/p>\n<ul>\n<li><a href=\"https:\/\/saude.ufpr.br\/labsim\/wp-content\/uploads\/sites\/23\/2016\/07\/Ausculta-Cardiaca.pdf\" target=\"_blank\" rel=\"noopener\">Ausculta Card\u00edaca<\/a><\/li>\n<\/ul>\n<p>&nbsp;<\/p>\n<p>https:\/\/www.youtube.com\/watch?v=83CBjj9dMRc<\/p>\n<p>&nbsp;<\/p>\n<hr \/>\n<p><strong>\u25ba\u00a0AUSCULTA PULMONAR<\/strong><\/p>\n<ul>\n<li><a href=\"http:\/\/www.nejm.org\/doi\/full\/10.1056\/NEJMra1302901\" target=\"_blank\" rel=\"noopener\">Ausculta Pulmonar<\/a>\u00a0I<\/li>\n<li><a href=\"https:\/\/saude.ufpr.br\/labsim\/wp-content\/uploads\/sites\/23\/2016\/07\/ausculta-pulmonar.pdf\" target=\"_blank\" rel=\"noopener\">Ausculta Pulmonar<\/a>\u00a0II<\/li>\n<\/ul>\n<p>&nbsp;<\/p>\n<p><iframe title=\"Chest Auscultation - Clinical Examination\" width=\"500\" height=\"375\" src=\"https:\/\/www.youtube.com\/embed\/qUPPedD7NvA?feature=oembed\" frameborder=\"0\" allow=\"accelerometer; autoplay; clipboard-write; encrypted-media; gyroscope; picture-in-picture; web-share\" referrerpolicy=\"strict-origin-when-cross-origin\" allowfullscreen><\/iframe><\/p>\n<p>&nbsp;<\/p>\n<p><iframe title=\"Respiratory Exam\" width=\"500\" height=\"281\" src=\"https:\/\/www.youtube.com\/embed\/bHGlFmd4Fuk?feature=oembed\" frameborder=\"0\" allow=\"accelerometer; autoplay; clipboard-write; encrypted-media; gyroscope; picture-in-picture; web-share\" referrerpolicy=\"strict-origin-when-cross-origin\" allowfullscreen><\/iframe><\/p>\n<p>&nbsp;<\/p>\n<p>https:\/\/www.youtube.com\/watch?v=43edNi0NkSg<\/p>\n<p>&nbsp;<\/p>\n<hr \/>\n<p><strong>\u25ba TOQUE RETAL<\/strong><\/p>\n<p><iframe title=\"Rectal Exam\" width=\"500\" height=\"375\" src=\"https:\/\/www.youtube.com\/embed\/osWgOCSmkfc?feature=oembed\" frameborder=\"0\" allow=\"accelerometer; autoplay; clipboard-write; encrypted-media; gyroscope; picture-in-picture; web-share\" referrerpolicy=\"strict-origin-when-cross-origin\" allowfullscreen><\/iframe><\/p>\n<p>&nbsp;<\/p>\n<hr \/>\n<p><strong>\u25ba ACESSO VENOSO PERIF\u00c9RICO<\/strong><\/p>\n<ul>\n<li><a href=\"http:\/\/www.nejm.org\/doi\/full\/10.1056\/NEJMvcm0706789\" target=\"_blank\" rel=\"noopener\">Acesso venoso perif\u00e9rico<\/a><\/li>\n<\/ul>\n<hr \/>\n<p>&nbsp;<\/p>\n<p><strong>\u25ba DISPOSITIVOS DE OFERTA DE OXIG\u00caNIO<\/strong><\/p>\n","protected":false},"excerpt":{"rendered":"<p>Aulas:\u00a0Quartas e Quintas-feira &#8211; 16h30min,\u00a0Sextas-feira &#8211; 07h30min. &nbsp; Check lists: Acesso venoso perif\u00e9rico &#8211; Check list Cateterismo vesical &#8211; Check list Toque retal &#8211; Check list Suporte B\u00e1sico de Vida (BLS) &#8211; Check list SUGEST\u00d5ES DE LEITURAS E V\u00cdDEOS CATETERISMO VESICAL MASCULINO E FEMININO:\u00a0https:\/\/hcfmb.unesp.br\/wp-content\/uploads\/2023\/09\/POP-GE-034-Sondagem-Vesical-de-Demora-Feminina-e-Masculina.pdf TOQUE RETAL:\u00a0https:\/\/youtu.be\/JXQrhIaEN4E?feature=shared ACESSO VENOSO PERIF\u00c9RICO \u25ba BLS I &#8211; SUPORTE B\u00c1SICO [&hellip;]<\/p>\n","protected":false},"author":15,"featured_media":0,"parent":0,"menu_order":0,"comment_status":"closed","ping_status":"closed","template":"","meta":{"_acf_changed":false,"_uag_custom_page_level_css":"","footnotes":""},"class_list":["post-20","page","type-page","status-publish","hentry"],"acf":[],"featured_image_src":null,"uagb_featured_image_src":{"full":false,"thumbnail":false,"medium":false,"medium_large":false,"large":false,"1536x1536":false,"2048x2048":false,"noticias-thumb":false,"banners-thumb":false,"maisnoticias-thumb":false,"post-thumbnail":false},"uagb_author_info":{"display_name":"Andrea Jankoski","author_link":"https:\/\/saude.ufpr.br\/labsim\/author\/andrea\/"},"uagb_comment_info":0,"uagb_excerpt":"Aulas:\u00a0Quartas e Quintas-feira &#8211; 16h30min,\u00a0Sextas-feira &#8211; 07h30min. &nbsp; Check lists: Acesso venoso perif\u00e9rico &#8211; Check list Cateterismo vesical &#8211; Check list Toque retal &#8211; Check list Suporte B\u00e1sico de Vida (BLS) &#8211; Check list SUGEST\u00d5ES DE LEITURAS E V\u00cdDEOS CATETERISMO VESICAL MASCULINO E FEMININO:\u00a0https:\/\/hcfmb.unesp.br\/wp-content\/uploads\/2023\/09\/POP-GE-034-Sondagem-Vesical-de-Demora-Feminina-e-Masculina.pdf TOQUE RETAL:\u00a0https:\/\/youtu.be\/JXQrhIaEN4E?feature=shared ACESSO VENOSO PERIF\u00c9RICO \u25ba BLS I &#8211; SUPORTE B\u00c1SICO&hellip;","publishpress_future_action":{"enabled":false,"date":"2026-05-02 00:47:27","action":"change-status","newStatus":"draft","terms":[],"taxonomy":"","extraData":[]},"publishpress_future_workflow_manual_trigger":{"enabledWorkflows":[]},"_links":{"self":[{"href":"https:\/\/saude.ufpr.br\/labsim\/wp-json\/wp\/v2\/pages\/20","targetHints":{"allow":["GET"]}}],"collection":[{"href":"https:\/\/saude.ufpr.br\/labsim\/wp-json\/wp\/v2\/pages"}],"about":[{"href":"https:\/\/saude.ufpr.br\/labsim\/wp-json\/wp\/v2\/types\/page"}],"author":[{"embeddable":true,"href":"https:\/\/saude.ufpr.br\/labsim\/wp-json\/wp\/v2\/users\/15"}],"replies":[{"embeddable":true,"href":"https:\/\/saude.ufpr.br\/labsim\/wp-json\/wp\/v2\/comments?post=20"}],"version-history":[{"count":82,"href":"https:\/\/saude.ufpr.br\/labsim\/wp-json\/wp\/v2\/pages\/20\/revisions"}],"predecessor-version":[{"id":799,"href":"https:\/\/saude.ufpr.br\/labsim\/wp-json\/wp\/v2\/pages\/20\/revisions\/799"}],"wp:attachment":[{"href":"https:\/\/saude.ufpr.br\/labsim\/wp-json\/wp\/v2\/media?parent=20"}],"curies":[{"name":"wp","href":"https:\/\/api.w.org\/{rel}","templated":true}]}}