{"id":104,"date":"2016-05-23T17:46:58","date_gmt":"2016-05-23T17:46:58","guid":{"rendered":"https:\/\/saude.ufpr.br\/medicina\/?page_id=104"},"modified":"2025-01-15T09:14:00","modified_gmt":"2025-01-15T12:14:00","slug":"formulario","status":"publish","type":"page","link":"https:\/\/saude.ufpr.br\/medicina\/formulario\/","title":{"rendered":"Formul\u00e1rios"},"content":{"rendered":"<ol>\n<li><a href=\"https:\/\/saude.ufpr.br\/medicina\/wp-content\/uploads\/sites\/10\/2019\/06\/FICHA-CADASTRAL-DE-ALUNOS-atualizada-em-13junho19.pdf\">Ficha cadastral de alunos<\/a><\/li>\n<li><a href=\"https:\/\/saude.ufpr.br\/medicina\/wp-content\/uploads\/sites\/10\/2018\/02\/ORIENTA\u00c7\u00d5ES-2-via-GRU-COORDENA\u00c7\u00d5ES-1.pdf\">Instru\u00e7\u00f5es para impress\u00e3o e pagamento da GRU &#8211; 2\u00aa via Diploma<\/a><\/li>\n<li><a href=\"https:\/\/saude.ufpr.br\/medicina\/wp-content\/uploads\/sites\/10\/2025\/01\/REQUERIMENTO-PARA-SOLICITACAO-DE-2-VIA-DE-DIPLOMA.pdf\">Requerimento 2\u00ba via Diploma<\/a><\/li>\n<li><a href=\"https:\/\/saude.ufpr.br\/medicina\/wp-content\/uploads\/sites\/10\/2017\/07\/Requerimento-de-Evento-para-Atividade-Formativa.pdf\" target=\"_blank\" rel=\"noopener\">Requerimento para Cadastro de Evento como Atividade Formativa<\/a><\/li>\n<li><a href=\"https:\/\/saude.ufpr.br\/medicina\/wp-content\/uploads\/sites\/10\/2018\/11\/REQUERIMENTO-PARA-2\u00aa-CHAMADA.pdf\" target=\"_blank\" rel=\"noopener\">Requerimento de 2\u00ba Chamada de Avalia\u00e7\u00e3o<\/a> (solicitar somente junto ao DEPARTAMENTO da referida DISCIPLINA)<\/li>\n<li><a href=\"https:\/\/saude.ufpr.br\/medicina\/wp-content\/uploads\/sites\/10\/2017\/07\/REQUERIMENTO-PARA-REVIS\u00c3O-DO-RESULTADO-DA-AVALIA\u00c7\u00c3O-ESCRITA.pdf\" target=\"_blank\" rel=\"noopener\">Requerimento de Revis\u00e3o do Resultado de Avalia\u00e7\u00e3o Escrita<\/a>\u00a0(solicitar somente junto ao DEPARTAMENTO da referida DISCIPLINA)<\/li>\n<li><a href=\"https:\/\/saude.ufpr.br\/medicina\/wp-content\/uploads\/sites\/10\/2017\/07\/REQUERIMENTO-PARA-SOLICITA\u00c7\u00c3O-DE-VISTA-\u00c0-PROVA-CORRGIDA.pdf\" target=\"_blank\" rel=\"noopener\">Requerimento para solicita\u00e7\u00e3o de vista de prova corrigida<\/a>\u00a0(solicitar somente junto ao DEPARTAMENTO da referida DISCIPLINA)<\/li>\n<li>Para formul\u00e1rios atualizados da \u00e1rea de est\u00e1gio (TERMO DE COMPROMISSO, FICHA DE AVALIA\u00c7\u00c3O, TERMO ADITIVO, RELAT\u00d3RIO DE EST\u00c1GIO, &#8230;), acessar o site da PROGRAD\u00a0 &#8211;\u00a0<a href=\"http:\/\/200.17.193.102\/tela_estagio_formularios\/\" target=\"_blank\" rel=\"noopener\">http:\/\/200.17.193.102\/tela_estagio_formularios\/<\/a><\/li>\n<li>Para formul\u00e1rios atualizados da \u00e1rea acad\u00eamica em geral, acessar o site da PROGRAD\/NAA &#8211;\u00a0<a href=\"http:\/\/www.prograd.ufpr.br\/copap\/formularios\/\">http:\/\/www.prograd.ufpr.br\/copap\/formularios\/\u00a0<\/a><\/li>\n<li><a href=\"https:\/\/saude.ufpr.br\/medicina\/wp-content\/uploads\/sites\/10\/2020\/02\/Formul\u00e1rio-QUEBRA-DE-PRE-REQUISITO-15jan2020.pdf\" target=\"_blank\" rel=\"noopener\">Requerimento de quebra de pr\u00e9-requisito<\/a><\/li>\n<li><a href=\"https:\/\/saude.ufpr.br\/medicina\/wp-content\/uploads\/sites\/10\/2019\/09\/MODELO-PARA-PLANEJAMENTO-GRADE-HORARIA_29julho19.pdf\">Grade hor\u00e1ria para planejamento acad\u00eamico<\/a><\/li>\n<\/ol>\n","protected":false},"excerpt":{"rendered":"<p>Ficha cadastral de alunos Instru\u00e7\u00f5es para impress\u00e3o e pagamento da GRU &#8211; 2\u00aa via Diploma Requerimento 2\u00ba via Diploma Requerimento para Cadastro de Evento como Atividade Formativa Requerimento de 2\u00ba Chamada de Avalia\u00e7\u00e3o (solicitar somente junto ao DEPARTAMENTO da referida DISCIPLINA) Requerimento de Revis\u00e3o do Resultado de Avalia\u00e7\u00e3o Escrita\u00a0(solicitar somente junto ao DEPARTAMENTO da referida<br \/> <a href=\"https:\/\/saude.ufpr.br\/medicina\/formulario\/\" class=\"button success small readmore\">Leia mais<\/a><\/p>\n","protected":false},"author":15,"featured_media":0,"parent":0,"menu_order":0,"comment_status":"closed","ping_status":"closed","template":"","meta":{"_acf_changed":false,"_uag_custom_page_level_css":"","footnotes":""},"class_list":["post-104","page","type-page","status-publish","hentry"],"acf":[],"featured_image_src":null,"uagb_featured_image_src":{"full":false,"thumbnail":false,"medium":false,"medium_large":false,"large":false,"1536x1536":false,"2048x2048":false,"noticias-thumb":false,"banners-thumb":false,"maisnoticias-thumb":false,"post-thumbnail":false},"uagb_author_info":{"display_name":"Andrea Jankoski","author_link":"https:\/\/saude.ufpr.br\/medicina\/author\/andrea\/"},"uagb_comment_info":0,"uagb_excerpt":"Ficha cadastral de alunos Instru\u00e7\u00f5es para impress\u00e3o e pagamento da GRU &#8211; 2\u00aa via Diploma Requerimento 2\u00ba via Diploma Requerimento para Cadastro de Evento como Atividade Formativa Requerimento de 2\u00ba Chamada de Avalia\u00e7\u00e3o (solicitar somente junto ao DEPARTAMENTO da referida DISCIPLINA) Requerimento de Revis\u00e3o do Resultado de Avalia\u00e7\u00e3o Escrita\u00a0(solicitar somente junto ao DEPARTAMENTO da referida&hellip;","publishpress_future_action":{"enabled":false,"date":"2026-04-22 06:44:43","action":"change-status","newStatus":"draft","terms":[],"taxonomy":"","extraData":[]},"publishpress_future_workflow_manual_trigger":{"enabledWorkflows":[]},"_links":{"self":[{"href":"https:\/\/saude.ufpr.br\/medicina\/wp-json\/wp\/v2\/pages\/104","targetHints":{"allow":["GET"]}}],"collection":[{"href":"https:\/\/saude.ufpr.br\/medicina\/wp-json\/wp\/v2\/pages"}],"about":[{"href":"https:\/\/saude.ufpr.br\/medicina\/wp-json\/wp\/v2\/types\/page"}],"author":[{"embeddable":true,"href":"https:\/\/saude.ufpr.br\/medicina\/wp-json\/wp\/v2\/users\/15"}],"replies":[{"embeddable":true,"href":"https:\/\/saude.ufpr.br\/medicina\/wp-json\/wp\/v2\/comments?post=104"}],"version-history":[{"count":36,"href":"https:\/\/saude.ufpr.br\/medicina\/wp-json\/wp\/v2\/pages\/104\/revisions"}],"predecessor-version":[{"id":3365,"href":"https:\/\/saude.ufpr.br\/medicina\/wp-json\/wp\/v2\/pages\/104\/revisions\/3365"}],"wp:attachment":[{"href":"https:\/\/saude.ufpr.br\/medicina\/wp-json\/wp\/v2\/media?parent=104"}],"curies":[{"name":"wp","href":"https:\/\/api.w.org\/{rel}","templated":true}]}}