{"id":1333,"date":"2019-02-11T11:01:58","date_gmt":"2019-02-11T13:01:58","guid":{"rendered":"https:\/\/saude.ufpr.br\/medicina\/?page_id=1333"},"modified":"2019-02-11T14:38:20","modified_gmt":"2019-02-11T16:38:20","slug":"curriculo-versao-2010","status":"publish","type":"page","link":"https:\/\/saude.ufpr.br\/medicina\/curriculo-versao-2010\/","title":{"rendered":"Curr\u00edculo &#8211; Vers\u00e3o 2010"},"content":{"rendered":"<p><strong>Programa Pedag\u00f3gico Curricular de 2010<\/strong><\/p>\n<p>Para alunos ingressantes entre 2010 e 2018.\u00a0\u00a0Em caso de d\u00favidas, para confirmar a vers\u00e3o do seu curr\u00edculo, verificar no canto superior direito do Hist\u00f3rico Escolar.<\/p>\n<p><a href=\"https:\/\/saude.ufpr.br\/medicina\/wp-content\/uploads\/sites\/10\/2017\/04\/RESOLUCAO-77.2009.pdf\" target=\"_blank\" rel=\"noopener\">Resolu\u00e7\u00e3o n\u00ba 77\/2009 \u2013 CEPE<\/a><\/p>\n<p>Para visualizar o Programa Pedag\u00f3gico Curricular vers\u00e3o 2010 completo\u00a0<a href=\"https:\/\/drive.google.com\/file\/d\/1lAAdyvT4kzMPusvKPcNIIzfDpNkqb0iV\/view?usp=sharing\" target=\"_blank\" rel=\"noopener\">Clique aqui<\/a>\u00a0.<\/p>\n<p>Ementas das disciplinas resumidas, separadas por per\u00edodo:<\/p>\n<p><a href=\"https:\/\/saude.ufpr.br\/medicina\/wp-content\/uploads\/sites\/10\/2016\/03\/bul_red.gif\"><img decoding=\"async\" class=\"alignnone size-full wp-image-166\" src=\"https:\/\/saude.ufpr.br\/medicina\/wp-content\/uploads\/sites\/10\/2016\/03\/bul_red.gif\" alt=\"bul_red\" width=\"15\" height=\"10\" \/><\/a><a href=\"https:\/\/saude.ufpr.br\/medicina\/wp-content\/uploads\/sites\/10\/2016\/03\/1-PERIODO.pdf\" target=\"_blank\" rel=\"noopener\">1\u00ba per\u00edodo<\/a><\/p>\n<p><a href=\"https:\/\/saude.ufpr.br\/medicina\/wp-content\/uploads\/sites\/10\/2016\/03\/bul_red.gif\"><img decoding=\"async\" class=\"alignnone size-full wp-image-166\" src=\"https:\/\/saude.ufpr.br\/medicina\/wp-content\/uploads\/sites\/10\/2016\/03\/bul_red.gif\" alt=\"bul_red\" width=\"15\" height=\"10\" \/><\/a><a href=\"https:\/\/saude.ufpr.br\/medicina\/wp-content\/uploads\/sites\/10\/2016\/03\/2-PERIODO.pdf\" target=\"_blank\" rel=\"noopener\">2\u00ba periodo<\/a><\/p>\n<p><a href=\"https:\/\/saude.ufpr.br\/medicina\/wp-content\/uploads\/sites\/10\/2016\/03\/bul_red.gif\"><img decoding=\"async\" class=\"alignnone size-full wp-image-166\" src=\"https:\/\/saude.ufpr.br\/medicina\/wp-content\/uploads\/sites\/10\/2016\/03\/bul_red.gif\" alt=\"bul_red\" width=\"15\" height=\"10\" \/><\/a><a href=\"https:\/\/saude.ufpr.br\/medicina\/wp-content\/uploads\/sites\/10\/2016\/03\/3-PERIODO.pdf\" target=\"_blank\" rel=\"noopener\">3\u00ba per\u00edodo<\/a><\/p>\n<p><a href=\"https:\/\/saude.ufpr.br\/medicina\/wp-content\/uploads\/sites\/10\/2016\/03\/bul_red.gif\"><img decoding=\"async\" class=\"alignnone size-full wp-image-166\" src=\"https:\/\/saude.ufpr.br\/medicina\/wp-content\/uploads\/sites\/10\/2016\/03\/bul_red.gif\" alt=\"bul_red\" width=\"15\" height=\"10\" \/><\/a><a href=\"https:\/\/saude.ufpr.br\/medicina\/wp-content\/uploads\/sites\/10\/2016\/03\/4-PERIODO.pdf\" target=\"_blank\" rel=\"noopener\">4\u00ba per\u00edodo<\/a><\/p>\n<p><a href=\"https:\/\/saude.ufpr.br\/medicina\/wp-content\/uploads\/sites\/10\/2016\/03\/bul_red.gif\"><img decoding=\"async\" class=\"alignnone size-full wp-image-166\" src=\"https:\/\/saude.ufpr.br\/medicina\/wp-content\/uploads\/sites\/10\/2016\/03\/bul_red.gif\" alt=\"bul_red\" width=\"15\" height=\"10\" \/><\/a><a href=\"https:\/\/saude.ufpr.br\/medicina\/wp-content\/uploads\/sites\/10\/2016\/03\/5-PERIODO.pdf\" target=\"_blank\" rel=\"noopener\">5\u00ba per\u00edodo<\/a><\/p>\n<p><img decoding=\"async\" class=\"alignnone size-full wp-image-166\" src=\"https:\/\/saude.ufpr.br\/medicina\/wp-content\/uploads\/sites\/10\/2016\/03\/bul_red.gif\" alt=\"bul_red\" width=\"15\" height=\"10\" \/><a href=\"https:\/\/saude.ufpr.br\/medicina\/wp-content\/uploads\/sites\/10\/2016\/03\/6-PERIODO.pdf\" target=\"_blank\" rel=\"noopener\">6\u00ba per\u00edodo<\/a><\/p>\n<p><a href=\"https:\/\/saude.ufpr.br\/medicina\/wp-content\/uploads\/sites\/10\/2016\/03\/bul_red.gif\"><img decoding=\"async\" class=\"alignnone size-full wp-image-166\" src=\"https:\/\/saude.ufpr.br\/medicina\/wp-content\/uploads\/sites\/10\/2016\/03\/bul_red.gif\" alt=\"bul_red\" width=\"15\" height=\"10\" \/><\/a><a href=\"https:\/\/saude.ufpr.br\/medicina\/wp-content\/uploads\/sites\/10\/2016\/03\/7-PERIODO.pdf\" target=\"_blank\" rel=\"noopener\">7\u00ba per\u00edodo<\/a><\/p>\n<p><a href=\"https:\/\/saude.ufpr.br\/medicina\/wp-content\/uploads\/sites\/10\/2016\/03\/bul_red.gif\"><img decoding=\"async\" class=\"alignnone size-full wp-image-166\" src=\"https:\/\/saude.ufpr.br\/medicina\/wp-content\/uploads\/sites\/10\/2016\/03\/bul_red.gif\" alt=\"bul_red\" width=\"15\" height=\"10\" \/><\/a><a href=\"https:\/\/saude.ufpr.br\/medicina\/wp-content\/uploads\/sites\/10\/2016\/03\/8-PERIODO.pdf\">8\u00ba per\u00edodo<\/a><\/p>\n<p><a href=\"https:\/\/saude.ufpr.br\/medicina\/wp-content\/uploads\/sites\/10\/2016\/03\/bul_red.gif\"><img decoding=\"async\" class=\"alignnone size-full wp-image-166\" src=\"https:\/\/saude.ufpr.br\/medicina\/wp-content\/uploads\/sites\/10\/2016\/03\/bul_red.gif\" alt=\"bul_red\" width=\"15\" height=\"10\" \/><\/a><a href=\"https:\/\/saude.ufpr.br\/medicina\/wp-content\/uploads\/sites\/10\/2016\/03\/9-PERIODO.pdf\" target=\"_blank\" rel=\"noopener\">9\u00ba per\u00edodo<\/a><\/p>\n<p><a href=\"https:\/\/saude.ufpr.br\/medicina\/wp-content\/uploads\/sites\/10\/2016\/03\/bul_red.gif\"><img decoding=\"async\" class=\"alignnone size-full wp-image-166\" src=\"https:\/\/saude.ufpr.br\/medicina\/wp-content\/uploads\/sites\/10\/2016\/03\/bul_red.gif\" alt=\"bul_red\" width=\"15\" height=\"10\" \/><\/a><a href=\"https:\/\/saude.ufpr.br\/medicina\/wp-content\/uploads\/sites\/10\/2016\/03\/10-PERIODO.pdf\" target=\"_blank\" rel=\"noopener\">10\u00ba per\u00edodo<\/a><\/p>\n<p><a href=\"https:\/\/saude.ufpr.br\/medicina\/wp-content\/uploads\/sites\/10\/2016\/03\/bul_red.gif\"><img decoding=\"async\" class=\"alignnone size-full wp-image-166\" src=\"https:\/\/saude.ufpr.br\/medicina\/wp-content\/uploads\/sites\/10\/2016\/03\/bul_red.gif\" alt=\"bul_red\" width=\"15\" height=\"10\" \/><\/a><a href=\"https:\/\/saude.ufpr.br\/medicina\/wp-content\/uploads\/sites\/10\/2016\/03\/11-PERIODO-novo.pdf\" target=\"_blank\" rel=\"noopener\">11\u00ba per\u00edodo<\/a><\/p>\n<p><a href=\"https:\/\/saude.ufpr.br\/medicina\/wp-content\/uploads\/sites\/10\/2016\/03\/bul_red.gif\"><img decoding=\"async\" class=\"alignnone size-full wp-image-166\" src=\"https:\/\/saude.ufpr.br\/medicina\/wp-content\/uploads\/sites\/10\/2016\/03\/bul_red.gif\" alt=\"bul_red\" width=\"15\" height=\"10\" \/><\/a><a href=\"https:\/\/saude.ufpr.br\/medicina\/wp-content\/uploads\/sites\/10\/2016\/03\/12-PERIODO-novo.pdf\" target=\"_blank\" rel=\"noopener\">12\u00ba periodo<\/a><\/p>\n","protected":false},"excerpt":{"rendered":"<p>Programa Pedag\u00f3gico Curricular de 2010 Para alunos ingressantes entre 2010 e 2018.\u00a0\u00a0Em caso de d\u00favidas, para confirmar a vers\u00e3o do seu curr\u00edculo, verificar no canto superior direito do Hist\u00f3rico Escolar. Resolu\u00e7\u00e3o n\u00ba 77\/2009 \u2013 CEPE Para visualizar o Programa Pedag\u00f3gico Curricular vers\u00e3o 2010 completo\u00a0Clique aqui\u00a0. Ementas das disciplinas resumidas, separadas por per\u00edodo: 1\u00ba per\u00edodo 2\u00ba<br \/> <a href=\"https:\/\/saude.ufpr.br\/medicina\/curriculo-versao-2010\/\" class=\"button success small readmore\">Leia mais<\/a><\/p>\n","protected":false},"author":15,"featured_media":0,"parent":0,"menu_order":0,"comment_status":"closed","ping_status":"closed","template":"","meta":{"_acf_changed":false,"_uag_custom_page_level_css":"","footnotes":""},"class_list":["post-1333","page","type-page","status-publish","hentry"],"acf":[],"featured_image_src":null,"uagb_featured_image_src":{"full":false,"thumbnail":false,"medium":false,"medium_large":false,"large":false,"1536x1536":false,"2048x2048":false,"noticias-thumb":false,"banners-thumb":false,"maisnoticias-thumb":false,"post-thumbnail":false},"uagb_author_info":{"display_name":"Andrea Jankoski","author_link":"https:\/\/saude.ufpr.br\/medicina\/author\/andrea\/"},"uagb_comment_info":0,"uagb_excerpt":"Programa Pedag\u00f3gico Curricular de 2010 Para alunos ingressantes entre 2010 e 2018.\u00a0\u00a0Em caso de d\u00favidas, para confirmar a vers\u00e3o do seu curr\u00edculo, verificar no canto superior direito do Hist\u00f3rico Escolar. Resolu\u00e7\u00e3o n\u00ba 77\/2009 \u2013 CEPE Para visualizar o Programa Pedag\u00f3gico Curricular vers\u00e3o 2010 completo\u00a0Clique aqui\u00a0. Ementas das disciplinas resumidas, separadas por per\u00edodo: 1\u00ba per\u00edodo 2\u00ba&hellip;","publishpress_future_action":{"enabled":false,"date":"2026-04-12 22:09:32","action":"change-status","newStatus":"draft","terms":[],"taxonomy":"","extraData":[]},"publishpress_future_workflow_manual_trigger":{"enabledWorkflows":[]},"_links":{"self":[{"href":"https:\/\/saude.ufpr.br\/medicina\/wp-json\/wp\/v2\/pages\/1333","targetHints":{"allow":["GET"]}}],"collection":[{"href":"https:\/\/saude.ufpr.br\/medicina\/wp-json\/wp\/v2\/pages"}],"about":[{"href":"https:\/\/saude.ufpr.br\/medicina\/wp-json\/wp\/v2\/types\/page"}],"author":[{"embeddable":true,"href":"https:\/\/saude.ufpr.br\/medicina\/wp-json\/wp\/v2\/users\/15"}],"replies":[{"embeddable":true,"href":"https:\/\/saude.ufpr.br\/medicina\/wp-json\/wp\/v2\/comments?post=1333"}],"version-history":[{"count":2,"href":"https:\/\/saude.ufpr.br\/medicina\/wp-json\/wp\/v2\/pages\/1333\/revisions"}],"predecessor-version":[{"id":1340,"href":"https:\/\/saude.ufpr.br\/medicina\/wp-json\/wp\/v2\/pages\/1333\/revisions\/1340"}],"wp:attachment":[{"href":"https:\/\/saude.ufpr.br\/medicina\/wp-json\/wp\/v2\/media?parent=1333"}],"curies":[{"name":"wp","href":"https:\/\/api.w.org\/{rel}","templated":true}]}}