{"id":29,"date":"2016-03-10T19:19:34","date_gmt":"2016-03-10T19:19:34","guid":{"rendered":"https:\/\/saude.ufpr.br\/medicina\/?page_id=29"},"modified":"2025-05-19T08:13:36","modified_gmt":"2025-05-19T11:13:36","slug":"estagio","status":"publish","type":"page","link":"https:\/\/saude.ufpr.br\/medicina\/estagio\/","title":{"rendered":"Est\u00e1gios"},"content":{"rendered":"<p><strong>EST\u00c1GIO CURRICULAR OBRIGAT\u00d3RIO<\/strong>:<\/p>\n<p>O curso tem dura\u00e7\u00e3o de 6 (seis) anos, com carga hor\u00e1ria total de 8.140 (oito mil cento e quarenta) horas, sendo os 2 (dois) \u00faltimos anos em regime de est\u00e1gio curricular supervisionado nas \u00e1reas de: Cl\u00ednica M\u00e9dica, Pediatria, Ginecologia e Obstetr\u00edcia, Cirurgia Geral, Medicina da Fam\u00edlia, Sa\u00fade Coletiva, Sa\u00fade Mental, com um total de <strong>3.200 horas de est\u00e1gios em regime regular e plant\u00f5es<\/strong>.<\/p>\n<p>&nbsp;<\/p>\n<p><strong>EST\u00c1GIO CURRICULAR OPTATIVO:<\/strong><\/p>\n<p class=\"Texto_Justificado_Recuo_Primeira_Linha\">O est\u00e1gio optativo ocorre no 12\u00ba per\u00edodo e faz parte dos requisitos para a forma\u00e7\u00e3o de bacharel em Medicina pela Universidade Federal do Paran\u00e1.<\/p>\n<p>Todo est\u00e1gio optativo deve ser formalizado por meio do <a href=\"http:\/\/www.prograd.ufpr.br\/estagio\/formularios\/\" target=\"_blank\" rel=\"noopener\">Termo de Compromisso de Est\u00e1gio<\/a> (TCE).<\/p>\n<p class=\"Texto_Justificado_Recuo_Primeira_Linha\">Nos est\u00e1gios optativos &#8220;internos \u00e0 UFPR&#8221;, caso seja realizado no Hospital de Cl\u00ednica, por exemplo, o Termo de Compromisso de Est\u00e1gio deve ser preenchido e entregue ao Departamento correspondente \u00e0 especialidade do est\u00e1gio a ser realizado pelo discente.<\/p>\n<p class=\"Texto_Justificado_Recuo_Primeira_Linha\">No caso dos est\u00e1gios externos \u00e0 UFPR, antes de iniciar suas atividades o(a) aluno(a) deve apresentar para o Departamento de Medicina Integrada e para a Comiss\u00e3o de Orienta\u00e7\u00e3o de Est\u00e1gios (COE) do Curso de Medicina da UFPR o &#8216;<strong>Termo de Compromisso de Est\u00e1gio<\/strong>&#8216; (TCE) para alunos(as) da UFPR, <strong>na modalidade de est\u00e1gio &#8220;OBRIGAT\u00d3RIO EXTERNO&#8221; \u00e0 UFPR<\/strong>, preenchido, assinado e carimbado por todas as partes envolvidas, conforme normativas vigentes na UFPR, pois, apesar de o discente poder escolher os locais em que vai estagiar, trata-se de est\u00e1gio obrigat\u00f3rio para integralizar o Curr\u00edculo do Curso de Medicina da UFPR.<\/p>\n<p class=\"Texto_Justificado_Recuo_Primeira_Linha\">O(a) aluno(a) deve respeitar todas as normativas vigentes na UFPR, bem como as normativas constantes no <strong>Manual de Est\u00e1gios<\/strong> da COAPPE\/PROGRAP\/UFPR, que pode ser acessado no link: <a href=\"http:\/\/www.prograd.ufpr.br\/portal\/cge\/wp-content\/uploads\/sites\/4\/2019\/01\/Manual-de-Est%C3%A1gios-Vers%C3%A3o-Final.pdf\">http:\/\/www.prograd.ufpr.br\/portal\/cge\/wp-content\/uploads\/sites\/4\/2019\/01\/Manual-de-Est%C3%A1gios-Vers%C3%A3o-Final.pdf<\/a><\/p>\n<p class=\"Texto_Justificado_Recuo_Primeira_Linha\">Independentemente do cronograma do est\u00e1gio pleiteado pelo(a) aluno(a) da UFPR, a<strong>\u00a0<\/strong>carga hor\u00e1ria m\u00e1xima permitida por semana ser\u00e1 de 40 horas e, ao final do est\u00e1gio, o(a) aluno(a) deve elaborar o &#8216;<strong>Relat\u00f3rio Final<\/strong>&#8216; para alunos(as) da UFPR, assinado e preenchido pelo supervisor ou professor orientador da sua institui\u00e7\u00e3o, de modo a ser enviado, devidamente instru\u00eddo, \u00e0 Unidade de Est\u00e1gios da UFPR\u00a0 (UEST).<\/p>\n<p>Eventuais d\u00favidas podem ser tratadas com a Coordena\u00e7\u00e3o do Curso de Medicina, por meio do e-mail medicina@ufpr.br.<\/p>\n<p>&nbsp;<\/p>\n<p style=\"text-align: justify\">\n","protected":false},"excerpt":{"rendered":"<p>EST\u00c1GIO CURRICULAR OBRIGAT\u00d3RIO: O curso tem dura\u00e7\u00e3o de 6 (seis) anos, com carga hor\u00e1ria total de 8.140 (oito mil cento e quarenta) horas, sendo os 2 (dois) \u00faltimos anos em regime de est\u00e1gio curricular supervisionado nas \u00e1reas de: Cl\u00ednica M\u00e9dica, Pediatria, Ginecologia e Obstetr\u00edcia, Cirurgia Geral, Medicina da Fam\u00edlia, Sa\u00fade Coletiva, Sa\u00fade Mental, com um<br \/> <a href=\"https:\/\/saude.ufpr.br\/medicina\/estagio\/\" class=\"button success small readmore\">Leia mais<\/a><\/p>\n","protected":false},"author":15,"featured_media":0,"parent":0,"menu_order":0,"comment_status":"closed","ping_status":"closed","template":"","meta":{"_acf_changed":false,"_uag_custom_page_level_css":"","footnotes":""},"class_list":["post-29","page","type-page","status-publish","hentry"],"acf":[],"featured_image_src":null,"uagb_featured_image_src":{"full":false,"thumbnail":false,"medium":false,"medium_large":false,"large":false,"1536x1536":false,"2048x2048":false,"noticias-thumb":false,"banners-thumb":false,"maisnoticias-thumb":false,"post-thumbnail":false},"uagb_author_info":{"display_name":"Andrea Jankoski","author_link":"https:\/\/saude.ufpr.br\/medicina\/author\/andrea\/"},"uagb_comment_info":0,"uagb_excerpt":"EST\u00c1GIO CURRICULAR OBRIGAT\u00d3RIO: O curso tem dura\u00e7\u00e3o de 6 (seis) anos, com carga hor\u00e1ria total de 8.140 (oito mil cento e quarenta) horas, sendo os 2 (dois) \u00faltimos anos em regime de est\u00e1gio curricular supervisionado nas \u00e1reas de: Cl\u00ednica M\u00e9dica, Pediatria, Ginecologia e Obstetr\u00edcia, Cirurgia Geral, Medicina da Fam\u00edlia, Sa\u00fade Coletiva, Sa\u00fade Mental, com um&hellip;","publishpress_future_action":{"enabled":false,"date":"2026-04-22 03:35:31","action":"change-status","newStatus":"draft","terms":[],"taxonomy":"","extraData":[]},"publishpress_future_workflow_manual_trigger":{"enabledWorkflows":[]},"_links":{"self":[{"href":"https:\/\/saude.ufpr.br\/medicina\/wp-json\/wp\/v2\/pages\/29","targetHints":{"allow":["GET"]}}],"collection":[{"href":"https:\/\/saude.ufpr.br\/medicina\/wp-json\/wp\/v2\/pages"}],"about":[{"href":"https:\/\/saude.ufpr.br\/medicina\/wp-json\/wp\/v2\/types\/page"}],"author":[{"embeddable":true,"href":"https:\/\/saude.ufpr.br\/medicina\/wp-json\/wp\/v2\/users\/15"}],"replies":[{"embeddable":true,"href":"https:\/\/saude.ufpr.br\/medicina\/wp-json\/wp\/v2\/comments?post=29"}],"version-history":[{"count":62,"href":"https:\/\/saude.ufpr.br\/medicina\/wp-json\/wp\/v2\/pages\/29\/revisions"}],"predecessor-version":[{"id":3432,"href":"https:\/\/saude.ufpr.br\/medicina\/wp-json\/wp\/v2\/pages\/29\/revisions\/3432"}],"wp:attachment":[{"href":"https:\/\/saude.ufpr.br\/medicina\/wp-json\/wp\/v2\/media?parent=29"}],"curies":[{"name":"wp","href":"https:\/\/api.w.org\/{rel}","templated":true}]}}